000
CXUS53 KILX 011519
CLSLWV
CLIMATE REPORT
NATIONAL WEATHER SERVICE LINCOLN IL
919 AM CST FRI MAR 01 2024
...................................
...THE LAWRENCEVILLE IL AIRPORT CLIMATE SUMMARY FOR THE SEASON, FROM
12/1/2023 TO 2/29/2024...
CLIMATE NORMAL PERIOD 1991 TO 2020
CLIMATE RECORD PERIOD 9999 TO 9999
WEATHER OBSERVED NORMAL DEPART LAST YEAR`S
VALUE DATE(S) VALUE FROM VALUE
NORMAL
..............................................................
TEMPERATURE (F)
RECORD
HIGH MM MM
LOW -6 02/17/2021
HIGHEST 77 02/26 MM MM 74
LOWEST -2 01/21 MM MM -6
AVG. MAXIMUM 48.5 42.3 6.2 47.7
AVG. MINIMUM 29.5 25.6 3.9 30.5
MEAN 39.0 33.9 5.1 39.1
DAYS MAX >= 90 0 0.0 0.0 0
DAYS MAX <= 32 8 18.4 -10.4 9
DAYS MIN <= 32 48 67.0 -19.0 48
DAYS MIN <= 0 3 2.7 0.3 2
PRECIPITATION (INCHES)
RECORD
MAXIMUM 8.06 2021
MINIMUM 8.06 2021
TOTALS 8.67 7.98 0.69 MM
DAILY AVG. 0.10 MM
DAYS >= .01 28 25.5 2.5 MM
DAYS >= .10 17 14.6 2.4 MM
DAYS >= .50 7 5.2 1.8 MM
DAYS >= 1.00 1 1.6 -0.6 MM
GREATEST
24 HR. TOTAL 1.55 01/12 TO 01/12 1.13
DEGREE DAYS
HEATING TOTAL 2256 2798 -542 2246
SINCE 7/1 2948 3758 -810 MM
COOLING TOTAL 3 0 3 0
SINCE 1/1 3 0 3 MM
FREEZE DATES
RECORD
EARLIEST MM
LATEST MM
EARLIEST 10/30
LATEST 04/24
..............................................................
WIND (MPH)
AVERAGE WIND SPEED 9.6
HIGHEST WIND SPEED/DIRECTION 174/250 DATE 01/26
HIGHEST GUST SPEED/DIRECTION 49/280 DATE 02/28
SKY COVER
POSSIBLE SUNSHINE (PERCENT) MM
AVERAGE SKY COVER 0.45
NUMBER OF DAYS FAIR 40
NUMBER OF DAYS PC 23
NUMBER OF DAYS CLOUDY 23
AVERAGE RH (PERCENT) 72
WEATHER CONDITIONS. NUMBER OF DAYS WITH
THUNDERSTORM 4 MIXED PRECIP 1
HEAVY RAIN 6 RAIN 13
LIGHT RAIN 27 FREEZING RAIN 0
LT FREEZING RAIN 1 HAIL 0
HEAVY SNOW 1 SNOW 2
LIGHT SNOW 13 SLEET 0
FOG 36 FOG W/VIS <= 1/4 MILE 5
HAZE 14
- INDICATES NEGATIVE NUMBERS.
R INDICATES RECORD WAS SET OR TIED.
MM INDICATES DATA IS MISSING.
T INDICATES TRACE AMOUNT.
$$