000
CXUS53 KGID 011407
CF6LXN
PRELIMINARY LOCAL CLIMATOLOGICAL DATA (WS FORM: F-6)
STATION: LEXINGTON NE
MONTH: FEBRUARY
YEAR: 2023
LATITUDE: 40 47 N
LONGITUDE: 99 46 W
TEMPERATURE IN F: :PCPN: SNOW: WIND :SUNSHINE: SKY :PK WND
================================================================================
1 2 3 4 5 6A 6B 7 8 9 10 11 12 13 14 15 16 17 18
12Z AVG MX 2MIN
DY MAX MIN AVG DEP HDD CDD WTR SNW DPTH SPD SPD DIR MIN PSBL S-S WX SPD DR
================================================================================
1 31 -5 13 M 52 0 0.00 M M 5.5 10 300 M M 0 M M
2 28 5 17 M 48 0 0.00 M M 9.5 17 10 M M 1 22 360
3 31 3 17 M 48 0 0.00 M M 6.2 10 210 M M 2 M M
4 40 16 28 M 37 0 0.00 M M 10.3 22 300 M M 0 28 300
5 38 20 29 M 36 0 0.00 M M 6.7 13 140 M M 0 M M
6 39 15 27 M 38 0 0.00 M M 11.4 21 320 M M 1 27 300
7 39 20 30 M 35 0 0.00 M M 7.1 15 300 M M 0 M M
8 43 13 28 M 37 0 0.00 M M 4.9 13 310 M M 0 1 M M
9 36 18 27 M 38 0 0.00 M M 17.4 30 350 M M 7 36 350
10 37 9 23 M 42 0 0.00 M M 7.7 12 210 M M 0 M M
11 46 26 36 M 29 0 0.00 M M 7.5 12 230 M M 0 M M
12 40 20 30 M 35 0 0.00 M M 7.0 14 340 M M 0 M M
13 52 18 35 M 30 0 0.00 M M 7.5 20 170 M M 2 1 25 170
14 42 32 37 M 28 0 0.43 M M 14.8 35 330 M M 8 46 330
15 32 18 25 M 40 0 M M M 20.0 25 330 M M 10 1 33 330
16 32 13 23 M 42 0 M M M 10.8 20 350 M M 5 24 350
17 40 9 25 M 40 0 0.00 M M 6.0 13 250 M M 0 18 230
18 38 19 29 M 36 0 0.00 M M 3.8 13 150 M M 0 M M
19 44 24 34 M 31 0 0.00 M M 6.3 12 300 M M 0 M M
20 47 30 39 M 26 0 0.00 M M 7.5 12 290 M M 5 M M
21 51 28 40 M 25 0 0.00 M M 8.5 22 170 M M 1 30 40
22 32 3 18 M 47 0 M M M 22.2 33 10 M M 10 8 43 10
23 11 -4 4 M 61 0 T M M 15.7 28 320 M M 2 32 320
24 14 -3 6 M 59 0 M M M 5.8 10 10 M M 5 8 M M
25 47 2 25 M 40 0 0.00 M M 3.7 10 230 M M 0 20 200
26 51 26 39 M 26 0 0.17 M M 4.7 12 130 M M 2 1 28 70
27 51 32 42 M 23 0 0.00 M M 14.7 24 310 M M 1 32 310
28 50 30 40 M 25 0 0.00 M M 6.5 14 290 M M 6 20 190
================================================================================
SM 1082 437 1054 0 M M 259.7 M 68
================================================================================
AV 38.6 15.6 9.3 FASTST M M 2 MAX(MPH)
MISC ----> 35 330 M M
================================================================================
NOTES:
# LAST OF SEVERAL OCCURRENCES
COLUMN 17 PEAK WIND IN M.P.H.
PRELIMINARY LOCAL CLIMATOLOGICAL DATA (WS FORM: F-6) , PAGE 2
STATION: LEXINGTON NE
MONTH: FEBRUARY
YEAR: 2023
LATITUDE: 40 47 N
LONGITUDE: 99 46 W
[TEMPERATURE DATA] [PRECIPITATION DATA] SYMBOLS USED IN COLUMN 16
AVERAGE MONTHLY: 27.1 TOTAL FOR MONTH: M 1 = FOG OR MIST
DPTR FM NORMAL: M DPTR FM NORMAL: M 2 = FOG REDUCING VISIBILITY
HIGHEST: 52 ON 13 GRTST 24HR M ON M TO 1/4 MILE OR LESS
LOWEST: -5 ON 1 3 = THUNDER
SNOW, ICE PELLETS, HAIL 4 = ICE PELLETS
TOTAL MONTH: M 5 = HAIL
GRTST 24HR M ON M 6 = FREEZING RAIN OR DRIZZLE
GRTST DEPTH: M ON M 7 = DUSTSTORM OR SANDSTORM:
VSBY 1/2 MILE OR LESS
8 = SMOKE OR HAZE
[NO. OF DAYS WITH] [WEATHER - DAYS WITH] 9 = BLOWING SNOW
X = TORNADO
MAX 32 OR BELOW: 8 0.01 INCH OR MORE: M
MAX 90 OR ABOVE: 0 0.10 INCH OR MORE: M
MIN 32 OR BELOW: 28 0.50 INCH OR MORE: M
MIN 0 OR BELOW: 3 1.00 INCH OR MORE: M
[HDD (BASE 65) ]
TOTAL THIS MO. 1054 CLEAR (SCALE 0-3) 20
DPTR FM NORMAL M PTCLDY (SCALE 4-7) 6
TOTAL FM JUL 1 4814 CLOUDY (SCALE 8-10) 2
DPTR FM NORMAL M
[CDD (BASE 65) ]
TOTAL THIS MO. 0
DPTR FM NORMAL M [PRESSURE DATA]
TOTAL FM JAN 1 0 HIGHEST SLP M ON M
DPTR FM NORMAL M LOWEST SLP M ON M
[REMARKS]
#FINAL-02-23#