000
CXUS55 KPUB 091716
CF6LXV
PRELIMINARY LOCAL CLIMATOLOGICAL DATA (WS FORM: F-6)
STATION: LEADVILLE CO
MONTH: JANUARY
YEAR: 2023
LATITUDE: 39 15 N
LONGITUDE: 106 18 W
TEMPERATURE IN F: :PCPN: SNOW: WIND :SUNSHINE: SKY :PK WND
================================================================================
1 2 3 4 5 6A 6B 7 8 9 10 11 12 13 14 15 16 17 18
12Z AVG MX 2MIN
DY MAX MIN AVG DEP HDD CDD WTR SNW DPTH SPD SPD DIR MIN PSBL S-S WX SPD DR
================================================================================
1 33 25 29 12 36 0 0.03 M M 6.9 17 220 M M 7 1 27 210
2 30 2 16 -1 49 0 0.05 M M 6.1 16 300 M M 6 1 22 280
3 22 7 15 -2 50 0 0.01 M M 8.8 21 280 M M 8 18 29 310
4 17 2 10 -7 55 0 0.01 M M 11.6 23 310 M M 8 18 34 10
5 40 1 21 4 44 0 0.00 M M 7.4 16 360 M M 1 28 60
6 29 4 17 0 48 0 0.03 M M 5.4 16 320 M M 8 1 25 340
7 30 1 16 -1 49 0 0.03 M M 5.9 16 10 M M 5 1 24 350
8 37 -3 17 0 48 0 0.00 M M 7.7 18 310 M M 1 29 300
9 33 11 22 5 43 0 0.01 M M 6.1 15 310 M M 5 21 310
10 34 22 28 11 37 0 0.03 M M 6.1 18 310 M M 8 18 28 280
11 25 11 18 1 47 0 0.09 M M 7.5 17 320 M M 10 12 26 320
12 32 -4 14 -3 51 0 0.00 M M 7.9 15 340 M M 1 23 330
13 45 8 27 10 38 0 0.00 M M 5.3 13 360 M M 0 19 360
14 42 16 29 12 36 0 0.00 M M 6.4 18 210 M M 4 8 30 190
15 28 18 23 6 42 0 0.06 M M 7.5 15 310 M M 9 128 25 30
16 29 10 20 3 45 0 0.02 M M 5.1 16 240 M M 7 1 24 350
17 23 8 16 -1 49 0 0.12 M M 5.9 20 180 M M 9 1 25 180
18 18 7 13 -4 52 0 T M M 8.4 21 310 M M 10 18 30 320
19 27 -6 11 -6 54 0 0.00 M M 6.4 17 10 M M 3 18 23 360
20 19 -3 8 -9 57 0 T M M 5.4 21 210 M M 6 1 27 200
21 18 -4 7 -10 58 0 0.03 M M 10.1 24 10 M M 7 1 33 10
22 33 0 17 0 48 0 0.00 M M 6.2 15 190 M M 3 19 190
23 18 -3 8 -9 57 0 0.01 M M 5.5 16 180 M M 4 1 20 190
24 20 -4 8 -9 57 0 T M M 8.1 20 20 M M 9 18 29 30
25 14 -8 3 -14 62 0 0.01 M M 7.0 16 360 M M 8 18 24 10
26 16 -9 4 -13 61 0 0.01 M M 7.7 22 320 M M 7 18 33 330
27 32 10 21 4 44 0 0.10 M M 7.8 24 310 M M 9 18 41 320
28 23 -2 11 -6 54 0 0.04 M M 6.9 18 300 M M 8 18 28 320
29 26 -5 11 -6 54 0 0.00 M M 7.2 22 210 M M 7 34 200
30 24 5 15 -2 50 0 0.04 M M 7.0 17 190 M M 10 18 31 260
31 23 -8 8 -9 57 0 0.00 M M 8.4 17 20 M M 2 8 27 20
================================================================================
SM 840 109 1532 0 0.73 M 219.7 M 190
================================================================================
AV 27.1 3.5 7.1 FASTST M M 6 MAX(MPH)
MISC ----> # 24 10 41 320
================================================================================
NOTES:
# LAST OF SEVERAL OCCURRENCES
COLUMN 17 PEAK WIND IN M.P.H.
PRELIMINARY LOCAL CLIMATOLOGICAL DATA (WS FORM: F-6) , PAGE 2
STATION: LEADVILLE CO
MONTH: JANUARY
YEAR: 2023
LATITUDE: 39 15 N
LONGITUDE: 106 18 W
[TEMPERATURE DATA] [PRECIPITATION DATA] SYMBOLS USED IN COLUMN 16
AVERAGE MONTHLY: 15.3 TOTAL FOR MONTH: 0.73 1 = FOG OR MIST
DPTR FM NORMAL: -1.8 DPTR FM NORMAL: -0.26 2 = FOG REDUCING VISIBILITY
HIGHEST: 45 ON 13 GRTST 24HR 0.14 ON 27-28 TO 1/4 MILE OR LESS
LOWEST: -9 ON 26 3 = THUNDER
SNOW, ICE PELLETS, HAIL 4 = ICE PELLETS
TOTAL MONTH: M 5 = HAIL
GRTST 24HR M ON M 6 = FREEZING RAIN OR DRIZZLE
GRTST DEPTH: M ON M 7 = DUSTSTORM OR SANDSTORM:
VSBY 1/2 MILE OR LESS
8 = SMOKE OR HAZE
[NO. OF DAYS WITH] [WEATHER - DAYS WITH] 9 = BLOWING SNOW
X = TORNADO
MAX 32 OR BELOW: 23 0.01 INCH OR MORE: 19
MAX 90 OR ABOVE: 0 0.10 INCH OR MORE: 2
MIN 32 OR BELOW: 31 0.50 INCH OR MORE: 0
MIN 0 OR BELOW: 13 1.00 INCH OR MORE: 0
[HDD (BASE 65) ]
TOTAL THIS MO. 1532 CLEAR (SCALE 0-3) 7
DPTR FM NORMAL 46 PTCLDY (SCALE 4-7) 15
TOTAL FM JUL 1 6199 CLOUDY (SCALE 8-10) 9
DPTR FM NORMAL -86
[CDD (BASE 65) ]
TOTAL THIS MO. 0
DPTR FM NORMAL 0 [PRESSURE DATA]
TOTAL FM JAN 1 0 HIGHEST SLP 30.67 ON 12
DPTR FM NORMAL 0 LOWEST SLP 29.25 ON 15
[REMARKS]
#FINAL-01-23#