000
CXUS55 KPUB 011210
CF6LXV
PRELIMINARY LOCAL CLIMATOLOGICAL DATA (WS FORM: F-6)
STATION: LEADVILLE CO
MONTH: OCTOBER
YEAR: 2023
LATITUDE: 39 15 N
LONGITUDE: 106 18 W
TEMPERATURE IN F: :PCPN: SNOW: WIND :SUNSHINE: SKY :PK WND
================================================================================
1 2 3 4 5 6A 6B 7 8 9 10 11 12 13 14 15 16 17 18
12Z AVG MX 2MIN
DY MAX MIN AVG DEP HDD CDD WTR SNW DPTH SPD SPD DIR MIN PSBL S-S WX SPD DR
================================================================================
1 64 34 49 7 16 0 0.01 M M 8.8 26 180 M M 7 1 36 160
2 57 32 45 3 20 0 0.14 M M 10.0 37 180 M M 5 1 54 180
3 47 29 38 -4 27 0 0.02 M M 8.5 21 190 M M 5 18 30 330
4 52 29 41 0 24 0 0.00 M M 6.0 18 280 M M 6 26 310
5 59 30 45 4 20 0 0.00 M M 6.8 16 300 M M 4 24 320
6 63 28 46 6 19 0 0.00 M M 7.4 18 320 M M 0 26 320
7 63 23 43 3 22 0 0.00 M M 6.3 18 270 M M 0 26 280
8 65 26 46 6 19 0 0.00 M M 6.1 15 280 M M 0 22 20
9 62 26 44 5 21 0 0.00 M M 4.9 16 310 M M 1 24 320
10 58 24 41 2 24 0 0.00 M M 5.3 20 310 M M 2 29 320
11 51 27 39 0 26 0 0.12 M M 6.9 26 170 M M 5 1 34 170
12 34 28 31 -7 34 0 0.21 M M 6.7 16 300 M M 10 128 24 310
13 47 25 36 -2 29 0 0.01 M M 7.3 16 310 M M 4 1 25 310
14 48 23 36 -2 29 0 0.00 M M 8.3 20 310 M M 0 30 310
15 56 24 40 3 25 0 0.00 M M 6.7 16 300 M M 0 23 290
16 65 29 47 10 18 0 0.00 M M 6.0 16 320 M M 0 30 300
17 62 28 45 9 20 0 0.00 M M 7.9 22 300 M M 0 38 280
18 60 31 46 10 19 0 0.00 M M 10.1 24 310 M M 0 34 300
19 64 28 46 10 19 0 0.00 M M 7.3 17 300 M M 0 34 280
20 68 28 48 13 17 0 0.00 M M 7.2 15 290 M M 0 23 360
21 65 23 44 9 21 0 0.00 M M 3.9 15 360 M M 1 25 340
22 60 26 43 8 22 0 0.00 M M 5.7 22 300 M M 0 32 270
23 59 25 42 8 23 0 0.00 M M 5.9 24 190 M M 1 40 210
24 54 25 40 6 25 0 T M M 4.7 15 240 M M 3 25 220
25 58 21 40 7 25 0 0.00 M M 5.4 16 310 M M 0 26 340
26 52 23 38 5 27 0 0.00 M M 8.5 24 200 M M 4 36 230
27 52 28 40 7 25 0 0.00 M M 8.2 23 200 M M 2 32 200
28 38 20 29 -3 36 0 1.03 M M 5.7 17 180 M M 10 12 23 190
29 26 -2 12 -20 53 0 0.12 M M 6.5 15 20 M M 7 1 20 20
30 29 -13 8 -23 57 0 0.00 M M 5.7 15 300 M M 0 23 300
31 37 -2 18 -13 47 0 0.00 M M 6.7 17 310 M M 0 24 300
================================================================================
SM 1675 726 809 0 1.66 M 211.4 M 77
================================================================================
AV 54.0 23.4 6.8 FASTST M M 2 MAX(MPH)
MISC ----> 37 180 54 180
================================================================================
NOTES:
# LAST OF SEVERAL OCCURRENCES
COLUMN 17 PEAK WIND IN M.P.H.
PRELIMINARY LOCAL CLIMATOLOGICAL DATA (WS FORM: F-6) , PAGE 2
STATION: LEADVILLE CO
MONTH: OCTOBER
YEAR: 2023
LATITUDE: 39 15 N
LONGITUDE: 106 18 W
[TEMPERATURE DATA] [PRECIPITATION DATA] SYMBOLS USED IN COLUMN 16
AVERAGE MONTHLY: 38.7 TOTAL FOR MONTH: 1.66 1 = FOG OR MIST
DPTR FM NORMAL: 2.0 DPTR FM NORMAL: 0.76 2 = FOG REDUCING VISIBILITY
HIGHEST: 68 ON 20 GRTST 24HR 1.07 ON 28-29 TO 1/4 MILE OR LESS
LOWEST: -13 ON 30 3 = THUNDER
SNOW, ICE PELLETS, HAIL 4 = ICE PELLETS
TOTAL MONTH: M 5 = HAIL
GRTST 24HR M ON M 6 = FREEZING RAIN OR DRIZZLE
GRTST DEPTH: M ON M 7 = DUSTSTORM OR SANDSTORM:
VSBY 1/2 MILE OR LESS
8 = SMOKE OR HAZE
[NO. OF DAYS WITH] [WEATHER - DAYS WITH] 9 = BLOWING SNOW
X = TORNADO
MAX 32 OR BELOW: 2 0.01 INCH OR MORE: 8
MAX 90 OR ABOVE: 0 0.10 INCH OR MORE: 5
MIN 32 OR BELOW: 30 0.50 INCH OR MORE: 1
MIN 0 OR BELOW: 3 1.00 INCH OR MORE: 1
[HDD (BASE 65) ]
TOTAL THIS MO. 809 CLEAR (SCALE 0-3) 20
DPTR FM NORMAL -67 PTCLDY (SCALE 4-7) 9
TOTAL FM JUL 1 1628 CLOUDY (SCALE 8-10) 2
DPTR FM NORMAL -478
[CDD (BASE 65) ]
TOTAL THIS MO. 0
DPTR FM NORMAL 0 [PRESSURE DATA]
TOTAL FM JAN 1 0 HIGHEST SLP 30.57 ON 30
DPTR FM NORMAL 0 LOWEST SLP 29.29 ON 12
[REMARKS]
#FINAL-10-23#