000
CXUS54 KLZK 011232
CF6M19
PRELIMINARY LOCAL CLIMATOLOGICAL DATA (WS FORM: F-6)
STATION: NEWPORT AIRPORT
MONTH: DECEMBER
YEAR: 2021
LATITUDE: 35 35 N
LONGITUDE: 91 16 W
TEMPERATURE IN F: :PCPN: SNOW: WIND :SUNSHINE: SKY :PK WND
================================================================================
1 2 3 4 5 6A 6B 7 8 9 10 11 12 13 14 15 16 17 18
12Z AVG MX 2MIN
DY MAX MIN AVG DEP HDD CDD WTR SNW DPTH SPD SPD DIR MIN PSBL S-S WX SPD DR
================================================================================
1 70 45 58 14 7 0 0.00 M M 10.3 16 210 M M 1 12 M M
2 76 42 59 15 6 0 0.00 M M 7.9 14 210 M M 0 18 M M
3 74 44 59 16 6 0 0.00 M M 9.9 16 230 M M 2 M M
4 64 55 60 17 5 0 0.00 M M 9.7 21 30 M M 8 18 M M
5 67 66 67 24 0 2 0.03 M M 10.2 20 200 M M 9 18 30 180
6 65 30 48 6 17 0 0.28 M M 14.4 23 330 M M 3 13 39 340
7 46 28 37 -5 28 0 0.00 M M 7.1 12 80 M M 0 M M
8 53 30 42 0 23 0 0.00 M M 4.9 9 130 M M 0 8 M M
9 59 36 48 7 17 0 0.30 M M 10.4 22 190 M M 7 128 30 190
10 77 55 66 25 0 1 0.46 M M 13.6 36 220 M M 8 138 46 230
11 68 33 51 10 14 0 0.01 M M 12.5 27 310 M M 3 36 310
12 51 27 39 -1 26 0 0.00 M M 6.2 13 170 M M 0 M M
13 59 30 45 5 20 0 0.00 M M 8.8 15 190 M M 0 M M
14 61 42 52 12 13 0 0.05 M M 6.6 13 150 M M 8 1 M M
15 66 60 63 23 2 0 0.00 M M 16.0 25 160 M M 10 36 160
16 68 53 61 22 4 0 0.87 M M 11.9 23 200 M M 10 13 30 200
17 53 46 50 11 15 0 0.18 M M 7.2 13 10 M M 10 12 M M
18 58 35 47 8 18 0 0.54 M M 11.9 23 310 M M 6 1 33 300
19 40 28 34 -5 31 0 0.00 M M 9.0 15 340 M M 4 1 M M
20 43 26 35 -4 30 0 T M M 3.3 7 350 M M 1 1 M M
21 55 32 44 6 21 0 0.00 M M 6.2 13 200 M M 2 M M
22 48 32 40 2 25 0 0.00 M M 5.9 9 60 M M 0 8 M M
23 59 31 45 7 20 0 0.00 M M 9.8 20 190 M M 5 18 M M
24 68 54 61 23 4 0 0.00 M M 22.0 32 210 M M 5 1 43 200
25 76 54 65 27 0 0 0.00 M M 13.5 31 200 M M 1 37 200
26 66 47 57 19 8 0 0.00 M M 8.0 16 210 M M 7 12 M M
27 71 55 63 25 2 0 0.00 M M 12.2 24 210 M M 5 36 200
28 71 53 62 25 3 0 0.04 M M 13.5 32 200 M M 8 36 200
29 59 46 53 16 12 0 0.33 M M 8.1 17 340 M M 7 12 M M
30 57 47 52 15 13 0 0.00 M M 6.3 16 190 M M 8 12 M M
31 71 52 62 25 3 0 0.00 M M 11.6 29 210 M M 7 1 36 210
================================================================================
SM 1919 1314 393 3 3.09 M 308.9 M 145
================================================================================
AV 61.9 42.4 10.0 FASTST M M 5 MAX(MPH)
MISC ----> 36 220 46 230
================================================================================
NOTES:
# LAST OF SEVERAL OCCURRENCES
COLUMN 17 PEAK WIND IN M.P.H.
PRELIMINARY LOCAL CLIMATOLOGICAL DATA (WS FORM: F-6) , PAGE 2
STATION: NEWPORT AIRPORT
MONTH: DECEMBER
YEAR: 2021
LATITUDE: 35 35 N
LONGITUDE: 91 16 W
[TEMPERATURE DATA] [PRECIPITATION DATA] SYMBOLS USED IN COLUMN 16
AVERAGE MONTHLY: 52.1 TOTAL FOR MONTH: 3.09 1 = FOG OR MIST
DPTR FM NORMAL: 12.3 DPTR FM NORMAL: -2.12 2 = FOG REDUCING VISIBILITY
HIGHEST: 77 ON 10 GRTST 24HR 0.87 ON 16-16 TO 1/4 MILE OR LESS
LOWEST: 26 ON 20 3 = THUNDER
SNOW, ICE PELLETS, HAIL 4 = ICE PELLETS
TOTAL MONTH: M 5 = HAIL
GRTST 24HR M ON M 6 = FREEZING RAIN OR DRIZZLE
GRTST DEPTH: M ON M 7 = DUSTSTORM OR SANDSTORM:
VSBY 1/2 MILE OR LESS
8 = SMOKE OR HAZE
[NO. OF DAYS WITH] [WEATHER - DAYS WITH] 9 = BLOWING SNOW
X = TORNADO
MAX 32 OR BELOW: 0 0.01 INCH OR MORE: 11
MAX 90 OR ABOVE: 0 0.10 INCH OR MORE: 7
MIN 32 OR BELOW: 10 0.50 INCH OR MORE: 2
MIN 0 OR BELOW: 0 1.00 INCH OR MORE: 0
[HDD (BASE 65) ]
TOTAL THIS MO. 393 CLEAR (SCALE 0-3) 13
DPTR FM NORMAL -388 PTCLDY (SCALE 4-7) 12
TOTAL FM JUL 1 1004 CLOUDY (SCALE 8-10) 6
DPTR FM NORMAL -420
[CDD (BASE 65) ]
TOTAL THIS MO. 3
DPTR FM NORMAL 3 [PRESSURE DATA]
TOTAL FM JAN 1 1927 HIGHEST SLP M ON M
DPTR FM NORMAL 46 LOWEST SLP M ON M
[REMARKS]
#FINAL-12-21#