000
CXUS56 KHNX 011546
CF6MAE
PRELIMINARY LOCAL CLIMATOLOGICAL DATA (WS FORM: F-6)
STATION: MADERA CA AIRPORT
MONTH: DECEMBER
YEAR: 2022
LATITUDE: 36 58 N
LONGITUDE: 120 7 W
TEMPERATURE IN F: :PCPN: SNOW: WIND :SUNSHINE: SKY :PK WND
================================================================================
1 2 3 4 5 6A 6B 7 8 9 10 11 12 13 14 15 16 17 18
12Z AVG MX 2MIN
DY MAX MIN AVG DEP HDD CDD WTR SNW DPTH SPD SPD DIR MIN PSBL S-S WX SPD DR
================================================================================
1 55 41 48 -1 17 0 0.38 0.0 0 11.6 25 320 M M 8 1 30 320
2 53 32 43 -6 22 0 0.00 0.0 0 3.6 7 150 M M 3 1 9 290
3 58 47 53 5 12 0 0.57 0.0 0 11.0 21 110 M M 10 1 25 110
4 63 48 56 8 9 0 0.05 0.0 0 7.6 22 110 M M 7 1 28 110
5 62 42 52 4 13 0 0.00 0.0 0 2.5 9 270 M M 3 11 270
6 60 39 50 2 15 0 0.00 0.0 0 4.2 13 260 M M 2 1 15 270
7 55 38 47 -1 18 0 0.00 0.0 0 2.2 8 200 M M 5 128 9 200
8 56 33 45 -3 20 0 0.00 0.0 0 3.3 9 110 M M 0 128 11 120
9 59 47 53 6 12 0 0.00 0.0 0 7.8 13 110 M M 0 8 16 130
10 63 49 56 9 9 0 0.48 0.0 0 18.4 33 140 M M 7 1 44 140
11 54 44 49 2 16 0 0.06 0.0 0 8.5 18 280 M M 6 1 26 290
12 54 37 46 -1 19 0 T 0.0 0 8.5 17 310 M M 5 21 310
13 54 32 43 -4 22 0 0.00 0.0 0 0.6 8 20 M M 0 18 11 30
14 55 32 44 -3 21 0 0.00 0.0 0 1.6 8 260 M M 0 18 10 270
15 54 31 43 -4 22 0 0.00 0.0 0 1.2 7 80 M M 2 128 7 70
16 54 31 43 -3 22 0 0.00 0.0 0 1.5 8 330 M M 0 128 12 310
17 49 29 39 -7 26 0 T 0.0 0 2.2 9 140 M M 6 128 10 140
18 40 38 39 -7 26 0 0.00 0.0 0 2.7 8 220 M M 10 12 10 170
19 42 37 40 -6 25 0 0.00 0.0 0 3.3 9 160 M M 8 18 10 170
20 51 38 45 -1 20 0 0.00 0.0 0 3.9 10 140 M M 6 128 12 140
21 42 39 41 -5 24 0 0.00 0.0 0 3.4 8 130 M M 10 128 10 120
22 44 38 41 -5 24 0 0.00 0.0 0 2.7 10 230 M M 7 18 13 120
23 49 35 42 -4 23 0 T 0.0 0 2.8 8 130 M M 6 128 9 140
24 45 35 40 -6 25 0 T 0.0 0 2.8 9 130 M M 10 12 10 160
25 46 40 43 -3 22 0 0.00 0.0 0 3.4 9 60 M M 10 12 11 90
26 50 40 45 -1 20 0 0.01 0.0 0 4.9 24 230 M M 7 128 30 230
27 54 46 50 4 15 0 0.52 0.0 0 10.3 24 130 M M 10 1 30 120
28 58 41 50 4 15 0 0.00 0.0 0 2.9 8 120 M M 4 12 10 290
29 53 48 51 5 14 0 0.01 0.0 0 8.6 18 90 M M 10 1 24 90
30 60 50 55 9 10 0 0.05 0.0 0 10.3 17 110 M M 10 1 20 120
31 61 49 55 9 10 0 0.26 0.0 0 15.4 29 140 M M 10 18 38 140
================================================================================
SM 1653 1226 568 0 2.39 0.0 173.7 M 182
================================================================================
AV 53.3 39.5 5.6 FASTST M M 6 MAX(MPH)
MISC ----> 33 140 44 140
================================================================================
NOTES:
# LAST OF SEVERAL OCCURRENCES
COLUMN 17 PEAK WIND IN M.P.H.
PRELIMINARY LOCAL CLIMATOLOGICAL DATA (WS FORM: F-6) , PAGE 2
STATION: MADERA CA AIRPORT
MONTH: DECEMBER
YEAR: 2022
LATITUDE: 36 58 N
LONGITUDE: 120 7 W
[TEMPERATURE DATA] [PRECIPITATION DATA] SYMBOLS USED IN COLUMN 16
AVERAGE MONTHLY: 46.4 TOTAL FOR MONTH: 2.39 1 = FOG OR MIST
DPTR FM NORMAL: -0.5 DPTR FM NORMAL: 0.57 2 = FOG REDUCING VISIBILITY
HIGHEST: 63 ON 10, 4 GRTST 24HR 0.60 ON 3- 4 TO 1/4 MILE OR LESS
LOWEST: 29 ON 17 3 = THUNDER
SNOW, ICE PELLETS, HAIL 4 = ICE PELLETS
TOTAL MONTH: 0.0 INCH 5 = HAIL
GRTST 24HR 0.0 6 = FREEZING RAIN OR DRIZZLE
GRTST DEPTH: 0 7 = DUSTSTORM OR SANDSTORM:
VSBY 1/2 MILE OR LESS
8 = SMOKE OR HAZE
[NO. OF DAYS WITH] [WEATHER - DAYS WITH] 9 = BLOWING SNOW
X = TORNADO
MAX 32 OR BELOW: 0 0.01 INCH OR MORE: 10
MAX 90 OR ABOVE: 0 0.10 INCH OR MORE: 5
MIN 32 OR BELOW: 6 0.50 INCH OR MORE: 2
MIN 0 OR BELOW: 0 1.00 INCH OR MORE: 0
[HDD (BASE 65) ]
TOTAL THIS MO. 568 CLEAR (SCALE 0-3) 8
DPTR FM NORMAL 9 PTCLDY (SCALE 4-7) 12
TOTAL FM JUL 1 1092 CLOUDY (SCALE 8-10) 11
DPTR FM NORMAL 121
[CDD (BASE 65) ]
TOTAL THIS MO. 0
DPTR FM NORMAL 0 [PRESSURE DATA]
TOTAL FM JAN 1 2069 HIGHEST SLP 30.50 ON 24
DPTR FM NORMAL 320 LOWEST SLP 29.55 ON 31
[REMARKS]
#FINAL-12-22#