000
CXUS56 KHNX 021643
CF6MAE
PRELIMINARY LOCAL CLIMATOLOGICAL DATA (WS FORM: F-6)
STATION: MADERA CA AIRPORT
MONTH: JANUARY
YEAR: 2022
LATITUDE: 36 58 N
LONGITUDE: 120 7 W
TEMPERATURE IN F: :PCPN: SNOW: WIND :SUNSHINE: SKY :PK WND
================================================================================
1 2 3 4 5 6A 6B 7 8 9 10 11 12 13 14 15 16 17 18
12Z AVG MX 2MIN
DY MAX MIN AVG DEP HDD CDD WTR SNW DPTH SPD SPD DIR MIN PSBL S-S WX SPD DR
================================================================================
1 52 28 40 -6 25 0 0.00 0.0 0 2.0 8 240 M M 2 12 22 30
2 57 29 43 -4 22 0 0.00 0.0 0 3.5 10 170 M M 0 18 31 20
3 57 28 43 -4 22 0 0.00 0.0 0 1.9 7 130 M M 0 21 30
4 61 35 48 1 17 0 0.00 0.0 0 3.9 8 150 M M 1 1 10 170
5 59 39 49 2 16 0 0.00 0.0 0 1.4 6 130 M M 6 128 15 190
6 61 43 52 5 13 0 0.00 0.0 0 2.0 8 160 M M 6 18 26 20
7 59 36 48 1 17 0 0.06 0.0 0 1.6 8 300 M M 8 128 43 30
8 49 42 46 -1 19 0 0.00 0.0 0 3.2 9 280 M M 10 12 31 30
9 63 35 49 2 16 0 0.00 0.0 0 2.7 8 210 M M 2 12 23 30
10 61 34 48 1 17 0 0.00 0.0 0 1.1 8 260 M M 0 128 8 310
11 61 34 48 1 17 0 0.00 0.0 0 3.1 8 110 M M 0 128 8 110
12 62 35 49 2 16 0 0.00 0.0 0 3.0 9 80 M M 2 128 18 20
13 61 39 50 3 15 0 0.00 0.0 0 2.9 10 320 M M 0 128 16 20
14 49 32 41 -7 24 0 0.00 0.0 0 1.6 8 200 M M 9 12 16 360
15 47 40 44 -4 21 0 0.00 0.0 0 2.6 9 80 M M 10 2 22 30
16 62 39 51 3 14 0 0.00 0.0 0 0.6 6 250 M M 7 128 30 30
17 61 40 51 3 14 0 0.00 0.0 0 1.9 8 300 M M 6 18 18 20
18 64 40 52 4 13 0 0.00 0.0 0 2.0 18 10 M M 3 128 44 30
19 62 34 48 0 17 0 0.00 0.0 0 2.3 29 20 M M 0 18 44 30
20 65 35 50 2 15 0 0.00 0.0 0 2.1 8 270 M M 0 128 10 270
21 54 35 45 -3 20 0 0.00 0.0 0 4.0 12 330 M M 6 128 22 30
22 61 33 47 -1 18 0 0.00 0.0 0 2.9 12 130 M M 3 128 30 20
23 65 31 48 0 17 0 0.00 0.0 0 2.0 8 100 M M 0 128 29 30
24 63 32 48 0 17 0 0.00 0.0 0 2.2 8 320 M M 0 18 10 340
25 62 32 47 -2 18 0 0.00 0.0 0 1.7 7 100 M M 0 128 9 20
26 67 32 50 1 15 0 0.00 0.0 0 1.7 8 300 M M 0 18 37 360
27 66 33 50 1 15 0 0.00 0.0 0 1.9 7 230 M M 0 128 29 10
28 66 35 51 2 14 0 0.00 0.0 0 2.7 14 210 M M 0 1 20 20
29 63 31 47 -2 18 0 0.00 0.0 0 3.2 10 260 M M 0 18 15 20
30 64 35 50 1 15 0 0.00 0.0 0 3.3 9 150 M M 0 18 11 130
31 58 33 46 -3 19 0 0.00 0.0 0 2.0 10 300 M M 0 18 29 30
================================================================================
SM 1862 1079 536 0 0.06 0.0 73.0 M 81
================================================================================
AV 60.1 34.8 2.4 FASTST M M 3 MAX(MPH)
MISC ----> 29 20 # 44 30
================================================================================
NOTES:
# LAST OF SEVERAL OCCURRENCES
COLUMN 17 PEAK WIND IN M.P.H.
PRELIMINARY LOCAL CLIMATOLOGICAL DATA (WS FORM: F-6) , PAGE 2
STATION: MADERA CA AIRPORT
MONTH: JANUARY
YEAR: 2022
LATITUDE: 36 58 N
LONGITUDE: 120 7 W
[TEMPERATURE DATA] [PRECIPITATION DATA] SYMBOLS USED IN COLUMN 16
AVERAGE MONTHLY: 47.4 TOTAL FOR MONTH: 0.06 1 = FOG OR MIST
DPTR FM NORMAL: -0.4 DPTR FM NORMAL: -2.02 2 = FOG REDUCING VISIBILITY
HIGHEST: 67 ON 26 GRTST 24HR 0.06 ON 7- 7 TO 1/4 MILE OR LESS
LOWEST: 28 ON 3, 1 3 = THUNDER
SNOW, ICE PELLETS, HAIL 4 = ICE PELLETS
TOTAL MONTH: 0.0 INCH 5 = HAIL
GRTST 24HR 0.0 6 = FREEZING RAIN OR DRIZZLE
GRTST DEPTH: 0 7 = DUSTSTORM OR SANDSTORM:
VSBY 1/2 MILE OR LESS
8 = SMOKE OR HAZE
[NO. OF DAYS WITH] [WEATHER - DAYS WITH] 9 = BLOWING SNOW
X = TORNADO
MAX 32 OR BELOW: 0 0.01 INCH OR MORE: 1
MAX 90 OR ABOVE: 0 0.10 INCH OR MORE: 0
MIN 32 OR BELOW: 9 0.50 INCH OR MORE: 0
MIN 0 OR BELOW: 0 1.00 INCH OR MORE: 0
[HDD (BASE 65) ]
TOTAL THIS MO. 536 CLEAR (SCALE 0-3) 22
DPTR FM NORMAL 1 PTCLDY (SCALE 4-7) 6
TOTAL FM JUL 1 1505 CLOUDY (SCALE 8-10) 3
DPTR FM NORMAL 3
[CDD (BASE 65) ]
TOTAL THIS MO. 0
DPTR FM NORMAL 0 [PRESSURE DATA]
TOTAL FM JAN 1 0 HIGHEST SLP 30.48 ON 10
DPTR FM NORMAL 0 LOWEST SLP 29.94 ON 7
[REMARKS]
#FINAL-01-22#