000
CXUS56 KHNX 100641
CF6MAE
PRELIMINARY LOCAL CLIMATOLOGICAL DATA (WS FORM: F-6)
STATION: MADERA CA AIRPORT
MONTH: JUNE
YEAR: 2021
LATITUDE: 36 58 N
LONGITUDE: 120 7 W
TEMPERATURE IN F: :PCPN: SNOW: WIND :SUNSHINE: SKY :PK WND
================================================================================
1 2 3 4 5 6A 6B 7 8 9 10 11 12 13 14 15 16 17 18
12Z AVG MX 2MIN
DY MAX MIN AVG DEP HDD CDD WTR SNW DPTH SPD SPD DIR MIN PSBL S-S WX SPD DR
================================================================================
1 103 63 83 11 0 18 0.00 0.0 0 6.7 26 350 M M 0 8 45 20
2 102 62 82 10 0 17 0.00 0.0 0 5.8 16 340 M M 0 40 30
3 100 63 82 10 0 17 0.00 0.0 0 7.3 14 330 M M 0 39 20
4 98 63 81 9 0 16 0.00 0.0 0 7.9 17 320 M M 0 40 20
5 97 58 78 6 0 13 0.00 0.0 0 6.6 20 340 M M 0 40 20
6 93 59 76 3 0 11 0.00 0.0 0 6.7 17 320 M M 0 38 20
7 84 56 70 -3 0 5 0.00 0.0 0 9.3 18 300 M M 0 29 360
8 78 50 64 -9 1 0 0.00 0.0 0 10.2 17 310 M M 0 22 310
9 78 50 64 -9 1 0 0.00 0.0 0 9.9 21 290 M M 0 25 270
10 80 44 62 -12 3 0 0.00 0.0 0 10.4 18 330 M M 0 24 340
11 84 46 65 -9 0 0 0.00 0.0 0 9.5 16 340 M M 0 20 320
12 91 57 74 0 0 9 0.00 0.0 0 8.9 15 330 M M 0 28 360
13 94 65 80 6 0 15 0.00 0.0 0 10.0 17 310 M M 0 32 280
14 91 63 77 2 0 12 0.00 0.0 0 11.3 22 330 M M 0 30 330
15 91 59 75 0 0 10 0.00 0.0 0 11.6 21 310 M M 0 34 360
16 96 55 76 1 0 11 0.00 0.0 0 5.5 16 300 M M 0 29 10
17 102 61 82 7 0 17 0.00 0.0 0 3.6 9 300 M M 0 8 39 20
18 109 69 89 13 0 24 0.00 0.0 0 6.0 16 310 M M 1 37 20
19 108 66 87 11 0 22 0.00 0.0 0 5.9 13 300 M M 1 32 10
20 106 63 85 9 0 20 0.00 0.0 0 6.3 13 290 M M 0 30 10
21 102 61 82 6 0 17 0.00 0.0 0 6.7 18 330 M M 0 37 20
22 95 57 76 -1 0 11 0.00 0.0 0 6.9 16 330 M M 0 31 200
23 94 60 77 0 0 12 0.00 0.0 0 7.8 16 320 M M 0 29 360
24 91 59 75 -2 0 10 0.00 0.0 0 8.2 16 330 M M 0 29 350
25 94 56 75 -3 0 10 0.00 0.0 0 7.7 14 320 M M 0 38 20
26 99 64 82 4 0 17 0.00 0.0 0 6.1 14 300 M M 0 40 20
27 104 66 85 7 0 20 0.00 0.0 0 6.4 15 320 M M 1 38 20
28 101 64 83 5 0 18 0.00 0.0 0 10.7 20 330 M M 0 41 20
29 103 64 84 6 0 19 0.00 0.0 0 6.8 16 330 M M 0 41 20
30 102 69 86 7 0 21 0.00 0.0 0 7.4 22 330 M M 0 44 30
================================================================================
SM 2870 1792 5 392 0.00 0.0 234.1 M 3
================================================================================
AV 95.7 59.7 7.8 FASTST M M 0 MAX(MPH)
MISC ----> 26 350 45 20
================================================================================
NOTES:
# LAST OF SEVERAL OCCURRENCES
COLUMN 17 PEAK WIND IN M.P.H.
PRELIMINARY LOCAL CLIMATOLOGICAL DATA (WS FORM: F-6) , PAGE 2
STATION: MADERA CA AIRPORT
MONTH: JUNE
YEAR: 2021
LATITUDE: 36 58 N
LONGITUDE: 120 7 W
[TEMPERATURE DATA] [PRECIPITATION DATA] SYMBOLS USED IN COLUMN 16
AVERAGE MONTHLY: 77.7 TOTAL FOR MONTH: 0.00 1 = FOG OR MIST
DPTR FM NORMAL: 2.7 DPTR FM NORMAL: -0.16 2 = FOG REDUCING VISIBILITY
HIGHEST: 109 ON 18 GRTST 24HR 0.00 ON 1- 1 TO 1/4 MILE OR LESS
LOWEST: 44 ON 10 3 = THUNDER
SNOW, ICE PELLETS, HAIL 4 = ICE PELLETS
TOTAL MONTH: 0.0 INCH 5 = HAIL
GRTST 24HR 0.0 6 = FREEZING RAIN OR DRIZZLE
GRTST DEPTH: 0 7 = DUSTSTORM OR SANDSTORM:
VSBY 1/2 MILE OR LESS
8 = SMOKE OR HAZE
[NO. OF DAYS WITH] [WEATHER - DAYS WITH] 9 = BLOWING SNOW
X = TORNADO
MAX 32 OR BELOW: 0 0.01 INCH OR MORE: 0
MAX 90 OR ABOVE: 25 0.10 INCH OR MORE: 0
MIN 32 OR BELOW: 0 0.50 INCH OR MORE: 0
MIN 0 OR BELOW: 0 1.00 INCH OR MORE: 0
[HDD (BASE 65) ]
TOTAL THIS MO. 5 CLEAR (SCALE 0-3) 30
DPTR FM NORMAL 1 PTCLDY (SCALE 4-7) 0
TOTAL FM JUL 1 2173 CLOUDY (SCALE 8-10) 0
DPTR FM NORMAL -179
[CDD (BASE 65) ]
TOTAL THIS MO. 392
DPTR FM NORMAL 87 [PRESSURE DATA]
TOTAL FM JAN 1 560 HIGHEST SLP 30.23 ON 10
DPTR FM NORMAL 87 LOWEST SLP 29.61 ON 19
[REMARKS]
#FINAL-06-21#