000
CXUS56 KHNX 011146
CF6MAE
PRELIMINARY LOCAL CLIMATOLOGICAL DATA (WS FORM: F-6)
STATION: MADERA CA AIRPORT
MONTH: NOVEMBER
YEAR: 2020
LATITUDE: 36 58 N
LONGITUDE: 120 7 W
TEMPERATURE IN F: :PCPN: SNOW: WIND :SUNSHINE: SKY :PK WND
================================================================================
1 2 3 4 5 6A 6B 7 8 9 10 11 12 13 14 15 16 17 18
12Z AVG MX 2MIN
DY MAX MIN AVG DEP HDD CDD WTR SNW DPTH SPD SPD DIR MIN PSBL S-S WX SPD DR
================================================================================
1 81 44 63 5 2 0 0.00 0.0 0 2.2 8 290 M M 0 8 11 280
2 80 43 62 4 3 0 0.00 0.0 0 1.9 7 270 M M 0 18 11 240
3 81 44 63 6 2 0 0.00 0.0 0 2.4 8 310 M M 0 8 12 260
4 80 40 60 3 5 0 0.00 0.0 0 2.7 13 330 M M 0 18 14 340
5 79 43 61 4 4 0 0.00 0.0 0 2.3 8 110 M M 0 8 9 110
6 65 45 55 -1 10 0 0.00 0.0 0 8.3 23 320 M M 4 18 29 320
7 56 45 51 -5 14 0 0.06 0.0 0 5.6 13 270 M M 8 1 16 290
8 60 35 48 -8 17 0 T 0.0 0 6.8 20 320 M M 5 1 25 310
9 57 30 44 -11 21 0 0.00 0.0 0 3.2 8 240 M M 0 8 10 220
10 60 30 45 -10 20 0 0.00 0.0 0 2.3 9 220 M M 0 1 11 210
11 60 36 48 -6 17 0 0.00 0.0 0 3.4 8 290 M M 0 10 300
12 65 35 50 -4 15 0 0.00 0.0 0 1.4 8 280 M M 0 18 12 290
13 67 34 51 -3 14 0 T 0.0 0 3.8 12 30 M M 4 18 15 30
14 61 40 51 -2 14 0 0.00 0.0 0 5.1 12 260 M M 3 2 15 260
15 67 37 52 -1 13 0 0.00 0.0 0 2.0 8 270 M M 3 12 10 260
16 72 38 55 3 10 0 0.00 0.0 0 3.3 10 70 M M 0 1 10 150
17 76 45 61 9 4 0 0.00 0.0 0 6.8 14 140 M M 0 18 140
18 67 48 58 6 7 0 0.10 0.0 0 7.9 14 100 M M 5 1 18 80
19 66 40 53 2 12 0 0.00 0.0 0 7.1 16 310 M M 0 22 300
20 61 39 50 -1 15 0 0.00 0.0 0 0.8 7 250 M M 0 128 9 60
21 62 34 48 -3 17 0 0.00 0.0 0 1.2 6 310 M M 3 128 10 40
22 65 33 49 -1 16 0 0.00 0.0 0 1.6 9 270 M M 2 128 12 270
23 65 36 51 1 14 0 0.00 0.0 0 4.2 15 320 M M 1 18 18 330
24 64 35 50 0 15 0 0.00 0.0 0 2.1 9 210 M M 0 18 12 200
25 64 33 49 0 16 0 0.00 0.0 0 5.7 16 310 M M 0 18 22 300
26 60 30 45 -4 20 0 0.00 0.0 0 1.4 6 330 M M 0 M M
27 64 30 47 -2 18 0 0.00 0.0 0 2.6 8 200 M M 0 18 11 160
28 64 30 47 -1 18 0 0.00 0.0 0 2.7 8 290 M M 0 8 12 280
29 66 29 48 0 17 0 0.00 0.0 0 1.7 6 270 M M 0 18 11 30
30 65 30 48 0 17 0 0.00 0.0 0 2.4 12 300 M M 0 13 290
================================================================================
SM 2000 1111 387 0 0.16 0.0 104.9 M 38
================================================================================
AV 66.7 37.0 3.5 FASTST M M 1 MAX(MPH)
MISC ----> # 23 320 # 29 320
================================================================================
NOTES:
# LAST OF SEVERAL OCCURRENCES
COLUMN 17 PEAK WIND IN M.P.H.
PRELIMINARY LOCAL CLIMATOLOGICAL DATA (WS FORM: F-6) , PAGE 2
STATION: MADERA CA AIRPORT
MONTH: NOVEMBER
YEAR: 2020
LATITUDE: 36 58 N
LONGITUDE: 120 7 W
[TEMPERATURE DATA] [PRECIPITATION DATA] SYMBOLS USED IN COLUMN 16
AVERAGE MONTHLY: 51.9 TOTAL FOR MONTH: 0.16 1 = FOG OR MIST
DPTR FM NORMAL: -0.9 DPTR FM NORMAL: -0.99 2 = FOG REDUCING VISIBILITY
HIGHEST: 81 ON 3, 1 GRTST 24HR 0.10 ON 18-18 TO 1/4 MILE OR LESS
LOWEST: 29 ON 29 3 = THUNDER
SNOW, ICE PELLETS, HAIL 4 = ICE PELLETS
TOTAL MONTH: 0.0 INCH 5 = HAIL
GRTST 24HR 0.0 6 = FREEZING RAIN OR DRIZZLE
GRTST DEPTH: 0 7 = DUSTSTORM OR SANDSTORM:
VSBY 1/2 MILE OR LESS
8 = SMOKE OR HAZE
[NO. OF DAYS WITH] [WEATHER - DAYS WITH] 9 = BLOWING SNOW
X = TORNADO
MAX 32 OR BELOW: 0 0.01 INCH OR MORE: 2
MAX 90 OR ABOVE: 0 0.10 INCH OR MORE: 1
MIN 32 OR BELOW: 7 0.50 INCH OR MORE: 0
MIN 0 OR BELOW: 0 1.00 INCH OR MORE: 0
[HDD (BASE 65) ]
TOTAL THIS MO. 387 CLEAR (SCALE 0-3) 25
DPTR FM NORMAL 18 PTCLDY (SCALE 4-7) 5
TOTAL FM JUL 1 435 CLOUDY (SCALE 8-10) 0
DPTR FM NORMAL -31
[CDD (BASE 65) ]
TOTAL THIS MO. 0
DPTR FM NORMAL -2 [PRESSURE DATA]
TOTAL FM JAN 1 1931 HIGHEST SLP 30.33 ON 30
DPTR FM NORMAL 408 LOWEST SLP 29.66 ON 7
[REMARKS]
#FINAL-11-20#