000
CXUS54 KMAF 011952
CF6MAF
PRELIMINARY LOCAL CLIMATOLOGICAL DATA (WS FORM: F-6)
STATION: MIDLAND INTERNATIONAL AIRPORT
MONTH: JULY
YEAR: 2022
LATITUDE: 31 57 N
LONGITUDE: 102 11 W
TEMPERATURE IN F: :PCPN: SNOW: WIND :SUNSHINE: SKY :PK WND
================================================================================
1 2 3 4 5 6A 6B 7 8 9 10 11 12 13 14 15 16 17 18
12Z AVG MX 2MIN
DY MAX MIN AVG DEP HDD CDD WTR SNW DPTH SPD SPD DIR MIN PSBL S-S WX SPD DR
================================================================================
1 98 74 86 2 0 21 0.00 0.0 0 10.2 18 160 M M 2 29 150
2 100 74 87 3 0 22 0.00 0.0 0 11.5 30 130 M M 1 8 36 130
3 95 71 83 -1 0 18 0.00 0.0 0 14.9 30 140 M M 1 35 130
4 97 74 86 2 0 21 0.00 0.0 0 13.5 26 160 M M 0 32 170
5 99 75 87 3 0 22 0.03 0.0 0 10.4 25 180 M M 1 38 36 60
6 99 72 86 2 0 21 T 0.0 0 9.0 20 190 M M 1 38 24 250
7 101 76 89 5 0 24 0.00 0.0 0 11.6 20 150 M M 0 8 25 160
8 102 74 88 4 0 23 0.00 0.0 0 7.4 23 70 M M 0 8 32 60
9 100 76 88 4 0 23 T 0.0 0 9.9 28 70 M M 2 8 36 90
10 102 76 89 5 0 24 0.00 0.0 0 6.4 17 90 M M 1 22 70
11 105 74 90 6 0 25 0.00 0.0 0 7.6 18 360 M M 0 8 24 350
12 100 73 87 3 0 22 0.00 0.0 0 13.9 24 130 M M 0 8 31 40
13 100 75 88 4 0 23 0.00 0.0 0 6.3 29 130 M M 1 38 32 140
14 99 72 86 2 0 21 T 0.0 0 7.9 49 100 M M 1 38 66 90
15 96 69 83 -1 0 18 0.00 0.0 0 9.2 22 120 M M 0 27 140
16 97 74 86 2 0 21 0.00 0.0 0 8.6 18 140 M M 0 24 130
17 98 77 88 4 0 23 0.00 0.0 0 9.5 17 120 M M 0 8 23 140
18 102 73 88 4 0 23 0.00 0.0 0 8.7 17 130 M M 0 8 26 150
19 105 79 92 8 0 27 0.00 0.0 0 12.7 21 160 M M 0 8 27 160
20 104 80 92 7 0 27 0.00 0.0 0 11.0 22 150 M M 0 26 150
21 95 78 87 2 0 22 T 0.0 0 10.2 22 110 M M 1 8 28 130
22 100 77 89 4 0 24 0.00 0.0 0 12.2 22 140 M M 1 8 27 140
23 98 77 88 3 0 23 0.00 0.0 0 14.4 24 160 M M 0 31 170
24 97 76 87 2 0 22 0.00 0.0 0 13.1 23 130 M M 0 8 28 140
25 99 77 88 3 0 23 0.00 0.0 0 14.5 23 160 M M 0 34 160
26 100 75 88 3 0 23 0.00 0.0 0 12.4 23 170 M M 0 28 180
27 99 76 88 3 0 23 0.00 0.0 0 12.1 23 150 M M 0 31 130
28 98 74 86 1 0 21 0.00 0.0 0 11.6 21 130 M M 0 26 140
29 98 75 87 2 0 22 0.00 0.0 0 12.7 23 160 M M 1 29 170
30 98 75 87 2 0 22 0.00 0.0 0 12.3 22 150 M M 0 27 160
31 99 77 88 3 0 23 0.00 0.0 0 13.1 22 180 M M 0 8 31 200
================================================================================
SM 3080 2325 0 697 0.03 0.0 338.8 M 14
================================================================================
AV 99.4 75.0 10.9 FASTST M M 0 MAX(MPH)
MISC ----> 49 100 66 90
================================================================================
NOTES:
# LAST OF SEVERAL OCCURRENCES
COLUMN 17 PEAK WIND IN M.P.H.
PRELIMINARY LOCAL CLIMATOLOGICAL DATA (WS FORM: F-6) , PAGE 2
STATION: MIDLAND INTERNATIONAL AIRPORT
MONTH: JULY
YEAR: 2022
LATITUDE: 31 57 N
LONGITUDE: 102 11 W
[TEMPERATURE DATA] [PRECIPITATION DATA] SYMBOLS USED IN COLUMN 16
AVERAGE MONTHLY: 87.2 TOTAL FOR MONTH: 0.03 1 = FOG OR MIST
DPTR FM NORMAL: 2.8 DPTR FM NORMAL: -1.59 2 = FOG REDUCING VISIBILITY
HIGHEST: 105 ON 19,11 GRTST 24HR 0.03 ON 5- 5 TO 1/4 MILE OR LESS
LOWEST: 69 ON 15 3 = THUNDER
SNOW, ICE PELLETS, HAIL 4 = ICE PELLETS
TOTAL MONTH: 0.0 INCH 5 = HAIL
GRTST 24HR 0.0 6 = FREEZING RAIN OR DRIZZLE
GRTST DEPTH: 0 7 = DUSTSTORM OR SANDSTORM:
VSBY 1/2 MILE OR LESS
8 = SMOKE OR HAZE
[NO. OF DAYS WITH] [WEATHER - DAYS WITH] 9 = BLOWING SNOW
X = TORNADO
MAX 32 OR BELOW: 0 0.01 INCH OR MORE: 1
MAX 90 OR ABOVE: 31 0.10 INCH OR MORE: 0
MIN 32 OR BELOW: 0 0.50 INCH OR MORE: 0
MIN 0 OR BELOW: 0 1.00 INCH OR MORE: 0
[HDD (BASE 65) ]
TOTAL THIS MO. 0 CLEAR (SCALE 0-3) 31
DPTR FM NORMAL 0 PTCLDY (SCALE 4-7) 0
TOTAL FM JUL 1 0 CLOUDY (SCALE 8-10) 0
DPTR FM NORMAL 0
[CDD (BASE 65) ]
TOTAL THIS MO. 697
DPTR FM NORMAL 97 [PRESSURE DATA]
TOTAL FM JAN 1 1919 HIGHEST SLP 30.06 ON 9
DPTR FM NORMAL 298 LOWEST SLP 29.71 ON 20
[REMARKS]
#FINAL-07-22#