111
CXUS54 KLIX 010910
CF6MCB
PRELIMINARY LOCAL CLIMATOLOGICAL DATA (WS FORM: F-6)
STATION: MCCOMB
MONTH: FEBRUARY
YEAR: 2021
LATITUDE: 31 10 N
LONGITUDE: 90 28 W
TEMPERATURE IN F: :PCPN: SNOW: WIND :SUNSHINE: SKY :PK WND
================================================================================
1 2 3 4 5 6A 6B 7 8 9 10 11 12 13 14 15 16 17 18
12Z AVG MX 2MIN
DY MAX MIN AVG DEP HDD CDD WTR SNW DPTH SPD SPD DIR MIN PSBL S-S WX SPD DR
================================================================================
1 52 34 43 -6 22 0 0.00 0.0 M 12.6 30 340 M M 5 37 330
2 57 29 43 -6 22 0 0.00 0.0 M 6.6 14 330 M M 0 22 330
3 62 31 47 -3 18 0 0.00 M M 3.0 9 110 M M 0 1 12 80
4 70 40 55 5 10 0 0.17 0.0 M 10.0 22 190 M M 6 12 30 180
5 60 42 51 1 14 0 0.36 M M 6.1 25 360 M M 9 1 33 10
6 50 43 47 -3 18 0 0.37 M M 5.0 10 100 M M 10 1 18 80
7 57 40 49 -1 16 0 0.00 M M 7.1 22 340 M M 5 29 330
8 65 37 51 1 14 0 0.01 M M 4.7 15 160 M M 4 1 18 180
9 75 52 64 14 1 0 0.00 M M 2.3 12 100 M M 5 12 15 100
10 70 53 62 11 3 0 0.07 0.0 M 5.7 12 150 M M 9 12 16 160
11 67 38 53 2 12 0 3.69 0.0 M 7.7 17 310 M M 10 13 20 320
12 39 34 37 -14 28 0 0.05 M M 10.1 18 360 M M 10 1 26 340
13 36 31 34 -17 31 0 0.00 M M 11.4 20 10 M M 10 18 23 350
14 33 27 30 -22 35 0 0.01 0.0 M 10.1 16 350 M M 10 18 20 350
15 31 20 26 -26 39 0 T M M 11.6 25 320 M M 9 16 35 330
16 25 19 22 -30 43 0 T T M 5.6 12 360 M M 10 18 16 310
17 34 21 28 -24 37 0 0.96 0.0 M 7.3 20 10 M M 9 136 25 10
18 36 29 33 -19 32 0 0.00 0.0 M 12.8 18 340 M M 10 1 25 350
19 45 25 35 -18 30 0 0.00 M M 11.2 20 340 M M 4 26 340
20 62 25 44 -9 21 0 0.00 M M 2.0 8 160 M M 3 18 12 150
21 67 29 48 -5 17 0 0.00 M M 8.7 21 140 M M 6 26 140
22 69 38 54 1 11 0 0.00 M M 6.7 18 340 M M 4 12 23 350
23 74 31 53 -1 12 0 0.00 M M 3.5 12 170 M M 0 16 170
24 76 36 56 2 9 0 0.00 0.0 M 5.4 16 190 M M 5 18 20 190
25 75 60 68 14 0 3 0.00 M M 2.8 12 180 M M 10 12 15 170
26 83 59 71 17 0 6 0.00 M M 7.9 18 180 M M 6 12 24 200
27 80 63 72 17 0 7 0.00 0.0 M 9.3 23 160 M M 7 12 31 170
28 84 68 76 21 0 11 0.00 M M 11.2 23 170 M M 8 30 180
================================================================================
SM 1634 1054 495 27 5.69 T 208.4 M 184
================================================================================
AV 58.4 37.6 7.4 FASTST M M 7 MAX(MPH)
MISC ----> 30 340 37 330
================================================================================
NOTES:
# LAST OF SEVERAL OCCURRENCES
COLUMN 17 PEAK WIND IN M.P.H.
PRELIMINARY LOCAL CLIMATOLOGICAL DATA (WS FORM: F-6) , PAGE 2
STATION: MCCOMB
MONTH: FEBRUARY
YEAR: 2021
LATITUDE: 31 10 N
LONGITUDE: 90 28 W
[TEMPERATURE DATA] [PRECIPITATION DATA] SYMBOLS USED IN COLUMN 16
AVERAGE MONTHLY: 48.0 TOTAL FOR MONTH: 5.69 1 = FOG OR MIST
DPTR FM NORMAL: -3.8 DPTR FM NORMAL: 0.02 2 = FOG REDUCING VISIBILITY
HIGHEST: 84 ON 28 GRTST 24HR 3.69 ON 11-11 TO 1/4 MILE OR LESS
LOWEST: 19 ON 16 3 = THUNDER
SNOW, ICE PELLETS, HAIL 4 = ICE PELLETS
TOTAL MONTH: T 5 = HAIL
GRTST 24HR T ON 16-16 6 = FREEZING RAIN OR DRIZZLE
GRTST DEPTH: M ON M 7 = DUSTSTORM OR SANDSTORM:
VSBY 1/2 MILE OR LESS
8 = SMOKE OR HAZE
[NO. OF DAYS WITH] [WEATHER - DAYS WITH] 9 = BLOWING SNOW
X = TORNADO
MAX 32 OR BELOW: 2 0.01 INCH OR MORE: 9
MAX 90 OR ABOVE: 0 0.10 INCH OR MORE: 5
MIN 32 OR BELOW: 12 0.50 INCH OR MORE: 2
MIN 0 OR BELOW: 0 1.00 INCH OR MORE: 1
[HDD (BASE 65) ]
TOTAL THIS MO. 495 CLEAR (SCALE 0-3) 4
DPTR FM NORMAL 117 PTCLDY (SCALE 4-7) 12
TOTAL FM JUL 1 1587 CLOUDY (SCALE 8-10) 12
DPTR FM NORMAL -118
[CDD (BASE 65) ]
TOTAL THIS MO. 27
DPTR FM NORMAL 19 [PRESSURE DATA]
TOTAL FM JAN 1 33 HIGHEST SLP 30.46 ON 20
DPTR FM NORMAL 27 LOWEST SLP 29.80 ON 6
[REMARKS]
#FINAL-02-21#