192
CXUS54 KLIX 011509
CF6MCB
PRELIMINARY LOCAL CLIMATOLOGICAL DATA (WS FORM: F-6)
STATION: MCCOMB
MONTH: DECEMBER
YEAR: 2020
LATITUDE: 31 10 N
LONGITUDE: 90 28 W
TEMPERATURE IN F: :PCPN: SNOW: WIND :SUNSHINE: SKY :PK WND
================================================================================
1 2 3 4 5 6A 6B 7 8 9 10 11 12 13 14 15 16 17 18
12Z AVG MX 2MIN
DY MAX MIN AVG DEP HDD CDD WTR SNW DPTH SPD SPD DIR MIN PSBL S-S WX SPD DR
================================================================================
1 58 26 42 -11 23 0 0.00 M M 0.5 7 310 M M 0 11 180
2 60 29 45 -8 20 0 0.00 M M 3.9 14 130 M M 0 19 130
3 70 45 58 6 7 0 0.34 M M 7.0 17 330 M M 7 1 21 330
4 55 36 46 -6 19 0 T M M 7.4 18 320 M M 5 1 21 350
5 58 31 45 -7 20 0 0.00 M M 1.9 10 310 M M 0 14 10
6 53 39 46 -6 19 0 0.02 M M 3.2 10 280 M M 5 13 280
7 58 36 47 -5 18 0 0.00 M M 5.8 20 310 M M 0 25 350
8 65 31 48 -3 17 0 0.00 M M 2.2 10 260 M M 0 16 230
9 72 34 53 2 12 0 0.00 M M 1.8 12 250 M M 0 1 15 250
10 73 38 56 5 9 0 0.00 M M 2.1 10 210 M M 2 12 14 210
11 70 44 57 6 8 0 T 0.0 M 4.5 16 180 M M 6 12 20 150
12 66 46 56 6 9 0 0.19 0.0 M 5.3 24 180 M M 9 12 31 180
13 69 42 56 6 9 0 0.19 0.0 M 8.7 24 290 M M 7 12 33 280
14 47 41 44 -6 21 0 T M M 11.4 23 340 M M 9 18 30 320
15 48 40 44 -6 21 0 0.36 M M 4.0 9 110 M M 10 1 12 100
16 48 36 42 -8 23 0 0.01 0.0 M 10.5 21 320 M M 10 1 27 330
17 51 31 41 -9 24 0 0.00 0.0 M 6.2 14 320 M M 5 18 320
18 58 28 43 -7 22 0 0.00 M M 3.4 14 150 M M 0 1 18 150
19 68 38 53 4 12 0 0.37 0.0 M 5.6 18 140 M M 4 1 26 130
20 58 42 50 1 15 0 0.00 M M 4.9 13 310 M M 8 12 16 320
21 66 34 50 1 15 0 0.00 0.0 0 1.8 12 250 M M 3 12 14 270
22 70 34 52 3 13 0 0.00 M M 2.9 12 170 M M 0 16 160
23 67 43 55 6 10 0 0.14 M M 8.3 18 180 M M 10 13 26 180
24 65 28 47 -2 18 0 1.29 0.0 M 13.0 36 330 M M 3 13 43 330
25 49 25 37 -12 28 0 0.00 M M 4.5 20 330 M M 0 24 310
26 59 26 43 -6 22 0 0.00 0.0 M 2.8 10 160 M M 0 13 180
27 66 32 49 0 16 0 0.00 M M 6.4 20 160 M M 0 1 25 160
28 73 42 58 10 7 0 0.00 M M 3.3 9 30 M M 4 1 14 30
29 70 46 58 10 7 0 0.00 M M 5.9 16 150 M M 3 18 19 160
30 74 59 67 19 0 2 T M M 9.5 21 160 M M 9 1 26 170
31 78 64 71 23 0 6 0.77 0.0 M 11.7 22 150 M M 9 13 29 160
================================================================================
SM 1942 1166 464 8 3.68 0.0 170.4 M 128
================================================================================
AV 62.6 37.6 5.5 FASTST M M 4 MAX(MPH)
MISC ----> 36 330 43 330
================================================================================
NOTES:
# LAST OF SEVERAL OCCURRENCES
COLUMN 17 PEAK WIND IN M.P.H.
PRELIMINARY LOCAL CLIMATOLOGICAL DATA (WS FORM: F-6) , PAGE 2
STATION: MCCOMB
MONTH: DECEMBER
YEAR: 2020
LATITUDE: 31 10 N
LONGITUDE: 90 28 W
[TEMPERATURE DATA] [PRECIPITATION DATA] SYMBOLS USED IN COLUMN 16
AVERAGE MONTHLY: 50.1 TOTAL FOR MONTH: 3.68 1 = FOG OR MIST
DPTR FM NORMAL: 0.0 DPTR FM NORMAL: -1.76 2 = FOG REDUCING VISIBILITY
HIGHEST: 78 ON 31 GRTST 24HR 1.43 ON 23-24 TO 1/4 MILE OR LESS
LOWEST: 25 ON 25 3 = THUNDER
SNOW, ICE PELLETS, HAIL 4 = ICE PELLETS
TOTAL MONTH: 0.0 INCH 5 = HAIL
GRTST 24HR 0.0 6 = FREEZING RAIN OR DRIZZLE
GRTST DEPTH: 0 7 = DUSTSTORM OR SANDSTORM:
VSBY 1/2 MILE OR LESS
8 = SMOKE OR HAZE
[NO. OF DAYS WITH] [WEATHER - DAYS WITH] 9 = BLOWING SNOW
X = TORNADO
MAX 32 OR BELOW: 0 0.01 INCH OR MORE: 10
MAX 90 OR ABOVE: 0 0.10 INCH OR MORE: 8
MIN 32 OR BELOW: 10 0.50 INCH OR MORE: 2
MIN 0 OR BELOW: 0 1.00 INCH OR MORE: 1
[HDD (BASE 65) ]
TOTAL THIS MO. 464 CLEAR (SCALE 0-3) 12
DPTR FM NORMAL -7 PTCLDY (SCALE 4-7) 11
TOTAL FM JUL 1 633 CLOUDY (SCALE 8-10) 8
DPTR FM NORMAL -170
[CDD (BASE 65) ]
TOTAL THIS MO. 8
DPTR FM NORMAL -2 [PRESSURE DATA]
TOTAL FM JAN 1 2615 HIGHEST SLP 30.41 ON 18
DPTR FM NORMAL 343 LOWEST SLP 29.71 ON 31
[REMARKS]
#FINAL-12-20#