000
CXUS53 KDMX 020212
CF6MCW
PRELIMINARY LOCAL CLIMATOLOGICAL DATA (WS FORM: F-6)
STATION: MASON CITY IA
MONTH: FEBRUARY
YEAR: 2024
LATITUDE: 43 9 N
LONGITUDE: 93 20 W
TEMPERATURE IN F: :PCPN: SNOW: WIND :SUNSHINE: SKY :PK WND
================================================================================
1 2 3 4 5 6A 6B 7 8 9 10 11 12 13 14 15 16 17 18
12Z AVG MX 2MIN
DY MAX MIN AVG DEP HDD CDD WTR SNW DPTH SPD SPD DIR MIN PSBL S-S WX SPD DR
================================================================================
1 52 27 40 24 25 0 0.00 0.0 0 6.5 15 350 M M 2 12 20 360
2 33 30 32 16 33 0 0.00 0.0 0 13.7 22 130 M M 6 1 29 130
3 35 28 32 16 33 0 0.00 0.0 0 11.9 21 120 M M 8 1 28 120
4 47 23 35 18 30 0 0.00 0.0 0 7.0 13 50 M M 0 1 15 40
5 51 23 37 20 28 0 0.00 0.0 0 4.1 9 280 M M 0 1 9 300
6 52 24 38 21 27 0 0.00 0.0 0 7.8 18 200 M M 0 1 26 200
7 49 31 40 23 25 0 0.00 0.0 0 15.1 24 150 M M 0 33 150
8 57 37 47 29 18 0 0.02 0.0 0 19.4 32 200 M M 7 3 43 200
9 38 31 35 17 30 0 0.00 0.0 0 16.5 25 270 M M 10 35 270
10 35 22 29 11 36 0 0.00 0.0 0 14.6 29 310 M M 9 41 300
11 40 22 31 13 34 0 0.00 0.0 0 7.5 18 300 M M 4 25 290
12 47 20 34 15 31 0 0.00 0.0 0 11.0 21 320 M M 0 25 320
13 41 17 29 10 36 0 0.00 0.0 0 4.4 13 310 M M 2 1 18 260
14 49 26 38 19 27 0 0.06 T 0 10.5 28 350 M M 8 18 36 350
15 32 18 25 5 40 0 T T 0 15.3 30 350 M M 4 1 38 360
16 22 4 13 -7 52 0 T T 0 16.9 29 320 M M 7 8 44 340
17 29 5 17 -3 48 0 0.00 0.0 0 19.3 33 250 M M 0 44 240
18 42 16 29 8 36 0 0.00 0.0 0 11.5 20 320 M M 0 25 320
19 53 14 34 13 31 0 0.00 0.0 0 8.9 18 150 M M 0 26 140
20 55 21 38 16 27 0 0.00 0.0 0 7.7 18 250 M M 1 23 240
21 52 25 39 17 26 0 0.00 0.0 0 3.4 15 320 M M 1 17 320
22 59 24 42 20 23 0 0.00 0.0 0 10.5 26 330 M M 0 32 330
23 46 18 32 9 33 0 0.00 0.0 0 14.5 26 330 M M 4 34 340
24 48 10 29 6 36 0 0.00 0.0 0 11.9 23 190 M M 0 31 180
25 56 25 41 17 24 0 0.00 0.0 0 10.2 20 210 M M 2 25 210
26 73 23 48 24 17 0 0.00 0.0 0 11.4 26 150 M M 0 35 150
27 51 8 30 5 35 0 0.03 0.3 0 19.8 38 330 M M 4 18 52 320
28 23 1 12 -13 53 0 0.00 0.0 T 16.2 35 320 M M 2 46 320
29 58 7 33 8 32 0 0.00 0.0 0 15.5 36 210 M M 0 49 200
================================================================================
SM 1325 580 926 0 0.11 0.3 343.0 M 81
================================================================================
AV 45.7 20.0 11.8 FASTST M M 3 MAX(MPH)
MISC ----> 38 330 52 320
================================================================================
NOTES:
# LAST OF SEVERAL OCCURRENCES
COLUMN 17 PEAK WIND IN M.P.H.
PRELIMINARY LOCAL CLIMATOLOGICAL DATA (WS FORM: F-6) , PAGE 2
STATION: MASON CITY IA
MONTH: FEBRUARY
YEAR: 2024
LATITUDE: 43 9 N
LONGITUDE: 93 20 W
[TEMPERATURE DATA] [PRECIPITATION DATA] SYMBOLS USED IN COLUMN 16
AVERAGE MONTHLY: 32.8 TOTAL FOR MONTH: 0.11 1 = FOG OR MIST
DPTR FM NORMAL: 12.8 DPTR FM NORMAL: -1.11 2 = FOG REDUCING VISIBILITY
HIGHEST: 73 ON 26 GRTST 24HR 0.06 ON 14-14 TO 1/4 MILE OR LESS
LOWEST: 1 ON 28 3 = THUNDER
SNOW, ICE PELLETS, HAIL 4 = ICE PELLETS
TOTAL MONTH: 0.3 INCH 5 = HAIL
GRTST 24HR 0.3 ON 27-27 6 = FREEZING RAIN OR DRIZZLE
GRTST DEPTH: T 7 = DUSTSTORM OR SANDSTORM:
VSBY 1/2 MILE OR LESS
8 = SMOKE OR HAZE
[NO. OF DAYS WITH] [WEATHER - DAYS WITH] 9 = BLOWING SNOW
X = TORNADO
MAX 32 OR BELOW: 4 0.01 INCH OR MORE: 3
MAX 90 OR ABOVE: 0 0.10 INCH OR MORE: 0
MIN 32 OR BELOW: 28 0.50 INCH OR MORE: 0
MIN 0 OR BELOW: 0 1.00 INCH OR MORE: 0
[HDD (BASE 65) ]
TOTAL THIS MO. 926 CLEAR (SCALE 0-3) 18
DPTR FM NORMAL -335 PTCLDY (SCALE 4-7) 8
TOTAL FM JUL 1 4766 CLOUDY (SCALE 8-10) 3
DPTR FM NORMAL -1105
[CDD (BASE 65) ]
TOTAL THIS MO. 0
DPTR FM NORMAL 0 [PRESSURE DATA]
TOTAL FM JAN 1 0 HIGHEST SLP 30.37 ON 16
DPTR FM NORMAL 0 LOWEST SLP 29.26 ON 27
[REMARKS]
#FINAL-02-24#