101
CXUS53 KDMX 020334
CF6MCW
PRELIMINARY LOCAL CLIMATOLOGICAL DATA (WS FORM: F-6)
STATION: MASON CITY IA
MONTH: MARCH
YEAR: 2021
LATITUDE: 43 9 N
LONGITUDE: 93 20 W
TEMPERATURE IN F: :PCPN: SNOW: WIND :SUNSHINE: SKY :PK WND
================================================================================
1 2 3 4 5 6A 6B 7 8 9 10 11 12 13 14 15 16 17 18
12Z AVG MX 2MIN
DY MAX MIN AVG DEP HDD CDD WTR SNW DPTH SPD SPD DIR MIN PSBL S-S WX SPD DR
================================================================================
1 26 16 21 -5 44 0 0.00 0.0 5 7.5 23 30 M M 3 28 20
2 47 19 33 6 32 0 0.00 0.0 4 14.3 26 200 M M 0 36 200
3 52 26 39 12 26 0 0.00 0.0 2 4.9 9 50 M M 0 11 40
4 45 25 35 7 30 0 0.00 0.0 T 9.8 21 120 M M 1 1 26 110
5 44 29 37 9 28 0 0.00 0.0 T 6.4 12 140 M M 9 15 150
6 49 24 37 9 28 0 0.00 0.0 T 8.4 16 120 M M 1 20 100
7 63 32 48 19 17 0 0.00 0.0 0 13.4 30 210 M M 0 39 210
8 62 29 46 17 19 0 0.00 0.0 0 8.1 16 240 M M 0 23 220
9 66 38 52 22 13 0 0.00 0.0 0 13.7 30 160 M M 1 39 180
10 65 32 49 19 16 0 0.51 0.0 0 19.0 40 240 M M 9 13 54 260
11 50 25 38 7 27 0 0.00 0.0 0 14.9 32 280 M M 4 42 270
12 49 22 36 5 29 0 0.00 0.0 0 4.5 13 30 M M 0 8 18 40
13 57 23 40 8 25 0 0.00 0.0 0 3.9 13 210 M M 0 18 19 210
14 45 32 39 7 26 0 0.00 0.0 0 16.4 29 90 M M 3 42 90
15 35 28 32 0 33 0 0.68 6.1 1 18.4 30 100 M M 10 1268 43 110
16 33 28 31 -2 34 0 0.00 0.0 6 8.0 14 100 M M 10 12 17 100
17 37 31 34 1 31 0 0.00 0.0 3 12.0 22 360 M M 8 18 29 360
18 48 25 37 3 28 0 0.00 0.0 1 14.6 24 360 M M 0 35 350
19 51 22 37 3 28 0 0.00 0.0 0 9.1 18 140 M M 0 23 140
20 60 22 41 6 24 0 0.00 0.0 0 15.4 26 170 M M 0 35 150
21 65 37 51 16 14 0 0.00 0.0 0 19.4 37 170 M M 3 49 160
22 57 31 44 8 21 0 0.07 0.0 0 8.8 16 40 M M 6 M M
23 51 43 47 11 18 0 0.94 0.0 0 12.2 21 100 M M 10 1 27 110
24 49 38 44 8 21 0 0.18 0.0 0 14.2 28 310 M M 10 1 36 300
25 51 32 42 5 23 0 0.00 0.0 0 6.9 20 50 M M 7 26 50
26 51 30 41 4 24 0 0.00 0.0 0 6.2 14 150 M M 5 18 18 160
27 48 35 42 4 23 0 0.63 0.0 0 12.6 28 330 M M 10 18 36 340
28 47 30 39 1 26 0 0.00 0.0 0 15.4 26 310 M M 2 43 330
29 73 35 54 15 11 0 0.00 0.0 0 21.8 31 180 M M 1 52 200
30 53 23 38 -1 27 0 0.00 0.0 0 19.5 32 290 M M 3 40 300
31 36 20 28 -12 37 0 T T 0 17.0 28 310 M M 3 36 300
================================================================================
SM 1565 882 783 0 3.01 6.1 376.7 M 119
================================================================================
AV 50.5 28.5 12.2 FASTST M M 4 MAX(MPH)
MISC ----> 40 240 54 260
================================================================================
NOTES:
# LAST OF SEVERAL OCCURRENCES
COLUMN 17 PEAK WIND IN M.P.H.
PRELIMINARY LOCAL CLIMATOLOGICAL DATA (WS FORM: F-6) , PAGE 2
STATION: MASON CITY IA
MONTH: MARCH
YEAR: 2021
LATITUDE: 43 9 N
LONGITUDE: 93 20 W
[TEMPERATURE DATA] [PRECIPITATION DATA] SYMBOLS USED IN COLUMN 16
AVERAGE MONTHLY: 39.5 TOTAL FOR MONTH: 3.01 1 = FOG OR MIST
DPTR FM NORMAL: 6.5 DPTR FM NORMAL: 0.78 2 = FOG REDUCING VISIBILITY
HIGHEST: 73 ON 29 GRTST 24HR 1.11 ON 23-24 TO 1/4 MILE OR LESS
LOWEST: 16 ON 1 3 = THUNDER
SNOW, ICE PELLETS, HAIL 4 = ICE PELLETS
TOTAL MONTH: 6.1 INCHES 5 = HAIL
GRTST 24HR 6.1 ON 15-15 6 = FREEZING RAIN OR DRIZZLE
GRTST DEPTH: 6 ON 16 7 = DUSTSTORM OR SANDSTORM:
VSBY 1/2 MILE OR LESS
8 = SMOKE OR HAZE
[NO. OF DAYS WITH] [WEATHER - DAYS WITH] 9 = BLOWING SNOW
X = TORNADO
MAX 32 OR BELOW: 1 0.01 INCH OR MORE: 6
MAX 90 OR ABOVE: 0 0.10 INCH OR MORE: 5
MIN 32 OR BELOW: 25 0.50 INCH OR MORE: 4
MIN 0 OR BELOW: 0 1.00 INCH OR MORE: 0
[HDD (BASE 65) ]
TOTAL THIS MO. 783 CLEAR (SCALE 0-3) 17
DPTR FM NORMAL -211 PTCLDY (SCALE 4-7) 6
TOTAL FM JUL 1 6608 CLOUDY (SCALE 8-10) 8
DPTR FM NORMAL -236
[CDD (BASE 65) ]
TOTAL THIS MO. 0
DPTR FM NORMAL 0 [PRESSURE DATA]
TOTAL FM JAN 1 0 HIGHEST SLP 30.56 ON 19
DPTR FM NORMAL 0 LOWEST SLP 29.42 ON 29
[REMARKS]
#FINAL-03-21#