000
CXUS54 KMAF 011110
CF6MDD
PRELIMINARY LOCAL CLIMATOLOGICAL DATA (WS FORM: F-6)
STATION: MIDLAND AIRPARK
MONTH: APRIL
YEAR: 2020
LATITUDE: 32 2 N
LONGITUDE: 102 6 W
TEMPERATURE IN F: :PCPN: SNOW: WIND :SUNSHINE: SKY :PK WND
================================================================================
1 2 3 4 5 6A 6B 7 8 9 10 11 12 13 14 15 16 17 18
12Z AVG MX 2MIN
DY MAX MIN AVG DEP HDD CDD WTR SNW DPTH SPD SPD DIR MIN PSBL S-S WX SPD DR
================================================================================
1 73 56 65 M 0 0 M M M 14.0 18 180 M M 0 28 170
2 85 59 72 M 0 7 M M M 11.9 17 270 M M 0 29 220
3 67 39 53 M 12 0 M M M 13.4 18 20 M M 4 29 360
4 48 38 43 M 22 0 M M M 10.0 14 60 M M 10 1 20 30
5 78 47 63 M 2 0 M M M 9.5 17 160 M M 6 1 28 170
6 74 60 67 M 0 2 M M M 10.8 20 180 M M 6 23 180
7 85 60 73 M 0 8 M M M 8.9 15 230 M M 1 23 230
8 88 58 73 M 0 8 M M M 7.6 17 240 M M 3 24 280
9 77 54 66 M 0 1 M M M 5.4 10 70 M M 4 17 190
10 76 47 62 M 3 0 M M M 11.6 17 120 M M 4 3 24 100
11 83 59 71 M 0 6 M M M 7.9 15 270 M M 5 1 28 330
12 78 45 62 M 3 0 M M M 16.5 31 260 M M 0 40 260
13 58 34 46 M 19 0 M M M 12.4 18 70 M M 0 26 70
14 53 35 44 M 21 0 M M M 10.1 20 80 M M 5 24 80
15 71 41 56 M 9 0 M M M 12.1 16 160 M M 2 24 180
16 83 50 67 M 0 2 M M M 17.1 23 170 M M 0 31 170
17 62 44 53 M 12 0 M M M 10.4 17 360 M M 5 25 360
18 74 43 59 M 6 0 M M M 6.4 12 190 M M 5 1 M M
19 83 59 71 M 0 6 M M M 11.9 22 280 M M 0 29 290
20 87 53 70 M 0 5 M M M 8.0 15 310 M M 0 8 23 310
21 92 50 71 M 0 6 M M M 7.6 18 170 M M 0 8 25 170
22 85 63 74 M 0 9 M M M 14.4 24 300 M M 2 18 35 280
23 87 52 70 M 0 5 M M M 7.2 18 260 M M 0 25 270
24 88 63 76 M 0 11 M M M 13.8 22 340 M M 0 33 360
25 78 49 64 M 1 0 M M M 7.7 13 110 M M 0 20 70
26 87 54 71 M 0 6 M M M 15.9 24 180 M M 0 31 180
27 95 66 81 M 0 16 M M M 13.3 18 190 M M 0 25 180
28 100 68 84 M 0 19 M M M 11.8 17 190 M M 0 31 260
29 82 61 72 M 0 7 M M M 12.1 24 50 M M 0 31 50
30 91 53 72 M 0 7 M M M 9.3 18 200 M M 0 25 200
================================================================================
SM 2368 1560 110 131 M M 329.0 M 62
================================================================================
AV 78.9 52.0 11.0 FASTST M M 2 MAX(MPH)
MISC ----> 31 260 40 260
================================================================================
NOTES:
# LAST OF SEVERAL OCCURRENCES
COLUMN 17 PEAK WIND IN M.P.H.
PRELIMINARY LOCAL CLIMATOLOGICAL DATA (WS FORM: F-6) , PAGE 2
STATION: MIDLAND AIRPARK
MONTH: APRIL
YEAR: 2020
LATITUDE: 32 2 N
LONGITUDE: 102 6 W
[TEMPERATURE DATA] [PRECIPITATION DATA] SYMBOLS USED IN COLUMN 16
AVERAGE MONTHLY: 65.5 TOTAL FOR MONTH: M 1 = FOG OR MIST
DPTR FM NORMAL: 0.0 DPTR FM NORMAL: M 2 = FOG REDUCING VISIBILITY
HIGHEST: 100 ON 28 GRTST 24HR M ON M TO 1/4 MILE OR LESS
LOWEST: 34 ON 13 3 = THUNDER
SNOW, ICE PELLETS, HAIL 4 = ICE PELLETS
TOTAL MONTH: M 5 = HAIL
GRTST 24HR M ON M 6 = FREEZING RAIN OR DRIZZLE
GRTST DEPTH: M ON M 7 = DUSTSTORM OR SANDSTORM:
VSBY 1/2 MILE OR LESS
8 = SMOKE OR HAZE
[NO. OF DAYS WITH] [WEATHER - DAYS WITH] 9 = BLOWING SNOW
X = TORNADO
MAX 32 OR BELOW: 0 0.01 INCH OR MORE: 0
MAX 90 OR ABOVE: 4 0.10 INCH OR MORE: 0
MIN 32 OR BELOW: 0 0.50 INCH OR MORE: 0
MIN 0 OR BELOW: 0 1.00 INCH OR MORE: 0
[HDD (BASE 65) ]
TOTAL THIS MO. 110 CLEAR (SCALE 0-3) 19
DPTR FM NORMAL M PTCLDY (SCALE 4-7) 10
TOTAL FM JUL 1 2314 CLOUDY (SCALE 8-10) 1
DPTR FM NORMAL M
[CDD (BASE 65) ]
TOTAL THIS MO. 131
DPTR FM NORMAL M [PRESSURE DATA]
TOTAL FM JAN 1 178 HIGHEST SLP M ON M
DPTR FM NORMAL M LOWEST SLP M ON M
[REMARKS]
#FINAL-04-20#