000
CXUS51 KCTP 010827
CLMMDT
CLIMATE REPORT
NATIONAL WEATHER SERVICE STATE COLLEGE PA
427 AM EDT TUE AUG 01 2023
...................................
...THE HARRISBURG PA CLIMATE SUMMARY FOR THE MONTH OF JULY 2023...
CLIMATE NORMAL PERIOD 1991 TO 2020
CLIMATE RECORD PERIOD 1888 TO 2023
WEATHER OBSERVED NORMAL DEPART LAST YEAR`S
VALUE DATE(S) VALUE FROM VALUE DATE(S)
NORMAL
................................................................
TEMPERATURE (F)
RECORD
HIGH 107 07/03/1966
LOW 49 07/12/1945
HIGHEST 95 07/28 96 07/23
LOWEST 65 07/21 62 07/04
07/23
07/30
07/10
AVG. MAXIMUM 87.3 86.8 0.5 87.7
AVG. MINIMUM 69.7 67.8 1.9 70.1
MEAN 78.5 77.3 1.2 78.9
DAYS MAX >= 90 11 9.3 1.7 10
DAYS MAX <= 32 0 0.0 0.0 0
DAYS MIN <= 32 0 0.0 0.0 0
DAYS MIN <= 0 0 0.0 0.0 0
PRECIPITATION (INCHES)
RECORD
MAXIMUM 12.09 2018
MINIMUM 0.78 1955
TOTALS 4.97 4.74 0.23 3.33
DAILY AVG. 0.16 0.15 0.01 0.11
DAYS >= .01 15 10.9 4.1 10
DAYS >= .10 9 7.2 1.8 7
DAYS >= .50 3 3.0 0.0 3
DAYS >= 1.00 2 1.3 0.7 1
GREATEST
24 HR. TOTAL 1.17 07/09 TO 07/09 1.70 07/17 TO 07/18
SNOWFALL (INCHES)
RECORDS
TOTAL 0.0 MM
TOTALS 0.0 0.0 0.0 0.0
SINCE 7/1 0.0 0.0 0.0 MM
SNOWDEPTH AVG. 0 0
DAYS >= 1.0 0 0.0 0.0 0
GREATEST
SNOW DEPTH 0 0 MM
24 HR TOTAL MM MM
DEGREE DAYS
HEATING TOTAL 0 0 0 0
SINCE 7/1 0 0 0 MM
COOLING TOTAL 423 381 42 437
SINCE 1/1 637 702 -65 MM
................................................................
WIND (MPH)
AVERAGE WIND SPEED 5.4
HIGHEST WIND SPEED/DIRECTION 36/310 DATE 07/29
HIGHEST GUST SPEED/DIRECTION 44/310 DATE 07/29
SKY COVER
POSSIBLE SUNSHINE (PERCENT) MM
AVERAGE SKY COVER 0.53
NUMBER OF DAYS FAIR 9
NUMBER OF DAYS PC 16
NUMBER OF DAYS CLOUDY 6
AVERAGE RH (PERCENT) 71
WEATHER CONDITIONS. NUMBER OF DAYS WITH
THUNDERSTORM 15 MIXED PRECIP 0
HEAVY RAIN 8 RAIN 8
LIGHT RAIN 19 FREEZING RAIN 0
LT FREEZING RAIN 0 HAIL 0
HEAVY SNOW 0 SNOW 0
LIGHT SNOW 0 SLEET 0
FOG 16 FOG W/VIS <= 1/4 MILE 1
HAZE 12
- INDICATES NEGATIVE NUMBERS.
R INDICATES RECORD WAS SET OR TIED.
MM INDICATES DATA IS MISSING.
T INDICATES TRACE AMOUNT.
$$