000
CXUS54 KMEG 010900
CF6MEG
PRELIMINARY LOCAL CLIMATOLOGICAL DATA (WS FORM: F-6)
STATION: MEMPHIS/GERMANTOWN WFO
MONTH: JUNE
YEAR: 2022
LATITUDE: 35 7 N
LONGITUDE: 89 48 W
TEMPERATURE IN F: :PCPN: SNOW: WIND :SUNSHINE: SKY :PK WND
================================================================================
1 2 3 4 5 6A 6B 7 8 9 10 11 12 13 14 15 16 17 18
12Z AVG MX 2MIN
DY MAX MIN AVG DEP HDD CDD WTR SNW DPTH SPD SPD DIR MIN PSBL S-S WX SPD DR
================================================================================
1 93 69 81 6 0 16 0.05 0.0 0 M M M M M M 3 M M
2 80 67 74 -1 0 9 0.04 0.0 0 M M M M M M M M
3 83 63 73 -2 0 8 0.00 0.0 0 M M M M M M M M
4 85 58 72 -4 0 7 0.00 0.0 0 M M M M M M M M
5 90 59 75 -1 0 10 0.00 0.0 0 M M M M M M M M
6 86 68 77 1 0 12 0.62 0.0 0 M M M M M M 13 M M
7 87 70 79 3 0 14 0.01 0.0 0 M M M M M M M M
8 81 68 75 -1 0 10 0.12 0.0 0 M M M M M M 13 M M
9 86 64 75 -2 0 10 0.00 0.0 0 M M M M M M M M
10 81 61 71 -6 0 6 0.08 0.0 0 M M M M M M 3 M M
11 88 63 76 -1 0 11 0.00 0.0 0 M M M M M M M M
12 96 70 83 6 0 18 0.00 0.0 0 M M M M M M M M
13 97 79 88 10 0 23 0.00 0.0 0 M M M M M M M M
14 97 78 88 10 0 23 0.00 0.0 0 M M M M M M M M
15 97 74 86 8 0 21 0.00 0.0 0 M M M M M M M M
16 99 76 88 10 0 23 0.00 0.0 0 M M M M M M M M
17 95 76 86 8 0 21 0.00 0.0 0 M M M M M M M M
18 94 73 84 5 0 19 0.00 0.0 0 M M M M M M M M
19 89 64 77 -2 0 12 0.00 0.0 0 M M M M M M M M
20 94 61 78 -1 0 13 0.00 0.0 0 M M M M M M M M
21 100 70 85 6 0 20 0.00 0.0 0 M M M M M M M M
22 99 72 86 7 0 21 0.00 0.0 0 M M M M M M M M
23 95 71 83 3 0 18 0.00 0.0 0 M M M M M M M M
24 95 67 81 1 0 16 0.00 0.0 0 M M M M M M M M
25 98 67 83 3 0 18 0.00 0.0 0 M M M M M M M M
26 92 73 83 3 0 18 0.02 0.0 0 M M M M M M 3 M M
27 85 71 78 -2 0 13 0.00 0.0 0 M M M M M M M M
28 88 66 77 -3 0 12 0.00 0.0 0 M M M M M M M M
29 92 63 78 -2 0 13 0.00 0.0 0 M M M M M M M M
30 95 71 83 3 0 18 0.01 0.0 0 M M M M M M M M
================================================================================
SM 2737 2052 0 453 0.95 0.0 M M M
================================================================================
AV 91.2 68.4 M FASTST M M M MAX(MPH)
MISC ----> M M M M
================================================================================
NOTES:
# LAST OF SEVERAL OCCURRENCES
COLUMN 17 PEAK WIND IN M.P.H.
PRELIMINARY LOCAL CLIMATOLOGICAL DATA (WS FORM: F-6) , PAGE 2
STATION: MEMPHIS/GERMANTOWN WFO
MONTH: JUNE
YEAR: 2022
LATITUDE: 35 7 N
LONGITUDE: 89 48 W
[TEMPERATURE DATA] [PRECIPITATION DATA] SYMBOLS USED IN COLUMN 16
AVERAGE MONTHLY: 79.8 TOTAL FOR MONTH: 0.95 1 = FOG OR MIST
DPTR FM NORMAL: 1.8 DPTR FM NORMAL: -3.76 2 = FOG REDUCING VISIBILITY
HIGHEST: 100 ON 21 GRTST 24HR 0.62 ON 6- 6 TO 1/4 MILE OR LESS
LOWEST: 58 ON 4 3 = THUNDER
SNOW, ICE PELLETS, HAIL 4 = ICE PELLETS
TOTAL MONTH: 0.0 INCH 5 = HAIL
GRTST 24HR 0.0 6 = FREEZING RAIN OR DRIZZLE
GRTST DEPTH: 0 7 = DUSTSTORM OR SANDSTORM:
VSBY 1/2 MILE OR LESS
8 = SMOKE OR HAZE
[NO. OF DAYS WITH] [WEATHER - DAYS WITH] 9 = BLOWING SNOW
X = TORNADO
MAX 32 OR BELOW: 0 0.01 INCH OR MORE: 8
MAX 90 OR ABOVE: 18 0.10 INCH OR MORE: 2
MIN 32 OR BELOW: 0 0.50 INCH OR MORE: 1
MIN 0 OR BELOW: 0 1.00 INCH OR MORE: 0
[HDD (BASE 65) ]
TOTAL THIS MO. 0 CLEAR (SCALE 0-3) 0
DPTR FM NORMAL -1 PTCLDY (SCALE 4-7) 0
TOTAL FM JUL 1 2834 CLOUDY (SCALE 8-10) 30
DPTR FM NORMAL -517
[CDD (BASE 65) ]
TOTAL THIS MO. 453
DPTR FM NORMAL 63 [PRESSURE DATA]
TOTAL FM JAN 1 777 HIGHEST SLP M ON M
DPTR FM NORMAL 121 LOWEST SLP M ON M
[REMARKS]
#FINAL-06-22#