000
CXUS56 KPDT 011910
CF6MEH
PRELIMINARY LOCAL CLIMATOLOGICAL DATA (WS FORM: F-6)
STATION: MEACHAM OR
MONTH: JANUARY
YEAR: 2022
LATITUDE: 45 30 N
LONGITUDE: 118 24 W
TEMPERATURE IN F: :PCPN: SNOW: WIND :SUNSHINE: SKY :PK WND
================================================================================
1 2 3 4 5 6A 6B 7 8 9 10 11 12 13 14 15 16 17 18
12Z AVG MX 2MIN
DY MAX MIN AVG DEP HDD CDD WTR SNW DPTH SPD SPD DIR MIN PSBL S-S WX SPD DR
================================================================================
1 20 -24 -2 -30 67 0 0.00 M M 0.1 3 220 M M 2 18 7 150
2 20 14 17 -11 48 0 T M M 1.1 6 180 M M 1 8 22 170
3 31 19 25 -3 40 0 0.61 M M 1.1 14 100 M M 6 12 31 80
4 31 20 26 -2 39 0 0.33 M M 0.0 2 90 M M 10 1 7 310
5 34 27 31 3 34 0 0.46 M M 2.4 9 280 M M 10 12 23 260
6 37 28 33 5 32 0 0.53 M M 0.0 3 90 M M 10 16 7 110
7 42 27 35 7 30 0 0.47 M M 2.1 10 270 M M 7 1 37 290
8 34 18 26 -2 39 0 0.00 M M 1.2 8 270 M M 6 20 300
9 35 20 28 0 37 0 0.00 M M 1.1 7 140 M M 0 14 90
10 37 25 31 3 34 0 0.00 M M 0.2 5 110 M M 2 11 170
11 38 29 34 6 31 0 0.02 M M 0.0 3 180 M M 8 9 180
12 43 34 39 10 26 0 T M M 0.4 6 200 M M 4 11 180
13 45 32 39 10 26 0 0.05 M M 0.3 6 280 M M 6 14 270
14 41 26 34 5 31 0 0.00 M M 0.4 8 90 M M 4 12 90
15 38 27 33 4 32 0 0.00 M M 0.0 M M M M 0 M M
16 38 24 31 2 34 0 0.00 M M 0.4 7 100 M M 0 13 80
17 38 26 32 3 33 0 0.00 M M 0.0 5 90 M M 2 7 80
18 35 19 27 -2 38 0 0.32 M M 0.0 3 280 M M 8 16 7 220
19 40 32 36 7 29 0 0.04 M M 0.0 3 200 M M 10 1 7 210
20 44 33 39 10 26 0 0.93 M M 1.4 8 280 M M 10 1 22 260
21 40 21 31 2 34 0 0.00 M M 0.1 6 280 M M 2 18 250
22 45 12 29 0 36 0 0.00 M M 0.0 5 10 M M 0 9 30
23 41 15 28 -2 37 0 0.00 M M 0.3 7 100 M M 0 11 90
24 43 13 28 -2 37 0 T M M 0.7 6 260 M M 2 1 12 310
25 34 6 20 -10 45 0 0.00 M M 0.4 7 100 M M 1 12 11 90
26 38 13 26 -4 39 0 0.00 M M 0.3 6 50 M M 0 1 9 100
27 30 3 17 -13 48 0 0.00 M M 0.1 8 90 M M 0 13 80
28 36 21 29 -1 36 0 0.00 M M 0.5 6 190 M M 0 24 70
29 39 23 31 1 34 0 0.00 M M 0.5 6 100 M M 0 11 80
30 36 18 27 -3 38 0 0.04 M M 0.1 4 99 M M 4 M M
31 36 26 31 1 34 0 0.16 M M 4.3 10 280 M M 9 12 24 300
================================================================================
SM 1139 627 1124 0 3.96 M 19.5 M 124
================================================================================
AV 36.7 20.2 0.6 FASTST M M 4 MAX(MPH)
MISC ----> 14 100 37 290
================================================================================
NOTES:
# LAST OF SEVERAL OCCURRENCES
COLUMN 17 PEAK WIND IN M.P.H.
PRELIMINARY LOCAL CLIMATOLOGICAL DATA (WS FORM: F-6) , PAGE 2
STATION: MEACHAM OR
MONTH: JANUARY
YEAR: 2022
LATITUDE: 45 30 N
LONGITUDE: 118 24 W
[TEMPERATURE DATA] [PRECIPITATION DATA] SYMBOLS USED IN COLUMN 16
AVERAGE MONTHLY: 28.5 TOTAL FOR MONTH: 3.96 1 = FOG OR MIST
DPTR FM NORMAL: -0.3 DPTR FM NORMAL: -0.55 2 = FOG REDUCING VISIBILITY
HIGHEST: 45 ON 22,13 GRTST 24HR 0.93 ON 20-20 TO 1/4 MILE OR LESS
LOWEST: -24 ON 1 3 = THUNDER
SNOW, ICE PELLETS, HAIL 4 = ICE PELLETS
TOTAL MONTH: M 5 = HAIL
GRTST 24HR M ON M 6 = FREEZING RAIN OR DRIZZLE
GRTST DEPTH: M ON M 7 = DUSTSTORM OR SANDSTORM:
VSBY 1/2 MILE OR LESS
8 = SMOKE OR HAZE
[NO. OF DAYS WITH] [WEATHER - DAYS WITH] 9 = BLOWING SNOW
X = TORNADO
MAX 32 OR BELOW: 5 0.01 INCH OR MORE: 12
MAX 90 OR ABOVE: 0 0.10 INCH OR MORE: 8
MIN 32 OR BELOW: 29 0.50 INCH OR MORE: 3
MIN 0 OR BELOW: 1 1.00 INCH OR MORE: 0
[HDD (BASE 65) ]
TOTAL THIS MO. 1124 CLEAR (SCALE 0-3) 16
DPTR FM NORMAL 3 PTCLDY (SCALE 4-7) 9
TOTAL FM JUL 1 4307 CLOUDY (SCALE 8-10) 6
DPTR FM NORMAL -307
[CDD (BASE 65) ]
TOTAL THIS MO. 0
DPTR FM NORMAL 0 [PRESSURE DATA]
TOTAL FM JAN 1 0 HIGHEST SLP M ON M
DPTR FM NORMAL 0 LOWEST SLP 29.43 ON 7
[REMARKS]
#FINAL-01-22#