000
CXUS54 KJAN 011414
CF6MEI
PRELIMINARY LOCAL CLIMATOLOGICAL DATA (WS FORM: F-6)
STATION: MERIDIAN
MONTH: JUNE
YEAR: 2020
LATITUDE: 32 19 N
LONGITUDE: 88 45 W
TEMPERATURE IN F: :PCPN: SNOW: WIND :SUNSHINE: SKY :PK WND
================================================================================
1 2 3 4 5 6A 6B 7 8 9 10 11 12 13 14 15 16 17 18
12Z AVG MX 2MIN
DY MAX MIN AVG DEP HDD CDD WTR SNW DPTH SPD SPD DIR MIN PSBL S-S WX SPD DR
================================================================================
1 89 62 76 1 0 11 0.00 0.0 0 5.5 10 40 M M 0 16 70
2 92 65 79 4 0 14 0.00 0.0 0 4.8 12 190 M M 2 17 140
3 88 70 79 4 0 14 0.10 0.0 0 4.1 15 140 M M 5 13 20 120
4 90 69 80 4 0 15 0.00 0.0 0 4.8 13 240 M M 4 1 17 210
5 93 69 81 5 0 16 0.32 0.0 0 5.7 31 330 M M 1 13 41 350
6 89 68 79 3 0 14 0.00 0.0 0 6.9 17 60 M M 4 1 23 40
7 85 74 80 4 0 15 0.70 0.0 0 15.8 26 90 M M 8 1 39 70
8 85 76 81 5 0 16 1.89 0.0 0 15.9 28 160 M M 10 13 39 160
9 92 76 84 7 0 19 0.50 0.0 0 11.3 31 220 M M 7 138 48 220
10 92 66 79 2 0 14 0.02 0.0 0 9.4 20 200 M M 3 1 27 210
11 84 63 74 -3 0 9 0.00 0.0 0 7.7 20 30 M M 1 25 30
12 86 59 73 -4 0 8 0.00 0.0 0 9.4 24 10 M M 0 33 20
13 90 62 76 -1 0 11 0.00 0.0 0 5.0 15 30 M M 1 21 50
14 91 66 79 1 0 14 0.00 0.0 0 3.2 12 50 M M 1 14 60
15 92 65 79 1 0 14 0.00 0.0 0 4.7 20 350 M M 1 28 350
16 85 60 73 -5 0 8 0.00 0.0 0 4.6 14 20 M M 1 23 360
17 89 61 75 -3 0 10 0.00 0.0 0 2.5 9 10 M M 1 13 20
18 90 64 77 -1 0 12 0.03 0.0 0 3.2 17 40 M M 4 23 40
19 93 65 79 1 0 14 0.04 0.0 0 1.9 21 40 M M 1 1 27 40
20 93 67 80 1 0 15 0.00 0.0 0 3.0 8 180 M M 1 13 290
21 93 70 82 3 0 17 T 0.0 0 6.0 18 330 M M 4 3 27 320
22 89 67 78 -1 0 13 0.18 0.0 0 7.3 22 190 M M 2 38 29 200
23 93 72 83 4 0 18 0.36 0.0 0 7.9 21 50 M M 5 13 26 50
24 79 72 76 -3 0 11 2.20 0.0 0 4.4 12 220 M M 7 13 17 330
25 88 70 79 0 0 14 0.64 0.0 0 3.6 32 240 M M 3 138 50 230
26 85 69 77 -2 0 12 0.01 0.0 0 4.3 12 210 M M 4 8 16 210
27 90 74 82 2 0 17 0.00 0.0 0 6.2 13 200 M M 4 18 17 200
28 94 76 85 5 0 20 0.01 0.0 0 5.6 13 260 M M 4 1 19 180
29 93 75 84 4 0 19 0.00 0.0 0 5.5 17 180 M M 3 1 21 180
30 92 76 84 4 0 19 T 0.0 0 4.2 15 250 M M 1 21 250
================================================================================
SM 2684 2048 0 423 7.00 0.0 184.4 M 93
================================================================================
AV 89.5 68.3 6.1 FASTST M M 3 MAX(MPH)
MISC ----> # 32 240 # 50 230
================================================================================
NOTES:
# LAST OF SEVERAL OCCURRENCES
COLUMN 17 PEAK WIND IN M.P.H.
PRELIMINARY LOCAL CLIMATOLOGICAL DATA (WS FORM: F-6) , PAGE 2
STATION: MERIDIAN
MONTH: JUNE
YEAR: 2020
LATITUDE: 32 19 N
LONGITUDE: 88 45 W
[TEMPERATURE DATA] [PRECIPITATION DATA] SYMBOLS USED IN COLUMN 16
AVERAGE MONTHLY: 78.9 TOTAL FOR MONTH: 7.00 1 = FOG OR MIST
DPTR FM NORMAL: 1.3 DPTR FM NORMAL: 2.60 2 = FOG REDUCING VISIBILITY
HIGHEST: 94 ON 28 GRTST 24HR 2.20 ON 24-24 TO 1/4 MILE OR LESS
LOWEST: 59 ON 12 3 = THUNDER
SNOW, ICE PELLETS, HAIL 4 = ICE PELLETS
TOTAL MONTH: 0.0 INCH 5 = HAIL
GRTST 24HR 0.0 6 = FREEZING RAIN OR DRIZZLE
GRTST DEPTH: 0 7 = DUSTSTORM OR SANDSTORM:
VSBY 1/2 MILE OR LESS
8 = SMOKE OR HAZE
[NO. OF DAYS WITH] [WEATHER - DAYS WITH] 9 = BLOWING SNOW
X = TORNADO
MAX 32 OR BELOW: 0 0.01 INCH OR MORE: 14
MAX 90 OR ABOVE: 17 0.10 INCH OR MORE: 9
MIN 32 OR BELOW: 0 0.50 INCH OR MORE: 5
MIN 0 OR BELOW: 0 1.00 INCH OR MORE: 2
[HDD (BASE 65) ]
TOTAL THIS MO. 0 CLEAR (SCALE 0-3) 17
DPTR FM NORMAL 0 PTCLDY (SCALE 4-7) 12
TOTAL FM JUL 1 1677 CLOUDY (SCALE 8-10) 1
DPTR FM NORMAL -876
[CDD (BASE 65) ]
TOTAL THIS MO. 423
DPTR FM NORMAL 43 [PRESSURE DATA]
TOTAL FM JAN 1 878 HIGHEST SLP M ON M
DPTR FM NORMAL 215 LOWEST SLP 29.40 ON 8
[REMARKS]
#FINAL-06-20#