000
CXUS54 KBRO 020710
CF6MFE
PRELIMINARY LOCAL CLIMATOLOGICAL DATA (WS FORM: F-6)
STATION: MCALLEN
MONTH: NOVEMBER
YEAR: 2022
LATITUDE: 26 10 N
LONGITUDE: 98 14 W
TEMPERATURE IN F: :PCPN: SNOW: WIND :SUNSHINE: SKY :PK WND
================================================================================
1 2 3 4 5 6A 6B 7 8 9 10 11 12 13 14 15 16 17 18
12Z AVG MX 2MIN
DY MAX MIN AVG DEP HDD CDD WTR SNW DPTH SPD SPD DIR MIN PSBL S-S WX SPD DR
================================================================================
1 79 70 75 1 0 10 0.02 0.0 0 7.7 21 40 M M 10 18 27 50
2 83 69 76 2 0 11 0.00 0.0 0 5.7 12 110 M M 8 18 22 30
3 91 71 81 7 0 16 0.00 0.0 0 12.7 25 130 M M 5 1 33 120
4 96 77 87 14 0 22 0.00 0.0 0 17.5 29 140 M M 3 41 160
5 83 71 77 4 0 12 0.00 0.0 0 9.6 23 350 M M 8 29 350
6 94 68 81 8 0 16 0.00 0.0 0 7.4 18 140 M M 4 24 130
7 91 73 82 10 0 17 0.13 0.0 0 10.4 21 130 M M 5 1 26 120
8 91 71 81 9 0 16 0.00 0.0 0 7.0 18 90 M M 2 25 80
9 91 70 81 9 0 16 0.00 0.0 0 9.9 20 130 M M 3 27 130
10 91 66 79 7 0 14 0.00 0.0 0 9.2 17 130 M M 1 23 140
11 92 61 77 6 0 12 1.26 0.0 0 11.9 39 360 M M 5 13 58 360
12 68 51 60 -11 5 0 0.22 0.0 0 12.9 24 340 M M 8 1 34 320
13 67 51 59 -12 6 0 0.02 0.0 0 9.3 14 360 M M 10 1 19 20
14 83 58 71 1 0 6 0.01 0.0 0 6.8 21 350 M M 6 1 30 340
15 67 52 60 -10 5 0 0.00 0.0 0 11.7 23 10 M M 8 30 10
16 57 47 52 -18 13 0 0.00 0.0 0 12.0 18 320 M M 10 28 340
17 59 48 54 -16 11 0 T 0.0 0 10.4 16 340 M M 10 8 28 360
18 57 50 54 -15 11 0 0.32 0.0 0 8.8 17 350 M M 10 18 24 330
19 52 45 49 -20 16 0 0.54 0.0 0 15.5 26 340 M M 10 1 35 340
20 47 44 46 -23 19 0 0.01 0.0 0 12.4 21 340 M M 10 18 28 340
21 49 44 47 -21 18 0 0.48 0.0 0 12.3 18 340 M M 10 1 25 310
22 53 48 51 -17 14 0 0.58 0.0 0 9.4 14 340 M M 10 1 20 320
23 59 52 56 -12 9 0 0.03 0.0 0 5.4 10 310 M M 10 1 13 320
24 74 59 67 -1 0 2 0.01 0.0 0 3.1 12 310 M M 10 12 16 310
25 68 57 63 -5 2 0 0.07 0.0 0 9.9 17 300 M M 10 1 23 300
26 69 50 60 -7 5 0 0.00 0.0 0 8.3 21 300 M M 3 1 29 300
27 82 48 65 -2 0 0 0.00 0.0 0 4.4 14 170 M M 0 1 20 180
28 78 62 70 3 0 5 0.00 0.0 0 3.3 15 140 M M 8 12 21 150
29 88 68 78 11 0 13 0.00 0.0 0 8.1 16 160 M M 4 12 23 160
30 75 58 67 1 0 2 0.03 0.0 0 10.5 24 360 M M 10 12 33 360
================================================================================
SM 2234 1759 134 190 3.73 0.0 283.5 M 211
================================================================================
AV 74.5 58.6 9.4 FASTST M M 7 MAX(MPH)
MISC ----> 39 360 58 360
================================================================================
NOTES:
# LAST OF SEVERAL OCCURRENCES
COLUMN 17 PEAK WIND IN M.P.H.
PRELIMINARY LOCAL CLIMATOLOGICAL DATA (WS FORM: F-6) , PAGE 2
STATION: MCALLEN
MONTH: NOVEMBER
YEAR: 2022
LATITUDE: 26 10 N
LONGITUDE: 98 14 W
[TEMPERATURE DATA] [PRECIPITATION DATA] SYMBOLS USED IN COLUMN 16
AVERAGE MONTHLY: 66.6 TOTAL FOR MONTH: 3.73 1 = FOG OR MIST
DPTR FM NORMAL: -3.6 DPTR FM NORMAL: 2.56 2 = FOG REDUCING VISIBILITY
HIGHEST: 96 ON 4 GRTST 24HR 1.48 ON 11-12 TO 1/4 MILE OR LESS
LOWEST: 44 ON 21,20 3 = THUNDER
SNOW, ICE PELLETS, HAIL 4 = ICE PELLETS
TOTAL MONTH: 0.0 INCH 5 = HAIL
GRTST 24HR 0.0 6 = FREEZING RAIN OR DRIZZLE
GRTST DEPTH: 0 7 = DUSTSTORM OR SANDSTORM:
VSBY 1/2 MILE OR LESS
8 = SMOKE OR HAZE
[NO. OF DAYS WITH] [WEATHER - DAYS WITH] 9 = BLOWING SNOW
X = TORNADO
MAX 32 OR BELOW: 0 0.01 INCH OR MORE: 15
MAX 90 OR ABOVE: 8 0.10 INCH OR MORE: 7
MIN 32 OR BELOW: 0 0.50 INCH OR MORE: 3
MIN 0 OR BELOW: 0 1.00 INCH OR MORE: 1
[HDD (BASE 65) ]
TOTAL THIS MO. 134 CLEAR (SCALE 0-3) 5
DPTR FM NORMAL 83 PTCLDY (SCALE 4-7) 11
TOTAL FM JUL 1 138 CLOUDY (SCALE 8-10) 14
DPTR FM NORMAL 82
[CDD (BASE 65) ]
TOTAL THIS MO. 190
DPTR FM NORMAL -16 [PRESSURE DATA]
TOTAL FM JAN 1 4663 HIGHEST SLP 30.45 ON 20
DPTR FM NORMAL -223 LOWEST SLP 29.68 ON 4
[REMARKS]
#FINAL-11-22#