000
CXUS53 KGRB 290624
CF6MFI
PRELIMINARY LOCAL CLIMATOLOGICAL DATA (WS FORM: F-6)
STATION: MARSHFIELD WI
MONTH: MARCH
YEAR: 2023
LATITUDE: 44 37 N
LONGITUDE: 90 11 W
TEMPERATURE IN F: :PCPN: SNOW: WIND :SUNSHINE: SKY :PK WND
================================================================================
1 2 3 4 5 6A 6B 7 8 9 10 11 12 13 14 15 16 17 18
12Z AVG MX 2MIN
DY MAX MIN AVG DEP HDD CDD WTR SNW DPTH SPD SPD DIR MIN PSBL S-S WX SPD DR
================================================================================
1 33 30 32 8 33 0 0.06 T 5 7.4 13 10 M M 10 16 19 10
2 34 18 26 2 39 0 0.00 0.0 5 5.6 16 20 M M 3 1 23 20
3 37 20 29 4 36 0 0.00 0.0 5 5.0 9 330 M M 5 12 12 120
4 40 19 30 5 35 0 0.00 0.0 4 5.1 12 320 M M 3 18 15 300
5 41 19 30 4 35 0 0.00 0.0 4 9.2 24 130 M M 3 1 32 100
6 35 32 34 8 31 0 0.24 3.0 6 11.5 20 90 M M 10 1 28 100
7 39 25 32 6 33 0 0.00 0.0 5 8.1 20 50 M M 1 26 40
8 38 26 32 5 33 0 0.00 0.0 4 10.5 17 120 M M 6 23 90
9 35 26 31 4 34 0 T T 3 12.5 21 80 M M 10 1 31 80
10 34 25 30 2 35 0 0.19 4.0 8 9.0 20 50 M M 10 1 27 40
11 30 24 27 -1 38 0 0.00 0.0 6 10.9 16 110 M M 10 1 22 110
12 33 24 29 0 36 0 0.16 3.0 9 8.8 18 50 M M 10 1 26 50
13 28 12 20 -9 45 0 0.22 3.0 11 11.5 20 350 M M 4 1 27 20
14 31 -2 15 -15 50 0 0.00 0.0 11 4.6 9 170 M M 0 13 140
15 47 16 32 2 33 0 T 0.0 11 11.2 17 200 M M 3 26 210
16 42 30 36 6 29 0 0.16 T 6 10.3 29 310 M M 10 12 38 300
17 30 6 18 -13 47 0 T T 6 19.8 33 320 M M 10 18 42 300
18 23 6 15 -16 50 0 T T 5 16.7 31 320 M M 5 18 41 330
19 36 11 24 -8 41 0 0.00 0.0 M 13.1 22 250 M M 0 31 260
20 41 26 34 2 31 0 0.00 0.0 4 6.9 15 80 M M 0 20 70
21 35 24 30 -3 35 0 0.00 0.0 4 14.0 21 90 M M 7 29 80
22 41 30 36 3 29 0 0.08 0.8 4 10.4 20 260 M M 8 12 28 250
23 37 22 30 -4 35 0 0.00 0.0 2 8.3 16 340 M M 3 21 350
24 42 21 32 -2 33 0 0.00 0.0 1 7.7 16 90 M M 0 21 90
25 43 28 36 2 29 0 0.00 0.0 T 9.9 18 340 M M 0 23 290
26 43 23 33 -2 32 0 0.00 0.0 T 7.2 14 330 M M 0 17 330
27 43 22 33 -2 32 0 0.00 0.0 T 6.6 13 340 M M 0 16 300
28 39 21 30 -6 35 0 0.01 0.2 5 9.6 18 310 M M 2 1 28 300
29 29 16 23 -13 42 0 0.00 0.0 5 11.7 24 320 M M 2 31 320
30 39 13 26 -11 39 0 0.10 T 5 8.1 18 130 M M 5 16 29 130
31 39 33 36 -1 29 0 1.31 T 5 14.6 29 60 M M 10 13 38 60
================================================================================
SM 1137 646 1114 0 2.53 14.0 305.8 M 150
================================================================================
AV 36.7 20.8 9.9 FASTST M M 5 MAX(MPH)
MISC ----> 33 320 42 300
================================================================================
NOTES:
# LAST OF SEVERAL OCCURRENCES
COLUMN 17 PEAK WIND IN M.P.H.
PRELIMINARY LOCAL CLIMATOLOGICAL DATA (WS FORM: F-6) , PAGE 2
STATION: MARSHFIELD WI
MONTH: MARCH
YEAR: 2023
LATITUDE: 44 37 N
LONGITUDE: 90 11 W
[TEMPERATURE DATA] [PRECIPITATION DATA] SYMBOLS USED IN COLUMN 16
AVERAGE MONTHLY: 28.8 TOTAL FOR MONTH: 2.53 1 = FOG OR MIST
DPTR FM NORMAL: -1.6 DPTR FM NORMAL: 1.28 2 = FOG REDUCING VISIBILITY
HIGHEST: 47 ON 15 GRTST 24HR 1.31 ON 31-31 TO 1/4 MILE OR LESS
LOWEST: -2 ON 14 3 = THUNDER
SNOW, ICE PELLETS, HAIL 4 = ICE PELLETS
TOTAL MONTH: 14.0 INCHES 5 = HAIL
GRTST 24HR 4.0 ON 10-10 6 = FREEZING RAIN OR DRIZZLE
GRTST DEPTH: 11 ON 15,14 7 = DUSTSTORM OR SANDSTORM:
VSBY 1/2 MILE OR LESS
8 = SMOKE OR HAZE
[NO. OF DAYS WITH] [WEATHER - DAYS WITH] 9 = BLOWING SNOW
X = TORNADO
MAX 32 OR BELOW: 6 0.01 INCH OR MORE: 10
MAX 90 OR ABOVE: 0 0.10 INCH OR MORE: 7
MIN 32 OR BELOW: 30 0.50 INCH OR MORE: 1
MIN 0 OR BELOW: 1 1.00 INCH OR MORE: 1
[HDD (BASE 65) ]
TOTAL THIS MO. 1114 CLEAR (SCALE 0-3) 15
DPTR FM NORMAL 43 PTCLDY (SCALE 4-7) 6
TOTAL FM JUL 1 6703 CLOUDY (SCALE 8-10) 10
DPTR FM NORMAL -403
[CDD (BASE 65) ]
TOTAL THIS MO. 0
DPTR FM NORMAL 0 [PRESSURE DATA]
TOTAL FM JAN 1 0 HIGHEST SLP 30.59 ON 8
DPTR FM NORMAL 0 LOWEST SLP 29.25 ON 31
[REMARKS]
#FINAL-03-23#