000
CXUS53 KGRB 230639
CF6MFI
PRELIMINARY LOCAL CLIMATOLOGICAL DATA (WS FORM: F-6)
STATION: MARSHFIELD WI
MONTH: SEPTEMBER
YEAR: 2021
LATITUDE: 44 37 N
LONGITUDE: 90 11 W
TEMPERATURE IN F: :PCPN: SNOW: WIND :SUNSHINE: SKY :PK WND
================================================================================
1 2 3 4 5 6A 6B 7 8 9 10 11 12 13 14 15 16 17 18
12Z AVG MX 2MIN
DY MAX MIN AVG DEP HDD CDD WTR SNW DPTH SPD SPD DIR MIN PSBL S-S WX SPD DR
================================================================================
1 75 53 64 0 1 0 0.00 0.0 0 3.7 12 80 M M 0 18 40
2 72 50 61 -3 4 0 0.00 0.0 0 5.8 13 110 M M 0 18 140
3 63 59 61 -3 4 0 0.06 0.0 0 8.0 16 110 M M 8 1 24 120
4 72 55 64 0 1 0 T 0.0 0 7.3 16 290 M M 6 1 24 300
5 73 51 62 -1 3 0 0.00 0.0 0 8.4 20 300 M M 2 27 320
6 74 47 61 -2 4 0 0.00 0.0 0 4.6 13 300 M M 0 1 19 290
7 76 53 65 2 0 0 0.03 0.0 0 9.8 26 310 M M 3 3 37 310
8 70 51 61 -1 4 0 0.00 0.0 0 10.3 21 320 M M 3 30 330
9 73 48 61 -1 4 0 0.00 0.0 0 3.3 13 290 M M 4 12 17 290
10 75 49 62 0 3 0 0.00 0.0 0 4.6 14 220 M M 1 1 19 200
11 79 54 67 6 0 2 0.00 0.0 0 7.1 15 290 M M 0 22 290
12 70 49 60 -1 5 0 T 0.0 0 4.3 16 50 M M 2 21 50
13 73 47 60 0 5 0 T 0.0 0 8.0 17 130 M M 4 25 130
14 68 52 60 0 5 0 0.01 0.0 0 10.0 20 300 M M 7 1 30 290
15 74 48 61 1 4 0 T 0.0 0 5.5 13 270 M M 1 19 270
16 78 51 65 6 0 0 0.00 0.0 0 11.5 22 170 M M 1 32 190
17 73 44 59 0 6 0 0.00 0.0 0 8.2 21 320 M M 1 30 310
18 73 43 58 -1 7 0 0.00 0.0 0 5.6 14 160 M M 0 21 200
19 85 54 70 12 0 5 0.00 0.0 0 9.4 20 190 M M 0 27 210
20 77 58 68 10 0 3 0.54 0.0 0 11.0 22 280 M M 5 13 33 280
21 68 45 57 0 8 0 T 0.0 0 9.3 22 320 M M 5 34 310
22 66 43 55 -2 10 0 0.00 0.0 0 5.6 15 350 M M 1 23 60
23 70 39 55 -1 10 0 0.00 0.0 0 6.3 20 340 M M 1 24 340
24 72 42 57 1 8 0 0.32 0.0 0 7.0 23 320 M M 3 1 34 330
25 63 41 52 -4 13 0 0.00 0.0 0 8.1 21 270 M M 2 1 30 260
26 73 41 57 2 8 0 0.00 0.0 0 3.5 14 190 M M 0 17 190
27 74 50 62 7 3 0 0.00 0.0 0 4.9 14 60 M M 0 1 18 60
28 72 45 59 5 6 0 0.00 0.0 0 5.0 13 150 M M 0 17 150
29 78 47 63 9 2 0 0.00 0.0 0 5.0 13 170 M M 0 16 120
30 80 52 66 12 0 1 0.00 0.0 0 5.3 9 130 M M 0 1 13 120
================================================================================
SM 2189 1461 128 11 0.96 0.0 206.4 M 60
================================================================================
AV 73.0 48.7 6.9 FASTST M M 2 MAX(MPH)
MISC ----> 26 310 37 310
================================================================================
NOTES:
# LAST OF SEVERAL OCCURRENCES
COLUMN 17 PEAK WIND IN M.P.H.
PRELIMINARY LOCAL CLIMATOLOGICAL DATA (WS FORM: F-6) , PAGE 2
STATION: MARSHFIELD WI
MONTH: SEPTEMBER
YEAR: 2021
LATITUDE: 44 37 N
LONGITUDE: 90 11 W
[TEMPERATURE DATA] [PRECIPITATION DATA] SYMBOLS USED IN COLUMN 16
AVERAGE MONTHLY: 60.8 TOTAL FOR MONTH: 0.96 1 = FOG OR MIST
DPTR FM NORMAL: 1.5 DPTR FM NORMAL: -2.07 2 = FOG REDUCING VISIBILITY
HIGHEST: 85 ON 19 GRTST 24HR 0.54 ON 20-20 TO 1/4 MILE OR LESS
LOWEST: 39 ON 23 3 = THUNDER
SNOW, ICE PELLETS, HAIL 4 = ICE PELLETS
TOTAL MONTH: 0.0 INCH 5 = HAIL
GRTST 24HR 0.0 6 = FREEZING RAIN OR DRIZZLE
GRTST DEPTH: 0 7 = DUSTSTORM OR SANDSTORM:
VSBY 1/2 MILE OR LESS
8 = SMOKE OR HAZE
[NO. OF DAYS WITH] [WEATHER - DAYS WITH] 9 = BLOWING SNOW
X = TORNADO
MAX 32 OR BELOW: 0 0.01 INCH OR MORE: 5
MAX 90 OR ABOVE: 0 0.10 INCH OR MORE: 2
MIN 32 OR BELOW: 0 0.50 INCH OR MORE: 1
MIN 0 OR BELOW: 0 1.00 INCH OR MORE: 0
[HDD (BASE 65) ]
TOTAL THIS MO. 128 CLEAR (SCALE 0-3) 23
DPTR FM NORMAL -77 PTCLDY (SCALE 4-7) 7
TOTAL FM JUL 1 143 CLOUDY (SCALE 8-10) 0
DPTR FM NORMAL -123
[CDD (BASE 65) ]
TOTAL THIS MO. 11
DPTR FM NORMAL -24 [PRESSURE DATA]
TOTAL FM JAN 1 509 HIGHEST SLP 30.32 ON 22
DPTR FM NORMAL 121 LOWEST SLP 29.62 ON 7
[REMARKS]
#FINAL-09-21#