000
CXUS56 KMFR 010930
CF6MFR
PRELIMINARY LOCAL CLIMATOLOGICAL DATA (WS FORM: F-6)
STATION: MEDFORD OR
MONTH: JULY
YEAR: 2021
LATITUDE: 42 22 N
LONGITUDE: 122 52 W
TEMPERATURE IN F: :PCPN: SNOW: WIND :SUNSHINE: SKY :PK WND
================================================================================
1 2 3 4 5 6A 6B 7 8 9 10 11 12 13 14 15 16 17 18
12Z AVG MX 2MIN
DY MAX MIN AVG DEP HDD CDD WTR SNW DPTH SPD SPD DIR MIN PSBL S-S WX SPD DR
================================================================================
1 97 65 81 10 0 16 0.00 0.0 0 6.6 17 350 M M 0 21 340
2 99 65 82 10 0 17 0.00 0.0 0 5.6 20 360 M M 0 23 360
3 102 67 85 13 0 20 0.00 0.0 0 5.8 18 350 M M 0 23 350
4 99 67 83 11 0 18 0.00 0.0 0 5.8 18 350 M M 0 23 10
5 100 63 82 9 0 17 0.00 0.0 0 4.9 15 360 M M 0 21 340
6 101 66 84 11 0 19 0.00 0.0 0 6.5 20 300 M M 0 31 300
7 95 62 79 6 0 14 0.00 0.0 0 4.4 17 350 M M 0 25 360
8 97 59 78 4 0 13 0.00 0.0 0 5.5 20 360 M M 0 8 24 10
9 102 59 81 7 0 16 0.00 0.0 0 4.8 16 290 M M 0 21 290
10 100 65 83 9 0 18 0.00 0.0 0 5.1 17 350 M M 0 8 21 350
11 99 63 81 7 0 16 0.00 0.0 0 3.2 16 350 M M 1 8 20 350
12 99 63 81 6 0 16 0.00 0.0 0 4.5 16 320 M M 0 8 20 350
13 98 61 80 5 0 15 0.00 0.0 0 4.4 15 320 M M 0 8 20 280
14 96 64 80 5 0 15 0.00 0.0 0 5.0 18 350 M M 0 8 23 350
15 94 64 79 3 0 14 0.00 0.0 0 7.0 20 350 M M 0 8 24 360
16 91 63 77 1 0 12 0.00 0.0 0 7.0 21 360 M M 0 8 25 360
17 94 61 78 2 0 13 0.00 0.0 0 6.2 20 360 M M 0 24 360
18 98 63 81 5 0 16 0.00 0.0 0 5.3 14 290 M M 0 22 270
19 94 68 81 5 0 16 0.00 0.0 0 6.4 20 360 M M 0 25 360
20 91 65 78 2 0 13 0.00 0.0 0 7.5 18 360 M M 0 24 360
21 86 61 74 -2 0 9 0.00 0.0 0 7.4 18 350 M M 0 25 350
22 90 54 72 -5 0 7 0.00 0.0 0 4.2 18 350 M M 0 23 270
23 97 54 76 -1 0 11 0.00 0.0 0 3.8 16 350 M M 0 8 20 340
24 99 61 80 3 0 15 0.00 0.0 0 2.7 16 360 M M 0 20 340
25 99 63 81 4 0 16 0.00 0.0 0 4.3 14 350 M M 0 20 320
26 98 70 84 7 0 19 0.00 0.0 0 5.3 16 360 M M 0 23 340
27 80 68 74 -3 0 9 0.02 0.0 0 2.6 12 130 M M 3 14 180
28 100 65 83 6 0 18 0.00 0.0 0 3.7 14 310 M M 0 18 300
29 104 68 86 9 0 21 T 0.0 0 4.0 17 210 M M 1 3 24 210
30 97 70 84 7 0 19 0.02 0.0 0 5.5 25 240 M M 1 3 37 230
31 102 71 87 10 0 22 T 0.0 0 4.1 18 20 M M 1 8 23 30
================================================================================
SM 2998 1978 0 480 0.04 0.0 159.1 M 7
================================================================================
AV 96.7 63.8 5.1 FASTST M M 0 MAX(MPH)
MISC ----> 25 240 37 230
================================================================================
NOTES:
# LAST OF SEVERAL OCCURRENCES
COLUMN 17 PEAK WIND IN M.P.H.
PRELIMINARY LOCAL CLIMATOLOGICAL DATA (WS FORM: F-6) , PAGE 2
STATION: MEDFORD OR
MONTH: JULY
YEAR: 2021
LATITUDE: 42 22 N
LONGITUDE: 122 52 W
[TEMPERATURE DATA] [PRECIPITATION DATA] SYMBOLS USED IN COLUMN 16
AVERAGE MONTHLY: 80.3 TOTAL FOR MONTH: 0.04 1 = FOG OR MIST
DPTR FM NORMAL: 5.2 DPTR FM NORMAL: -0.20 2 = FOG REDUCING VISIBILITY
HIGHEST: 104 ON 29 GRTST 24HR 0.02 ON 27-27 TO 1/4 MILE OR LESS
LOWEST: 54 ON 23,22 3 = THUNDER
SNOW, ICE PELLETS, HAIL 4 = ICE PELLETS
TOTAL MONTH: 0.0 INCH 5 = HAIL
GRTST 24HR 0.0 6 = FREEZING RAIN OR DRIZZLE
GRTST DEPTH: 0 7 = DUSTSTORM OR SANDSTORM:
VSBY 1/2 MILE OR LESS
8 = SMOKE OR HAZE
[NO. OF DAYS WITH] [WEATHER - DAYS WITH] 9 = BLOWING SNOW
X = TORNADO
MAX 32 OR BELOW: 0 0.01 INCH OR MORE: 2
MAX 90 OR ABOVE: 29 0.10 INCH OR MORE: 0
MIN 32 OR BELOW: 0 0.50 INCH OR MORE: 0
MIN 0 OR BELOW: 0 1.00 INCH OR MORE: 0
[HDD (BASE 65) ]
TOTAL THIS MO. 0 CLEAR (SCALE 0-3) 30
DPTR FM NORMAL -4 PTCLDY (SCALE 4-7) 1
TOTAL FM JUL 1 0 CLOUDY (SCALE 8-10) 0
DPTR FM NORMAL 0
[CDD (BASE 65) ]
TOTAL THIS MO. 480
DPTR FM NORMAL 163 [PRESSURE DATA]
TOTAL FM JAN 1 846 HIGHEST SLP M ON M
DPTR FM NORMAL 377 LOWEST SLP 29.75 ON 3
[REMARKS]
#FINAL-07-21#