000
CXUS56 KMFR 011211
CF6MFR
PRELIMINARY LOCAL CLIMATOLOGICAL DATA (WS FORM: F-6)
STATION: MEDFORD OR
MONTH: JUNE
YEAR: 2021
LATITUDE: 42 22 N
LONGITUDE: 122 52 W
TEMPERATURE IN F: :PCPN: SNOW: WIND :SUNSHINE: SKY :PK WND
================================================================================
1 2 3 4 5 6A 6B 7 8 9 10 11 12 13 14 15 16 17 18
12Z AVG MX 2MIN
DY MAX MIN AVG DEP HDD CDD WTR SNW DPTH SPD SPD DIR MIN PSBL S-S WX SPD DR
================================================================================
1 102 60 81 17 0 16 0.00 0.0 0 4.1 15 300 M M 0 21 310
2 98 68 83 19 0 18 0.00 0.0 0 5.5 17 360 M M 0 27 280
3 94 67 81 17 0 16 0.00 0.0 0 6.8 21 340 M M 0 26 350
4 90 60 75 11 0 10 0.00 0.0 0 7.0 21 350 M M 0 28 350
5 78 53 66 2 0 1 0.00 0.0 0 7.3 21 350 M M 0 27 360
6 74 47 61 -3 4 0 0.00 0.0 0 7.8 18 320 M M 1 27 320
7 66 51 59 -6 6 0 0.00 0.0 0 7.8 17 300 M M 7 23 300
8 69 50 60 -5 5 0 T 0.0 0 8.1 20 300 M M 8 27 320
9 69 48 59 -6 6 0 0.19 0.0 0 4.7 21 180 M M 7 3 27 180
10 69 47 58 -7 7 0 0.07 0.0 0 5.3 15 300 M M 5 19 300
11 58 52 55 -11 10 0 0.44 0.0 0 3.2 9 80 M M 10 1 12 30
12 82 56 69 3 0 4 T 0.0 0 5.2 14 250 M M 7 1 19 230
13 84 60 72 6 0 7 0.03 0.0 0 5.9 28 290 M M 6 36 300
14 72 59 66 0 0 1 0.17 0.0 0 7.2 13 280 M M 9 1 M M
15 75 56 66 0 0 1 0.00 0.0 0 6.7 14 360 M M 5 19 350
16 87 50 69 2 0 4 0.00 0.0 0 3.8 15 350 M M 0 19 350
17 91 53 72 5 0 7 0.00 0.0 M 4.0 15 340 M M 0 19 350
18 90 58 74 7 0 9 0.00 0.0 0 4.3 14 330 M M 0 19 290
19 94 56 75 7 0 10 0.00 0.0 0 3.9 13 340 M M 0 16 300
20 101 61 81 13 0 16 0.00 0.0 0 4.1 14 320 M M 0 20 320
21 102 68 85 17 0 20 0.00 0.0 0 5.6 17 300 M M 0 23 350
22 99 65 82 14 0 17 0.12 0.0 0 6.8 29 140 M M 2 3 35 20
23 95 58 77 8 0 12 0.00 0.0 0 4.9 15 270 M M 1 18 280
24 98 64 81 12 0 16 0.00 0.0 M 5.3 20 360 M M 0 23 350
25 101 63 82 13 0 17 0.00 0.0 M 3.5 13 10 M M 0 16 320
26 104 63 84 14 0 19 0.00 0.0 M 3.5 12 360 M M 0 15 320
27 113 70 92 22 0 27 0.00 0.0 M 3.0 15 340 M M 1 18 340
28 115 75 95 25 0 30 0.00 0.0 M 6.3 26 290 M M 0 35 300
29 99 68 84 13 0 19 0.00 0.0 M 8.1 21 320 M M 0 28 320
30 100 65 83 12 0 18 0.00 0.0 M 6.6 20 360 M M 0 24 350
================================================================================
SM 2669 1771 38 315 1.02 0.0 166.3 M 69
================================================================================
AV 89.0 59.0 5.5 FASTST M M 2 MAX(MPH)
MISC ----> 29 140 36 300
================================================================================
NOTES:
# LAST OF SEVERAL OCCURRENCES
COLUMN 17 PEAK WIND IN M.P.H.
PRELIMINARY LOCAL CLIMATOLOGICAL DATA (WS FORM: F-6) , PAGE 2
STATION: MEDFORD OR
MONTH: JUNE
YEAR: 2021
LATITUDE: 42 22 N
LONGITUDE: 122 52 W
[TEMPERATURE DATA] [PRECIPITATION DATA] SYMBOLS USED IN COLUMN 16
AVERAGE MONTHLY: 74.0 TOTAL FOR MONTH: 1.02 1 = FOG OR MIST
DPTR FM NORMAL: 7.1 DPTR FM NORMAL: 0.34 2 = FOG REDUCING VISIBILITY
HIGHEST: 115 ON 28 GRTST 24HR 0.44 ON 11-11 TO 1/4 MILE OR LESS
LOWEST: 47 ON 10, 6 3 = THUNDER
SNOW, ICE PELLETS, HAIL 4 = ICE PELLETS
TOTAL MONTH: 0.0 INCH 5 = HAIL
GRTST 24HR 0.0 6 = FREEZING RAIN OR DRIZZLE
GRTST DEPTH: 0 7 = DUSTSTORM OR SANDSTORM:
VSBY 1/2 MILE OR LESS
8 = SMOKE OR HAZE
[NO. OF DAYS WITH] [WEATHER - DAYS WITH] 9 = BLOWING SNOW
X = TORNADO
MAX 32 OR BELOW: 0 0.01 INCH OR MORE: 6
MAX 90 OR ABOVE: 18 0.10 INCH OR MORE: 4
MIN 32 OR BELOW: 0 0.50 INCH OR MORE: 0
MIN 0 OR BELOW: 0 1.00 INCH OR MORE: 0
[HDD (BASE 65) ]
TOTAL THIS MO. 38 CLEAR (SCALE 0-3) 21
DPTR FM NORMAL -17 PTCLDY (SCALE 4-7) 7
TOTAL FM JUL 1 3679 CLOUDY (SCALE 8-10) 2
DPTR FM NORMAL -525
[CDD (BASE 65) ]
TOTAL THIS MO. 315
DPTR FM NORMAL 203 [PRESSURE DATA]
TOTAL FM JAN 1 366 HIGHEST SLP 30.25 ON 16
DPTR FM NORMAL 214 LOWEST SLP 29.51 ON 28
[REMARKS]
#FINAL-06-21#