000
CXUS51 KPBZ 010830
CF6MGW
PRELIMINARY LOCAL CLIMATOLOGICAL DATA (WS FORM: F-6)
STATION: MORGANTOWN WV
MONTH: DECEMBER
YEAR: 2022
LATITUDE: 39 39 N
LONGITUDE: 79 55 W
TEMPERATURE IN F: :PCPN: SNOW: WIND :SUNSHINE: SKY :PK WND
================================================================================
1 2 3 4 5 6A 6B 7 8 9 10 11 12 13 14 15 16 17 18
12Z AVG MX 2MIN
DY MAX MIN AVG DEP HDD CDD WTR SNW DPTH SPD SPD DIR MIN PSBL S-S WX SPD DR
================================================================================
1 39 25 32 -8 33 0 0.00 M M 5.2 16 290 M M 4 25 290
2 60 24 42 2 23 0 T M M 3.7 13 170 M M 6 17 190
3 60 33 47 7 18 0 0.55 M M 8.0 17 290 M M 6 1 27 270
4 41 24 33 -6 32 0 0.00 M M 3.0 10 210 M M 2 16 200
5 54 21 38 -1 27 0 0.00 M M 2.6 12 160 M M 1 8 14 160
6 60 43 52 13 13 0 0.10 M M 4.9 10 140 M M 10 18 14 220
7 66 53 60 22 5 0 0.63 M M 4.6 10 340 M M 9 1 15 190
8 53 42 48 10 17 0 0.01 M M 4.6 9 20 M M 8 14 30
9 54 33 44 6 21 0 0.00 M M 5.8 15 100 M M 2 1 22 100
10 44 40 42 4 23 0 0.04 M M 5.7 15 110 M M 10 18 23 100
11 48 40 44 6 21 0 0.01 M M 4.2 10 330 M M 10 1 15 340
12 40 34 37 0 28 0 0.01 M M 4.6 10 350 M M 10 18 13 350
13 44 28 36 -1 29 0 0.00 M M 3.2 8 10 M M 5 11 90
14 45 26 36 -1 29 0 0.00 M M 5.5 16 110 M M 4 22 110
15 43 38 41 5 24 0 0.59 M M 9.2 24 100 M M 10 1 32 100
16 43 35 39 3 26 0 0.02 M M 4.0 14 290 M M 9 18 23 300
17 37 32 35 -1 30 0 0.01 M M 5.5 15 220 M M 10 1 22 220
18 32 27 30 -6 35 0 0.01 M M 7.3 13 280 M M 10 18 20 260
19 34 21 28 -8 37 0 0.00 M M 5.5 12 230 M M 6 17 230
20 40 17 29 -6 36 0 0.00 M M 1.6 6 10 M M 3 7 60
21 47 21 34 -1 31 0 0.00 M M 2.9 8 130 M M 0 13 120
22 43 38 41 6 24 0 0.21 M M 7.5 17 120 M M 8 1 24 130
23 46 -2 22 -13 43 0 0.25 M M 13.7 26 230 M M 9 1289 40 240
24 13 -2 6 -29 59 0 T M M 12.4 21 230 M M 10 189 34 230
25 19 13 16 -18 49 0 T M M 10.3 17 220 M M 7 1 30 220
26 23 14 19 -15 46 0 T M M 5.3 10 200 M M 6 8 16 200
27 32 23 28 -6 37 0 0.00 M M 3.3 12 210 M M 9 17 230
28 48 21 35 1 30 0 0.00 M M 3.7 14 220 M M 0 20 200
29 62 28 45 11 20 0 0.00 M M 4.1 14 200 M M 2 22 220
30 70 51 61 27 4 0 0.00 M M 3.1 12 200 M M 6 17 180
31 60 50 55 22 10 0 0.26 M M 5.1 12 210 M M 8 1 18 220
================================================================================
SM 1400 891 860 0 2.70 M 170.1 M 200
================================================================================
AV 45.2 28.7 5.5 FASTST M M 6 MAX(MPH)
MISC ----> 26 230 40 240
================================================================================
NOTES:
# LAST OF SEVERAL OCCURRENCES
COLUMN 17 PEAK WIND IN M.P.H.
PRELIMINARY LOCAL CLIMATOLOGICAL DATA (WS FORM: F-6) , PAGE 2
STATION: MORGANTOWN WV
MONTH: DECEMBER
YEAR: 2022
LATITUDE: 39 39 N
LONGITUDE: 79 55 W
[TEMPERATURE DATA] [PRECIPITATION DATA] SYMBOLS USED IN COLUMN 16
AVERAGE MONTHLY: 37.0 TOTAL FOR MONTH: 2.70 1 = FOG OR MIST
DPTR FM NORMAL: 0.6 DPTR FM NORMAL: -0.50 2 = FOG REDUCING VISIBILITY
HIGHEST: 70 ON 30 GRTST 24HR 0.71 ON 6- 7 TO 1/4 MILE OR LESS
LOWEST: -2 ON 24,23 3 = THUNDER
SNOW, ICE PELLETS, HAIL 4 = ICE PELLETS
TOTAL MONTH: M 5 = HAIL
GRTST 24HR M ON M 6 = FREEZING RAIN OR DRIZZLE
GRTST DEPTH: M ON M 7 = DUSTSTORM OR SANDSTORM:
VSBY 1/2 MILE OR LESS
8 = SMOKE OR HAZE
[NO. OF DAYS WITH] [WEATHER - DAYS WITH] 9 = BLOWING SNOW
X = TORNADO
MAX 32 OR BELOW: 5 0.01 INCH OR MORE: 14
MAX 90 OR ABOVE: 0 0.10 INCH OR MORE: 7
MIN 32 OR BELOW: 18 0.50 INCH OR MORE: 3
MIN 0 OR BELOW: 2 1.00 INCH OR MORE: 0
[HDD (BASE 65) ]
TOTAL THIS MO. 860 CLEAR (SCALE 0-3) 7
DPTR FM NORMAL -25 PTCLDY (SCALE 4-7) 12
TOTAL FM JUL 1 1868 CLOUDY (SCALE 8-10) 12
DPTR FM NORMAL -9
[CDD (BASE 65) ]
TOTAL THIS MO. 0
DPTR FM NORMAL 0 [PRESSURE DATA]
TOTAL FM JAN 1 1049 HIGHEST SLP 30.53 ON 1
DPTR FM NORMAL 120 LOWEST SLP 29.19 ON 23
[REMARKS]
#FINAL-12-22#