000
CXUS51 KPBZ 010730
CF6MGW
PRELIMINARY LOCAL CLIMATOLOGICAL DATA (WS FORM: F-6)
STATION: MORGANTOWN WV
MONTH: JULY
YEAR: 2022
LATITUDE: 39 39 N
LONGITUDE: 79 55 W
TEMPERATURE IN F: :PCPN: SNOW: WIND :SUNSHINE: SKY :PK WND
================================================================================
1 2 3 4 5 6A 6B 7 8 9 10 11 12 13 14 15 16 17 18
12Z AVG MX 2MIN
DY MAX MIN AVG DEP HDD CDD WTR SNW DPTH SPD SPD DIR MIN PSBL S-S WX SPD DR
================================================================================
1 87 63 75 1 0 10 T M M 5.6 14 200 M M 4 3 20 200
2 84 68 76 2 0 11 0.52 M M 3.7 16 310 M M 5 123 29 300
3 85 65 75 1 0 10 0.00 M M 3.5 10 20 M M 2 1 16 10
4 87 59 73 -1 0 8 0.00 M M 2.2 8 210 M M 0 8 12 10
5 83 68 76 2 0 11 0.12 M M 5.2 13 210 M M 6 138 19 220
6 82 71 77 3 0 12 0.23 M M 2.9 10 200 M M 6 13 17 200
7 86 70 78 4 0 13 0.06 M M 2.5 9 360 M M 8 18 12 350
8 82 65 74 0 0 9 0.10 M M 3.6 9 10 M M 7 1 13 40
9 77 65 71 -3 0 6 0.19 M M 4.3 13 120 M M 9 1 17 110
10 85 61 73 -1 0 8 0.00 M M 4.4 13 130 M M 2 12 18 150
11 86 61 74 0 0 9 0.00 M M 4.3 10 220 M M 1 17 160
12 83 69 76 2 0 11 0.85 M M 6.4 14 300 M M 4 123 19 190
13 85 69 77 3 0 12 0.00 M M 4.9 13 220 M M 5 1 17 210
14 82 62 72 -2 0 7 0.00 M M 3.3 9 360 M M 4 1 12 360
15 84 58 71 -3 0 6 0.00 M M 2.3 9 250 M M 2 12 200
16 79 63 71 -3 0 6 0.14 M M 2.8 10 240 M M 8 1 16 220
17 83 68 76 2 0 11 0.66 M M 4.6 21 280 M M 8 13 33 300
18 78 68 73 -1 0 8 0.37 M M 4.4 14 230 M M 6 18 21 220
19 87 66 77 3 0 12 0.00 M M 2.3 9 290 M M 5 12 14 280
20 89 65 77 3 0 12 0.00 M M 5.0 14 160 M M 1 1 21 150
21 88 70 79 5 0 14 0.13 M M 5.9 16 330 M M 5 13 25 330
22 90 68 79 5 0 14 0.00 M M 4.5 14 210 M M 2 8 21 250
23 92 66 79 5 0 14 0.22 M M 5.5 25 300 M M 2 13 54 330
24 91 65 78 4 0 13 0.00 M M 5.7 14 230 M M 3 13 21 210
25 83 70 77 3 0 12 0.40 M M 5.5 13 210 M M 6 123 21 210
26 76 67 72 -2 0 7 0.00 M M 1.9 10 200 M M 8 13 200
27 80 69 75 1 0 10 0.16 M M 4.9 13 220 M M 8 1 18 200
28 82 70 76 2 0 11 0.40 M M 5.8 17 220 M M 6 18 26 230
29 80 68 74 0 0 9 0.15 M M 3.0 9 340 M M 7 1 14 320
30 83 64 74 0 0 9 0.00 M M 2.3 8 330 M M 5 12 12 280
31 75 62 69 -5 0 4 0.41 M M 1.6 7 150 M M 6 1 9 140
================================================================================
SM 2594 2043 0 309 5.11 M 124.8 M 151
================================================================================
AV 83.7 65.9 4.0 FASTST M M 5 MAX(MPH)
MISC ----> 25 300 54 330
================================================================================
NOTES:
# LAST OF SEVERAL OCCURRENCES
COLUMN 17 PEAK WIND IN M.P.H.
PRELIMINARY LOCAL CLIMATOLOGICAL DATA (WS FORM: F-6) , PAGE 2
STATION: MORGANTOWN WV
MONTH: JULY
YEAR: 2022
LATITUDE: 39 39 N
LONGITUDE: 79 55 W
[TEMPERATURE DATA] [PRECIPITATION DATA] SYMBOLS USED IN COLUMN 16
AVERAGE MONTHLY: 74.8 TOTAL FOR MONTH: 5.11 1 = FOG OR MIST
DPTR FM NORMAL: 0.7 DPTR FM NORMAL: 0.18 2 = FOG REDUCING VISIBILITY
HIGHEST: 92 ON 23 GRTST 24HR 0.85 ON 12-12 TO 1/4 MILE OR LESS
LOWEST: 58 ON 15 3 = THUNDER
SNOW, ICE PELLETS, HAIL 4 = ICE PELLETS
TOTAL MONTH: M 5 = HAIL
GRTST 24HR M ON M 6 = FREEZING RAIN OR DRIZZLE
GRTST DEPTH: M ON M 7 = DUSTSTORM OR SANDSTORM:
VSBY 1/2 MILE OR LESS
8 = SMOKE OR HAZE
[NO. OF DAYS WITH] [WEATHER - DAYS WITH] 9 = BLOWING SNOW
X = TORNADO
MAX 32 OR BELOW: 0 0.01 INCH OR MORE: 17
MAX 90 OR ABOVE: 3 0.10 INCH OR MORE: 16
MIN 32 OR BELOW: 0 0.50 INCH OR MORE: 3
MIN 0 OR BELOW: 0 1.00 INCH OR MORE: 0
[HDD (BASE 65) ]
TOTAL THIS MO. 0 CLEAR (SCALE 0-3) 8
DPTR FM NORMAL -1 PTCLDY (SCALE 4-7) 21
TOTAL FM JUL 1 0 CLOUDY (SCALE 8-10) 2
DPTR FM NORMAL 0
[CDD (BASE 65) ]
TOTAL THIS MO. 309
DPTR FM NORMAL 26 [PRESSURE DATA]
TOTAL FM JAN 1 631 HIGHEST SLP 30.23 ON 30
DPTR FM NORMAL 77 LOWEST SLP 29.68 ON 21
[REMARKS]
#FINAL-07-22#