000
CXUS51 KPBZ 010730
CF6MGW
PRELIMINARY LOCAL CLIMATOLOGICAL DATA (WS FORM: F-6)
STATION: MORGANTOWN WV
MONTH: JULY
YEAR: 2021
LATITUDE: 39 39 N
LONGITUDE: 79 55 W
TEMPERATURE IN F: :PCPN: SNOW: WIND :SUNSHINE: SKY :PK WND
================================================================================
1 2 3 4 5 6A 6B 7 8 9 10 11 12 13 14 15 16 17 18
12Z AVG MX 2MIN
DY MAX MIN AVG DEP HDD CDD WTR SNW DPTH SPD SPD DIR MIN PSBL S-S WX SPD DR
================================================================================
1 73 66 70 -4 0 5 0.21 M M 4.4 13 200 M M 9 1 19 230
2 75 58 67 -7 0 2 T M M 5.1 13 360 M M 6 1 19 340
3 78 57 68 -6 0 3 0.00 M M 4.4 13 340 M M 6 17 290
4 83 63 73 -1 0 8 0.00 M M 5.3 13 230 M M 6 18 17 230
5 88 63 76 2 0 11 0.00 M M 3.7 12 170 M M 3 18 17 170
6 91 69 80 6 0 15 0.00 M M 4.5 10 230 M M 2 1 16 220
7 89 68 79 5 0 14 0.52 M M 1.8 23 150 M M 2 138 36 140
8 82 68 75 1 0 10 0.21 M M 3.5 14 160 M M 6 1 16 150
9 84 66 75 1 0 10 0.00 M M 6.1 13 290 M M 6 1 20 290
10 78 58 68 -6 0 3 0.01 M M 2.3 9 360 M M 2 1 13 10
11 89 64 77 3 0 12 0.87 M M 5.3 18 300 M M 5 13 37 300
12 88 69 79 5 0 14 0.01 M M 3.9 14 210 M M 3 13 19 200
13 88 71 80 6 0 15 0.19 M M 6.1 15 220 M M 3 13 23 210
14 86 69 78 4 0 13 0.22 M M 5.2 10 220 M M 5 138 14 220
15 87 67 77 3 0 12 0.00 M M 4.8 14 170 M M 2 1 20 170
16 89 69 79 5 0 14 0.14 M M 5.5 17 280 M M 3 13 27 290
17 85 67 76 2 0 11 0.83 M M 6.2 15 200 M M 7 13 23 200
18 81 63 72 -2 0 7 0.00 M M 4.2 8 350 M M 6 12 320
19 83 61 72 -2 0 7 0.00 M M 2.0 9 360 M M 1 18 12 20
20 84 62 73 -1 0 8 0.00 M M 2.1 7 99 M M 2 18 M M
21 82 67 75 1 0 10 0.06 M M 4.6 10 340 M M 6 138 M M
22 78 57 68 -6 0 3 0.00 M M 2.9 9 360 M M 2 1 12 340
23 82 57 70 -4 0 5 0.00 M M 2.3 8 20 M M 1 12 350
24 86 63 75 1 0 10 0.00 M M 2.7 8 160 M M 1 11 150
25 86 69 78 4 0 13 0.00 M M 5.1 10 230 M M 4 14 230
26 88 67 78 4 0 13 0.18 M M 2.4 14 300 M M 3 138 22 290
27 88 61 75 1 0 10 0.00 M M 1.8 9 360 M M 0 1 13 50
28 89 63 76 2 0 11 0.00 M M 3.1 10 290 M M 1 14 220
29 83 66 75 1 0 10 2.99 M M 5.1 16 250 M M 4 13 41 250
30 82 64 73 -1 0 8 0.15 M M 4.8 13 350 M M 4 19 340
31 78 60 69 -5 0 4 0.00 M M 1.8 10 280 M M M 14 230
================================================================================
SM 2603 1992 0 291 6.59 M 123.0 M 111
================================================================================
AV 84.0 64.3 4.0 FASTST M M 4 MAX(MPH)
MISC ----> 23 150 41 250
================================================================================
NOTES:
# LAST OF SEVERAL OCCURRENCES
COLUMN 17 PEAK WIND IN M.P.H.
PRELIMINARY LOCAL CLIMATOLOGICAL DATA (WS FORM: F-6) , PAGE 2
STATION: MORGANTOWN WV
MONTH: JULY
YEAR: 2021
LATITUDE: 39 39 N
LONGITUDE: 79 55 W
[TEMPERATURE DATA] [PRECIPITATION DATA] SYMBOLS USED IN COLUMN 16
AVERAGE MONTHLY: 74.1 TOTAL FOR MONTH: 6.59 1 = FOG OR MIST
DPTR FM NORMAL: 0.0 DPTR FM NORMAL: 1.66 2 = FOG REDUCING VISIBILITY
HIGHEST: 91 ON 6 GRTST 24HR 2.99 ON 29-29 TO 1/4 MILE OR LESS
LOWEST: 57 ON 23,22 3 = THUNDER
SNOW, ICE PELLETS, HAIL 4 = ICE PELLETS
TOTAL MONTH: M 5 = HAIL
GRTST 24HR M ON M 6 = FREEZING RAIN OR DRIZZLE
GRTST DEPTH: M ON M 7 = DUSTSTORM OR SANDSTORM:
VSBY 1/2 MILE OR LESS
8 = SMOKE OR HAZE
[NO. OF DAYS WITH] [WEATHER - DAYS WITH] 9 = BLOWING SNOW
X = TORNADO
MAX 32 OR BELOW: 0 0.01 INCH OR MORE: 14
MAX 90 OR ABOVE: 1 0.10 INCH OR MORE: 11
MIN 32 OR BELOW: 0 0.50 INCH OR MORE: 4
MIN 0 OR BELOW: 0 1.00 INCH OR MORE: 1
[HDD (BASE 65) ]
TOTAL THIS MO. 0 CLEAR (SCALE 0-3) 13
DPTR FM NORMAL -1 PTCLDY (SCALE 4-7) 16
TOTAL FM JUL 1 0 CLOUDY (SCALE 8-10) 2
DPTR FM NORMAL 0
[CDD (BASE 65) ]
TOTAL THIS MO. 291
DPTR FM NORMAL 8 [PRESSURE DATA]
TOTAL FM JAN 1 640 HIGHEST SLP M ON M
DPTR FM NORMAL 86 LOWEST SLP 29.85 ON 8
[REMARKS]
#FINAL-07-21#