000
CXUS56 KMFR 010930
CF6MHS
PRELIMINARY LOCAL CLIMATOLOGICAL DATA (WS FORM: F-6)
STATION: MT SHASTA CITY CA
MONTH: SEPTEMBER
YEAR: 2023
LATITUDE: 41 19 N
LONGITUDE: 122 19 W
TEMPERATURE IN F: :PCPN: SNOW: WIND :SUNSHINE: SKY :PK WND
================================================================================
1 2 3 4 5 6A 6B 7 8 9 10 11 12 13 14 15 16 17 18
12Z AVG MX 2MIN
DY MAX MIN AVG DEP HDD CDD WTR SNW DPTH SPD SPD DIR MIN PSBL S-S WX SPD DR
================================================================================
1 61 50 56 -9 9 0 1.11 M M 0.3 7 350 M M 9 18 17 310
2 67 47 57 -8 8 0 0.03 M M 0.3 3 99 M M 4 1 M M
3 73 47 60 -5 5 0 0.00 M M 1.4 7 330 M M 4 M M
4 75 47 61 -3 4 0 0.00 M M 0.4 6 290 M M 4 1 13 290
5 81 46 64 0 1 0 0.00 M M 0.3 5 130 M M 0 12 110
6 80 47 64 0 1 0 0.00 M M 1.2 9 130 M M 1 19 120
7 80 49 65 1 0 0 0.00 M M 1.0 10 130 M M 0 20 130
8 80 47 64 0 1 0 0.00 M M 0.1 7 120 M M 0 16 140
9 82 45 64 1 1 0 0.00 M M 0.3 7 140 M M 0 16 140
10 85 43 64 1 1 0 0.00 M M 0.1 5 240 M M 0 8 250
11 85 46 66 3 0 1 0.00 M M 0.3 6 120 M M 0 13 130
12 81 50 66 3 0 1 0.00 M M 3.4 9 300 M M 0 8 18 280
13 81 50 66 4 0 1 0.00 M M 1.9 8 290 M M 0 16 280
14 87 46 67 5 0 2 0.00 M M 1.0 6 290 M M 0 M M
15 91 44 68 6 0 3 0.00 M M 0.5 5 80 M M 0 8 12 120
16 88 47 68 6 0 3 0.00 M M 0.4 5 60 M M 1 8 340
17 88 51 70 9 0 5 0.00 M M 0.9 7 300 M M 0 8 14 290
18 84 50 67 6 0 2 0.00 M M 1.0 7 300 M M 3 1 16 320
19 79 45 62 1 3 0 0.00 M M 2.5 10 340 M M 0 1 25 350
20 69 47 58 -2 7 0 0.00 M M 2.9 12 300 M M 0 27 290
21 66 39 53 -7 12 0 0.00 M M 2.8 10 290 M M 0 22 290
22 71 36 54 -6 11 0 0.00 M M 0.0 5 140 M M 0 13 160
23 72 37 55 -5 10 0 0.00 M M 1.5 9 130 M M 0 22 130
24 68 55 62 3 3 0 T M M 2.0 9 130 M M 4 22 120
25 56 51 54 -5 11 0 0.22 M M 6.0 12 90 M M 8 1 23 80
26 63 43 53 -5 12 0 0.14 M M 2.2 8 120 M M 5 1 18 130
27 69 40 55 -3 10 0 T M M 1.3 9 350 M M 4 18 310
28 67 40 54 -4 11 0 0.00 M M 2.1 12 300 M M 0 22 360
29 65 40 53 -4 12 0 0.10 M M 0.3 7 310 M M 6 1 14 300
30 59 46 53 -4 12 0 0.01 M M 4.9 8 330 M M 9 M M
================================================================================
SM 2253 1371 145 18 1.61 M 43.4 M 62
================================================================================
AV 75.1 45.7 1.4 FASTST M M 2 MAX(MPH)
MISC ----> # 12 300 27 290
================================================================================
NOTES:
# LAST OF SEVERAL OCCURRENCES
COLUMN 17 PEAK WIND IN M.P.H.
PRELIMINARY LOCAL CLIMATOLOGICAL DATA (WS FORM: F-6) , PAGE 2
STATION: MT SHASTA CITY CA
MONTH: SEPTEMBER
YEAR: 2023
LATITUDE: 41 19 N
LONGITUDE: 122 19 W
[TEMPERATURE DATA] [PRECIPITATION DATA] SYMBOLS USED IN COLUMN 16
AVERAGE MONTHLY: 60.4 TOTAL FOR MONTH: 1.61 1 = FOG OR MIST
DPTR FM NORMAL: -1.1 DPTR FM NORMAL: 1.10 2 = FOG REDUCING VISIBILITY
HIGHEST: 91 ON 15 GRTST 24HR 1.11 ON 1- 1 TO 1/4 MILE OR LESS
LOWEST: 36 ON 22 3 = THUNDER
SNOW, ICE PELLETS, HAIL 4 = ICE PELLETS
TOTAL MONTH: M 5 = HAIL
GRTST 24HR M ON M 6 = FREEZING RAIN OR DRIZZLE
GRTST DEPTH: M ON M 7 = DUSTSTORM OR SANDSTORM:
VSBY 1/2 MILE OR LESS
8 = SMOKE OR HAZE
[NO. OF DAYS WITH] [WEATHER - DAYS WITH] 9 = BLOWING SNOW
X = TORNADO
MAX 32 OR BELOW: 0 0.01 INCH OR MORE: 6
MAX 90 OR ABOVE: 1 0.10 INCH OR MORE: 4
MIN 32 OR BELOW: 0 0.50 INCH OR MORE: 1
MIN 0 OR BELOW: 0 1.00 INCH OR MORE: 1
[HDD (BASE 65) ]
TOTAL THIS MO. 145 CLEAR (SCALE 0-3) 20
DPTR FM NORMAL 8 PTCLDY (SCALE 4-7) 8
TOTAL FM JUL 1 153 CLOUDY (SCALE 8-10) 2
DPTR FM NORMAL -37
[CDD (BASE 65) ]
TOTAL THIS MO. 18
DPTR FM NORMAL -14 [PRESSURE DATA]
TOTAL FM JAN 1 505 HIGHEST SLP M ON M
DPTR FM NORMAL 197 LOWEST SLP 29.72 ON 1
[REMARKS]
#FINAL-09-23#