000
CXUS53 KGRR 190910
CF6MKG
PRELIMINARY LOCAL CLIMATOLOGICAL DATA (WS FORM: F-6)
STATION: MUSKEGON
MONTH: APRIL
YEAR: 2024
LATITUDE: 43 10 N
LONGITUDE: 86 14 W
TEMPERATURE IN F: :PCPN: SNOW: WIND :SUNSHINE: SKY :PK WND
================================================================================
1 2 3 4 5 6A 6B 7 8 9 10 11 12 13 14 15 16 17 18
12Z AVG MX 2MIN
DY MAX MIN AVG DEP HDD CDD WTR SNW DPTH SPD SPD DIR MIN PSBL S-S WX SPD DR
================================================================================
1 57 38 48 7 17 0 0.23 0.0 0 12.2 21 60 M M 7 18 29 60
2 48 39 44 2 21 0 0.49 0.0 0 16.2 30 200 M M 10 18 41 190
3 44 36 40 -2 25 0 0.22 T 0 10.0 24 210 M M 10 1 32 210
4 50 37 44 2 21 0 0.11 T 0 9.3 18 30 M M 10 18 26 30
5 52 38 45 2 20 0 0.00 0.0 0 11.1 21 320 M M 5 29 330
6 55 32 44 1 21 0 0.00 0.0 0 5.9 17 290 M M 0 20 300
7 62 33 48 4 17 0 0.05 0.0 0 12.2 24 120 M M 5 33 110
8 69 45 57 13 8 0 T 0.0 0 11.2 24 200 M M 2 33 190
9 59 40 50 6 15 0 0.00 0.0 0 7.3 20 260 M M 3 28 240
10 66 36 51 6 14 0 0.00 0.0 0 4.4 14 210 M M 5 19 210
11 58 48 53 8 12 0 0.13 0.0 0 10.3 20 350 M M 9 29 360
12 61 46 54 9 11 0 0.03 0.0 0 16.0 40 340 M M 8 18 55 330
13 64 45 55 9 10 0 0.00 0.0 0 10.9 26 190 M M 1 37 190
14 77 48 63 17 2 0 0.00 0.0 0 10.7 26 200 M M 1 40 190
15 69 44 57 10 8 0 0.00 0.0 0 5.6 16 40 M M 1 24 50
16 75 47 61 14 4 0 0.04 0.0 0 15.6 26 100 M M 6 39 90
17 71 50 61 14 4 0 0.32 0.0 0 13.9 37 220 M M 10 13 47 230
18 55 45 50 2 15 0 0.03 0.0 0 5.8 17 290 M M 9 26 270
================================================================================
SM 1092 747 245 0 1.65 T 188.6 M 102
================================================================================
AV 60.7 41.5 10.5 FASTST M M 6 MAX(MPH)
MISC ----> 40 340 55 330
================================================================================
NOTES:
# LAST OF SEVERAL OCCURRENCES
COLUMN 17 PEAK WIND IN M.P.H.
PRELIMINARY LOCAL CLIMATOLOGICAL DATA (WS FORM: F-6) , PAGE 2
STATION: MUSKEGON
MONTH: APRIL
YEAR: 2024
LATITUDE: 43 10 N
LONGITUDE: 86 14 W
[TEMPERATURE DATA] [PRECIPITATION DATA] SYMBOLS USED IN COLUMN 16
AVERAGE MONTHLY: 51.1 TOTAL FOR MONTH: 1.65 1 = FOG OR MIST
DPTR FM NORMAL: 6.6 DPTR FM NORMAL: -0.39 2 = FOG REDUCING VISIBILITY
HIGHEST: 77 ON 14 GRTST 24HR 0.70 ON 1- 2 TO 1/4 MILE OR LESS
LOWEST: 32 ON 6 3 = THUNDER
SNOW, ICE PELLETS, HAIL 4 = ICE PELLETS
TOTAL MONTH: T 5 = HAIL
GRTST 24HR T ON 3- 3 6 = FREEZING RAIN OR DRIZZLE
GRTST DEPTH: 0 7 = DUSTSTORM OR SANDSTORM:
VSBY 1/2 MILE OR LESS
8 = SMOKE OR HAZE
[NO. OF DAYS WITH] [WEATHER - DAYS WITH] 9 = BLOWING SNOW
X = TORNADO
MAX 32 OR BELOW: 0 0.01 INCH OR MORE: 10
MAX 90 OR ABOVE: 0 0.10 INCH OR MORE: 6
MIN 32 OR BELOW: 1 0.50 INCH OR MORE: 0
MIN 0 OR BELOW: 0 1.00 INCH OR MORE: 0
[HDD (BASE 65) ]
TOTAL THIS MO. 245 CLEAR (SCALE 0-3) 6
DPTR FM NORMAL -125 PTCLDY (SCALE 4-7) 6
TOTAL FM JUL 1 4645 CLOUDY (SCALE 8-10) 6
DPTR FM NORMAL -1171
[CDD (BASE 65) ]
TOTAL THIS MO. 0
DPTR FM NORMAL 0 [PRESSURE DATA]
TOTAL FM JAN 1 0 HIGHEST SLP M ON M
DPTR FM NORMAL -1 LOWEST SLP 29.14 ON 3
[REMARKS]