000
CXUS53 KGRR 010910
CF6MKG
PRELIMINARY LOCAL CLIMATOLOGICAL DATA (WS FORM: F-6)
STATION: MUSKEGON
MONTH: JULY
YEAR: 2023
LATITUDE: 43 10 N
LONGITUDE: 86 14 W
TEMPERATURE IN F: :PCPN: SNOW: WIND :SUNSHINE: SKY :PK WND
================================================================================
1 2 3 4 5 6A 6B 7 8 9 10 11 12 13 14 15 16 17 18
12Z AVG MX 2MIN
DY MAX MIN AVG DEP HDD CDD WTR SNW DPTH SPD SPD DIR MIN PSBL S-S WX SPD DR
================================================================================
1 85 66 76 5 0 11 T 0.0 0 3.6 10 210 M M 7 18 14 250
2 83 68 76 5 0 11 0.98 0.0 0 4.0 17 310 M M 7 138 21 310
3 85 63 74 3 0 9 0.00 0.0 M 4.2 13 290 M M 2 128 18 290
4 86 60 73 2 0 8 0.00 0.0 M 5.2 15 180 M M 2 18 20 210
5 90 70 80 9 0 15 0.22 0.0 M 6.2 18 220 M M 5 138 26 310
6 82 63 73 1 0 8 0.02 0.0 M 6.8 16 320 M M 6 18 23 310
7 81 58 70 -2 0 5 0.00 0.0 0 4.7 12 280 M M 6 18 230
8 75 59 67 -5 0 2 0.03 0.0 0 5.5 14 10 M M 8 18 20 20
9 80 56 68 -4 0 3 0.00 0.0 0 4.1 12 260 M M 3 128 17 250
10 84 62 73 1 0 8 0.00 0.0 0 11.2 22 190 M M 0 18 33 190
11 80 63 72 0 0 7 0.03 0.0 0 9.7 18 240 M M 5 13 29 290
12 79 60 70 -2 0 5 1.31 0.0 0 8.2 18 60 M M 7 13 26 60
13 76 59 68 -4 0 3 0.00 0.0 0 5.2 13 250 M M 5 1 18 260
14 83 64 74 2 0 9 0.03 0.0 0 8.2 21 210 M M 6 13 25 210
15 79 66 73 1 0 8 0.05 0.0 0 8.6 17 210 M M 9 13 23 200
16 80 64 72 0 0 7 0.00 0.0 0 8.8 22 310 M M 3 138 46 320
17 75 63 69 -3 0 4 0.16 0.0 0 7.1 16 290 M M 3 138 26 330
18 78 60 69 -3 0 4 0.00 0.0 0 4.1 13 290 M M 3 23 250
19 83 58 71 -1 0 6 T 0.0 0 3.2 13 220 M M 3 18 230
20 83 63 73 1 0 8 0.07 0.0 0 11.4 22 320 M M 3 138 32 330
21 80 61 71 -1 0 6 0.00 0.0 0 8.0 16 280 M M 2 23 330
22 82 60 71 -1 0 6 0.02 0.0 0 4.3 15 210 M M 5 1 20 220
23 78 64 71 -1 0 6 T 0.0 0 6.1 14 230 M M 5 1 21 220
24 80 64 72 0 0 7 T 0.0 0 4.4 13 270 M M 3 18 18 290
25 86 64 75 3 0 10 0.00 0.0 0 6.7 17 220 M M 4 18 27 230
26 78 69 74 2 0 9 0.62 0.0 0 7.7 23 330 M M 5 138 31 340
27 88 70 79 7 0 14 0.00 0.0 0 5.6 17 210 M M 5 18 26 220
28 90 72 81 9 0 16 0.09 0.0 0 8.1 31 240 M M 5 13 43 250
29 85 70 78 6 0 13 0.44 0.0 M 8.6 24 90 M M 4 13 34 100
30 80 61 71 -1 0 6 0.00 0.0 M 7.2 15 290 M M 4 24 300
31 81 57 69 -3 0 4 0.00 0.0 0 4.3 13 260 M M 3 17 270
================================================================================
SM 2535 1957 0 238 4.07 0.0 201.0 M 138
================================================================================
AV 81.8 63.1 6.5 FASTST M M 4 MAX(MPH)
MISC ----> 31 240 46 320
================================================================================
NOTES:
# LAST OF SEVERAL OCCURRENCES
COLUMN 17 PEAK WIND IN M.P.H.
PRELIMINARY LOCAL CLIMATOLOGICAL DATA (WS FORM: F-6) , PAGE 2
STATION: MUSKEGON
MONTH: JULY
YEAR: 2023
LATITUDE: 43 10 N
LONGITUDE: 86 14 W
[TEMPERATURE DATA] [PRECIPITATION DATA] SYMBOLS USED IN COLUMN 16
AVERAGE MONTHLY: 72.5 TOTAL FOR MONTH: 4.07 1 = FOG OR MIST
DPTR FM NORMAL: 0.6 DPTR FM NORMAL: 1.32 2 = FOG REDUCING VISIBILITY
HIGHEST: 90 ON 28, 5 GRTST 24HR 1.31 ON 12-12 TO 1/4 MILE OR LESS
LOWEST: 56 ON 9 3 = THUNDER
SNOW, ICE PELLETS, HAIL 4 = ICE PELLETS
TOTAL MONTH: 0.0 INCH 5 = HAIL
GRTST 24HR 0.0 6 = FREEZING RAIN OR DRIZZLE
GRTST DEPTH: 0 7 = DUSTSTORM OR SANDSTORM:
VSBY 1/2 MILE OR LESS
8 = SMOKE OR HAZE
[NO. OF DAYS WITH] [WEATHER - DAYS WITH] 9 = BLOWING SNOW
X = TORNADO
MAX 32 OR BELOW: 0 0.01 INCH OR MORE: 14
MAX 90 OR ABOVE: 2 0.10 INCH OR MORE: 6
MIN 32 OR BELOW: 0 0.50 INCH OR MORE: 3
MIN 0 OR BELOW: 0 1.00 INCH OR MORE: 1
[HDD (BASE 65) ]
TOTAL THIS MO. 0 CLEAR (SCALE 0-3) 10
DPTR FM NORMAL -9 PTCLDY (SCALE 4-7) 20
TOTAL FM JUL 1 0 CLOUDY (SCALE 8-10) 1
DPTR FM NORMAL -1
[CDD (BASE 65) ]
TOTAL THIS MO. 238
DPTR FM NORMAL 16 [PRESSURE DATA]
TOTAL FM JAN 1 454 HIGHEST SLP 30.17 ON 31
DPTR FM NORMAL 72 LOWEST SLP 29.72 ON 12
[REMARKS]
#FINAL-07-23#