000
CXUS53 KGRR 011010
CF6MKG
PRELIMINARY LOCAL CLIMATOLOGICAL DATA (WS FORM: F-6)
STATION: MUSKEGON
MONTH: JANUARY
YEAR: 2021
LATITUDE: 43 10 N
LONGITUDE: 86 14 W
TEMPERATURE IN F: :PCPN: SNOW: WIND :SUNSHINE: SKY :PK WND
================================================================================
1 2 3 4 5 6A 6B 7 8 9 10 11 12 13 14 15 16 17 18
12Z AVG MX 2MIN
DY MAX MIN AVG DEP HDD CDD WTR SNW DPTH SPD SPD DIR MIN PSBL S-S WX SPD DR
================================================================================
1 32 20 26 -1 39 0 0.26 0.5 4 9.2 18 60 M M 9 16 25 60
2 34 19 27 0 38 0 0.02 0.3 4 4.4 13 350 M M 8 128 16 350
3 36 31 34 8 31 0 T T 4 4.2 12 220 M M 10 1 16 210
4 35 31 33 7 32 0 T T 3 9.0 16 210 M M 10 18 20 170
5 39 31 35 9 30 0 T T 3 5.8 14 330 M M 10 1 18 280
6 42 26 34 8 31 0 0.00 0.0 3 3.4 9 360 M M 9 128 12 340
7 38 26 32 6 33 0 0.00 0.0 2 4.3 10 40 M M 7 14 40
8 37 18 28 2 37 0 0.00 0.0 2 5.8 12 340 M M 2 18 40
9 38 15 27 1 38 0 0.00 0.0 1 2.1 8 20 M M 2 12 20
10 32 20 26 0 39 0 T 0.0 1 1.4 6 110 M M 9 18 7 130
11 35 28 32 6 33 0 T 0.0 1 12.7 22 220 M M 10 18 31 220
12 37 34 36 10 29 0 0.00 0.0 1 11.2 21 230 M M 10 18 30 230
13 40 34 37 12 28 0 0.04 0.0 1 10.1 17 220 M M 8 18 21 210
14 43 29 36 11 29 0 0.05 0.0 T 8.8 16 110 M M 7 1 22 100
15 38 34 36 11 29 0 0.23 T 0 5.5 16 130 M M 10 1 20 120
16 38 31 35 10 30 0 0.16 0.7 T 7.1 15 310 M M 9 18 22 320
17 35 30 33 8 32 0 0.13 0.9 T 3.6 10 330 M M 10 1 14 300
18 33 29 31 6 34 0 0.15 1.7 1 7.6 16 280 M M 10 1 24 260
19 29 22 26 1 39 0 0.06 1.2 2 10.1 17 280 M M 10 1 25 280
20 37 21 29 4 36 0 T T 4 16.5 33 220 M M 10 8 45 220
21 39 33 36 11 29 0 T T 2 15.6 24 270 M M 5 38 280
22 33 19 26 1 39 0 0.02 0.4 1 12.5 24 320 M M 10 8 36 310
23 30 18 24 -1 41 0 0.00 0.0 1 5.7 14 250 M M 8 20 240
24 31 24 28 3 37 0 0.12 1.7 T 8.1 20 130 M M 10 18 25 130
25 32 17 25 0 40 0 0.00 0.0 2 6.1 15 70 M M 9 12 24 60
26 30 16 23 -2 42 0 0.22 2.5 3 11.4 23 60 M M 9 18 31 40
27 29 12 21 -4 44 0 T T 3 6.1 16 340 M M 9 20 350
28 26 14 20 -5 45 0 T T 3 6.0 14 330 M M 9 19 310
29 31 10 21 -4 44 0 0.00 0.0 3 3.4 9 130 M M 5 12 130
30 30 17 24 -1 41 0 0.01 0.2 3 12.0 21 100 M M 8 28 90
31 35 26 31 6 34 0 0.18 1.6 4 14.6 23 60 M M 10 18 33 50
================================================================================
SM 1074 735 1103 0 1.65 11.7 244.3 M 262
================================================================================
AV 34.6 23.7 7.9 FASTST M M 8 MAX(MPH)
MISC ----> 33 220 45 220
================================================================================
NOTES:
# LAST OF SEVERAL OCCURRENCES
COLUMN 17 PEAK WIND IN M.P.H.
PRELIMINARY LOCAL CLIMATOLOGICAL DATA (WS FORM: F-6) , PAGE 2
STATION: MUSKEGON
MONTH: JANUARY
YEAR: 2021
LATITUDE: 43 10 N
LONGITUDE: 86 14 W
[TEMPERATURE DATA] [PRECIPITATION DATA] SYMBOLS USED IN COLUMN 16
AVERAGE MONTHLY: 29.2 TOTAL FOR MONTH: 1.65 1 = FOG OR MIST
DPTR FM NORMAL: 3.8 DPTR FM NORMAL: -0.38 2 = FOG REDUCING VISIBILITY
HIGHEST: 43 ON 14 GRTST 24HR 0.41 ON 1- 2 TO 1/4 MILE OR LESS
LOWEST: 10 ON 29 3 = THUNDER
SNOW, ICE PELLETS, HAIL 4 = ICE PELLETS
TOTAL MONTH: 11.7 INCHES 5 = HAIL
GRTST 24HR 2.5 ON 26-26 6 = FREEZING RAIN OR DRIZZLE
GRTST DEPTH: 4 ON 31,20 7 = DUSTSTORM OR SANDSTORM:
VSBY 1/2 MILE OR LESS
8 = SMOKE OR HAZE
[NO. OF DAYS WITH] [WEATHER - DAYS WITH] 9 = BLOWING SNOW
X = TORNADO
MAX 32 OR BELOW: 11 0.01 INCH OR MORE: 14
MAX 90 OR ABOVE: 0 0.10 INCH OR MORE: 8
MIN 32 OR BELOW: 27 0.50 INCH OR MORE: 0
MIN 0 OR BELOW: 0 1.00 INCH OR MORE: 0
[HDD (BASE 65) ]
TOTAL THIS MO. 1103 CLEAR (SCALE 0-3) 2
DPTR FM NORMAL -123 PTCLDY (SCALE 4-7) 8
TOTAL FM JUL 1 3212 CLOUDY (SCALE 8-10) 21
DPTR FM NORMAL -461
[CDD (BASE 65) ]
TOTAL THIS MO. 0
DPTR FM NORMAL 0 [PRESSURE DATA]
TOTAL FM JAN 1 0 HIGHEST SLP 30.66 ON 28
DPTR FM NORMAL 0 LOWEST SLP 29.49 ON 15
[REMARKS]
#FINAL-01-21#