000
CXUS53 KGRR 010910
CF6MKG
PRELIMINARY LOCAL CLIMATOLOGICAL DATA (WS FORM: F-6)
STATION: MUSKEGON
MONTH: AUGUST
YEAR: 2022
LATITUDE: 43 10 N
LONGITUDE: 86 14 W
TEMPERATURE IN F: :PCPN: SNOW: WIND :SUNSHINE: SKY :PK WND
================================================================================
1 2 3 4 5 6A 6B 7 8 9 10 11 12 13 14 15 16 17 18
12Z AVG MX 2MIN
DY MAX MIN AVG DEP HDD CDD WTR SNW DPTH SPD SPD DIR MIN PSBL S-S WX SPD DR
================================================================================
1 84 72 78 6 0 13 0.01 0.0 0 11.8 24 200 M M 7 1 35 200
2 84 62 73 1 0 8 0.00 0.0 0 6.3 15 160 M M 2 21 180
3 82 76 79 7 0 14 0.23 0.0 0 12.3 22 190 M M 7 13 32 180
4 86 73 80 8 0 15 T 0.0 0 6.0 15 190 M M 6 20 210
5 91 69 80 8 0 15 0.00 0.0 0 5.4 12 140 M M 6 17 140
6 89 71 80 8 0 15 0.00 0.0 0 7.8 18 190 M M 5 12 27 210
7 83 77 80 8 0 15 0.12 0.0 0 9.3 18 240 M M 7 1 27 200
8 79 66 73 1 0 8 0.08 0.0 0 10.2 21 230 M M 9 1 30 220
9 80 59 70 -2 0 5 0.00 0.0 0 6.4 15 290 M M 2 21 290
10 82 56 69 -3 0 4 0.00 0.0 0 4.9 13 290 M M 2 1 19 230
11 84 62 73 1 0 8 0.00 0.0 0 8.3 17 330 M M 4 26 330
12 77 52 65 -6 0 0 0.00 0.0 0 5.0 12 220 M M 4 19 200
13 63 57 60 -11 5 0 1.48 0.0 0 9.0 28 210 M M 9 13 37 200
14 77 58 68 -3 0 3 T 0.0 0 8.7 15 60 M M 10 22 70
15 83 61 72 1 0 7 0.00 0.0 0 6.3 15 280 M M 5 18 280
16 86 57 72 1 0 7 0.00 0.0 0 6.0 14 30 M M 4 20 30
17 82 60 71 0 0 6 0.00 0.0 0 4.3 13 290 M M 3 18 280
18 82 58 70 -1 0 5 0.00 0.0 0 3.9 12 230 M M 3 17 270
19 83 62 73 2 0 8 T 0.0 0 7.5 18 200 M M 4 27 190
20 82 67 75 5 0 10 0.02 0.0 0 6.7 16 170 M M 7 1 23 160
21 82 64 73 3 0 8 0.09 0.0 0 6.9 14 330 M M 5 20 330
22 81 59 70 0 0 5 0.00 0.0 0 7.1 16 300 M M 2 24 290
23 80 55 68 -2 0 3 0.00 0.0 0 3.4 12 230 M M 3 12 19 230
24 85 62 74 4 0 9 0.00 0.0 0 4.5 12 250 M M 2 1 20 250
25 75 65 70 0 0 5 0.31 0.0 0 6.7 17 170 M M 7 18 26 180
26 79 64 72 2 0 7 0.00 0.0 0 7.2 15 290 M M 5 21 30
27 81 57 69 0 0 4 0.00 0.0 0 6.1 14 220 M M 4 25 190
28 90 64 77 8 0 12 1.12 0.0 0 10.1 26 230 M M 6 13 38 240
29 82 72 77 8 0 12 0.28 0.0 0 13.8 23 220 M M 7 13 36 190
30 78 70 74 5 0 9 0.00 0.0 M 10.7 20 260 0 M 5 29 260
31 81 68 75 7 0 10 0.00 0.0 0 9.6 18 260 M M 2 25 270
================================================================================
SM 2533 1975 5 250 3.74 0.0 232.2 0 154
================================================================================
AV 81.7 63.7 7.5 FASTST 0 M 5 MAX(MPH)
MISC ----> 28 210 38 240
================================================================================
NOTES:
# LAST OF SEVERAL OCCURRENCES
COLUMN 17 PEAK WIND IN M.P.H.
PRELIMINARY LOCAL CLIMATOLOGICAL DATA (WS FORM: F-6) , PAGE 2
STATION: MUSKEGON
MONTH: AUGUST
YEAR: 2022
LATITUDE: 43 10 N
LONGITUDE: 86 14 W
[TEMPERATURE DATA] [PRECIPITATION DATA] SYMBOLS USED IN COLUMN 16
AVERAGE MONTHLY: 72.7 TOTAL FOR MONTH: 3.74 1 = FOG OR MIST
DPTR FM NORMAL: 1.9 DPTR FM NORMAL: 0.64 2 = FOG REDUCING VISIBILITY
HIGHEST: 91 ON 5 GRTST 24HR 1.48 ON 13-13 TO 1/4 MILE OR LESS
LOWEST: 52 ON 12 3 = THUNDER
SNOW, ICE PELLETS, HAIL 4 = ICE PELLETS
TOTAL MONTH: 0.0 INCH 5 = HAIL
GRTST 24HR 0.0 6 = FREEZING RAIN OR DRIZZLE
GRTST DEPTH: 0 7 = DUSTSTORM OR SANDSTORM:
VSBY 1/2 MILE OR LESS
8 = SMOKE OR HAZE
[NO. OF DAYS WITH] [WEATHER - DAYS WITH] 9 = BLOWING SNOW
X = TORNADO
MAX 32 OR BELOW: 0 0.01 INCH OR MORE: 10
MAX 90 OR ABOVE: 2 0.10 INCH OR MORE: 6
MIN 32 OR BELOW: 0 0.50 INCH OR MORE: 2
MIN 0 OR BELOW: 0 1.00 INCH OR MORE: 2
[HDD (BASE 65) ]
TOTAL THIS MO. 5 CLEAR (SCALE 0-3) 9
DPTR FM NORMAL -8 PTCLDY (SCALE 4-7) 19
TOTAL FM JUL 1 7 CLOUDY (SCALE 8-10) 3
DPTR FM NORMAL -9
[CDD (BASE 65) ]
TOTAL THIS MO. 250
DPTR FM NORMAL 59 [PRESSURE DATA]
TOTAL FM JAN 1 756 HIGHEST SLP 30.28 ON 12
DPTR FM NORMAL 183 LOWEST SLP 29.73 ON 1
[REMARKS]
#FINAL-08-22#