000
CXUS53 KGRR 011519
CF6MKG
PRELIMINARY LOCAL CLIMATOLOGICAL DATA (WS FORM: F-6)

                                          STATION:   MUSKEGON
                                          MONTH:     MARCH
                                          YEAR:      2018
                                          LATITUDE:   43 10 N
                                          LONGITUDE:  86 14 W

  TEMPERATURE IN F:       :PCPN:    SNOW:  WIND      :SUNSHINE: SKY     :PK WND
================================================================================
1   2   3   4   5  6A  6B    7    8   9   10  11  12  13   14  15   16   17  18
                                     12Z  AVG MX 2MIN
DY MAX MIN AVG DEP HDD CDD  WTR  SNW DPTH SPD SPD DIR MIN PSBL S-S WX    SPD DR
================================================================================

 1  46  33  40  10  25   0 0.00  0.0    0 13.5 22 340   M    M   7        28 320
 2  43  27  35   5  30   0 0.00  0.0    0  9.8 17 280   M    M   2        23 340
 3  46  23  35   4  30   0 0.00  0.0    0  4.9 14 290   M    M   2        17 290
 4  47  24  36   5  29   0 0.00  0.0    0 10.9 23 120   M    M   5        28  90
 5  39  29  34   3  31   0 0.01  0.6    0 16.8 25 100   M    M   8        34 100
 6  38  30  34   2  31   0 0.16  1.6    1  9.0 24 120   M    M  10 128    30 130
 7  32  24  28  -4  37   0 0.07  1.6    2 13.0 23 290   M    M   9 18     29 300
 8  31  24  28  -4  37   0 0.05  0.8    2 12.1 20 290   M    M  10 1      29 280
 9  34  21  28  -4  37   0 0.01    T    2  7.6 16 320   M    M   7 1      22 290
10  39  18  29  -4  36   0 0.00  0.0    0  4.4 14 280   M    M   4        19 260
11  41  19  30  -3  35   0 0.00  0.0    0  5.1 15 280   M    M   1        19 270
12  41  24  33  -1  32   0 0.06  0.7    1 10.6 22 340   M    M   8 1      28 340
13  33  25  29  -5  36   0 0.05  0.8    1 14.2 26 340   M    M   9 128    31 320
14  39  25  32  -2  33   0    T    T    0 11.5 24 190   M    M   7        30 220
15  39  22  31  -3  34   0    T    T    0 11.9 26 340   M    M   4        33 330
16  36  22  29  -6  36   0 0.00  0.0    0  6.8 16 350   M    M   5        21 340
17  49  20  35   0  30   0 0.00  0.0    0  4.4 16 300   M    M   2        20 310
18  48  22  35  -1  30   0 0.00  0.0    0  5.2 13 230   M    M   2        17 250
19  48  27  38   2  27   0 0.00  0.0    0 12.1 21  70   M    M   4        26  30
20  43  22  33  -3  32   0 0.00  0.0    0 11.8 20  50   M    M   6        27  70
21  41  24  33  -4  32   0 0.00  0.0    0 10.3 18 290   M    M   6        24  60
22  41  23  32  -5  33   0 0.00  0.0    0  9.2 18 290   M    M   0        23 290
23  45  24  35  -2  30   0 0.00  0.0    0  8.8 17 290   M    M   1        23 300
24  44  26  35  -3  30   0 0.00  0.0    0 14.4 25  60   M    M   6        32  70
25  44  23  34  -4  31   0 0.00  0.0    0 12.5 23 100   M    M   3        29 100
26  56  23  40   2  25   0 0.01  0.0    0 12.8 23 130   M    M   6        27 110
27  49  40  45   6  20   0 0.58  0.0    0  9.7 21 210   M    M  10 18     27 210
28  50  32  41   2  24   0 0.00  0.0    0  3.5 13 130   M    M   7 1      15 150
29  50  34  42   2  23   0 0.14  0.0    0  6.3 18 340   M    M   9 18     24 340
30  41  29  35  -5  30   0 0.00  0.0    0  8.6 15 190   M    M   7        22 180
31  44  33  39  -1  26   0 0.16    T    0 15.9 30 330   M    M   8 1      39 330
================================================================================
SM 1317  792       952   0  1.30     6.1 307.6          M      175
================================================================================
AV 42.5 25.6                               9.9 FASTST   M    M   6    MAX(MPH)
                                 MISC ---->  # 30 330               # 39  330
================================================================================
NOTES:
# LAST OF SEVERAL OCCURRENCES

COLUMN 17 PEAK WIND IN M.P.H.

PRELIMINARY LOCAL CLIMATOLOGICAL DATA (WS FORM: F-6) , PAGE 2

                                          STATION:  MUSKEGON
                                          MONTH:    MARCH
                                          YEAR:     2018
                                          LATITUDE:   43 10 N
                                          LONGITUDE:  86 14 W

[TEMPERATURE DATA]      [PRECIPITATION DATA]       SYMBOLS USED IN COLUMN 16

AVERAGE MONTHLY: 34.0   TOTAL FOR MONTH:   1.30    1 = FOG OR MIST
DPTR FM NORMAL:  -1.0   DPTR FM NORMAL:   -0.95    2 = FOG REDUCING VISIBILITY
HIGHEST:    56 ON 26    GRTST 24HR  0.58 ON 27-27      TO 1/4 MILE OR LESS
LOWEST:     18 ON 10                               3 = THUNDER
                        SNOW, ICE PELLETS, HAIL    4 = ICE PELLETS
                        TOTAL MONTH:   6.1 INCHES  5 = HAIL
                        GRTST 24HR   1.6 ON  7- 7  6 = FREEZING RAIN OR DRIZZLE
                        GRTST DEPTH:   2 ON  9, 8  7 = DUSTSTORM OR SANDSTORM:
                                                       VSBY 1/2 MILE OR LESS
                                                   8 = SMOKE OR HAZE
[NO. OF DAYS WITH]      [WEATHER - DAYS WITH]      9 = BLOWING SNOW
                                                   X = TORNADO
MAX 32 OR BELOW:   2    0.01 INCH OR MORE:  11
MAX 90 OR ABOVE:   0    0.10 INCH OR MORE:   4
MIN 32 OR BELOW:  27    0.50 INCH OR MORE:   1
MIN  0 OR BELOW:   0    1.00 INCH OR MORE:   0

[HDD (BASE 65) ]
TOTAL THIS MO.   952    CLEAR  (SCALE 0-3)   7
DPTR FM NORMAL    22    PTCLDY (SCALE 4-7)  17
TOTAL FM JUL 1  5469    CLOUDY (SCALE 8-10)  7
DPTR FM NORMAL  -193

[CDD (BASE 65) ]
TOTAL THIS MO.     0
DPTR FM NORMAL     0    [PRESSURE DATA]
TOTAL FM JAN 1     0    HIGHEST SLP 30.62 ON  3
DPTR FM NORMAL     0    LOWEST  SLP 29.68 ON  6

[REMARKS]
#FINAL-03-18#
