000
CXUS53 KGRR 011010
CF6MKG
PRELIMINARY LOCAL CLIMATOLOGICAL DATA (WS FORM: F-6)
STATION: MUSKEGON
MONTH: FEBRUARY
YEAR: 2023
LATITUDE: 43 10 N
LONGITUDE: 86 14 W
TEMPERATURE IN F: :PCPN: SNOW: WIND :SUNSHINE: SKY :PK WND
================================================================================
1 2 3 4 5 6A 6B 7 8 9 10 11 12 13 14 15 16 17 18
12Z AVG MX 2MIN
DY MAX MIN AVG DEP HDD CDD WTR SNW DPTH SPD SPD DIR MIN PSBL S-S WX SPD DR
================================================================================
1 31 19 25 -1 40 0 0.00 0.0 10 15.0 24 220 M M 6 33 230
2 35 17 26 0 39 0 T T 10 16.5 26 340 M M 8 8 34 320
3 17 10 14 -12 51 0 T T 7 10.6 23 340 M M 9 89 33 350
4 40 12 26 0 39 0 T T 6 14.2 23 210 M M 9 18 37 190
5 40 32 36 10 29 0 T T 4 14.1 25 210 M M 7 189 36 200
6 37 26 32 6 33 0 0.00 0.0 3 11.1 23 130 M M 8 35 140
7 47 8 28 2 37 0 T 0.0 1 15.0 33 170 M M 9 8 52 180
8 43 25 34 8 31 0 0.00 0.0 0 4.1 13 200 M M 5 18 16 210
9 45 34 40 14 25 0 0.70 T 0 12.7 24 320 M M 10 18 35 330
10 38 24 31 4 34 0 0.02 0.0 0 10.4 21 300 M M 9 1 31 280
11 42 20 31 4 34 0 0.00 0.0 0 11.5 23 200 M M 0 30 200
12 45 30 38 11 27 0 0.00 0.0 0 9.8 16 210 M M 1 25 200
13 43 28 36 9 29 0 0.00 0.0 0 8.8 20 310 M M 3 18 30 310
14 59 26 43 16 22 0 0.02 0.0 0 11.6 29 180 M M 5 18 45 170
15 56 39 48 21 17 0 0.16 0.0 0 16.3 33 180 M M 10 1 46 240
16 39 24 32 4 33 0 0.30 2.8 0 11.4 22 360 M M 10 12 29 350
17 29 20 25 -3 40 0 T 0.1 2 10.4 22 220 M M 8 8 31 230
18 40 29 35 7 30 0 0.00 0.0 2 15.1 26 220 M M 4 38 240
19 47 38 43 15 22 0 0.00 0.0 T 15.7 26 200 M M 6 38 190
20 43 25 34 6 31 0 0.00 0.0 0 5.3 17 200 M M 7 18 23 200
21 43 27 35 6 30 0 0.01 0.1 0 11.9 26 280 M M 9 8 39 290
22 32 28 30 1 35 0 0.44 1.9 1 17.2 25 70 M M 10 689 37 70
23 39 28 34 5 31 0 0.10 0.6 3 14.4 28 290 M M 10 168 42 290
24 28 22 25 -5 40 0 T 0.1 2 8.6 17 350 M M 9 28 320
25 38 21 30 0 35 0 0.04 0.4 3 9.5 21 220 M M 8 18 29 200
26 38 24 31 1 34 0 0.00 0.0 2 8.8 17 280 M M 1 25 280
27 37 25 31 1 34 0 1.25 0.0 1 14.6 25 90 M M 8 16 38 90
28 42 34 38 7 27 0 T 0.0 0 8.6 18 300 M M 9 1 30 290
================================================================================
SM 1113 695 909 0 3.04 6.0 333.2 M 198
================================================================================
AV 39.8 24.8 11.9 FASTST M M 7 MAX(MPH)
MISC ----> # 33 170 52 180
================================================================================
NOTES:
# LAST OF SEVERAL OCCURRENCES
COLUMN 17 PEAK WIND IN M.P.H.
PRELIMINARY LOCAL CLIMATOLOGICAL DATA (WS FORM: F-6) , PAGE 2
STATION: MUSKEGON
MONTH: FEBRUARY
YEAR: 2023
LATITUDE: 43 10 N
LONGITUDE: 86 14 W
[TEMPERATURE DATA] [PRECIPITATION DATA] SYMBOLS USED IN COLUMN 16
AVERAGE MONTHLY: 32.3 TOTAL FOR MONTH: 3.04 1 = FOG OR MIST
DPTR FM NORMAL: 4.6 DPTR FM NORMAL: 0.93 2 = FOG REDUCING VISIBILITY
HIGHEST: 59 ON 14 GRTST 24HR 1.25 ON 27-27 TO 1/4 MILE OR LESS
LOWEST: 8 ON 7 3 = THUNDER
SNOW, ICE PELLETS, HAIL 4 = ICE PELLETS
TOTAL MONTH: 7.1 INCHES 5 = HAIL
GRTST 24HR 2.8 ON 16-16 6 = FREEZING RAIN OR DRIZZLE
GRTST DEPTH: 10 ON 2, 1 7 = DUSTSTORM OR SANDSTORM:
VSBY 1/2 MILE OR LESS
8 = SMOKE OR HAZE
[NO. OF DAYS WITH] [WEATHER - DAYS WITH] 9 = BLOWING SNOW
X = TORNADO
MAX 32 OR BELOW: 5 0.01 INCH OR MORE: 10
MAX 90 OR ABOVE: 0 0.10 INCH OR MORE: 6
MIN 32 OR BELOW: 24 0.50 INCH OR MORE: 2
MIN 0 OR BELOW: 0 1.00 INCH OR MORE: 1
[HDD (BASE 65) ]
TOTAL THIS MO. 909 CLEAR (SCALE 0-3) 4
DPTR FM NORMAL -137 PTCLDY (SCALE 4-7) 11
TOTAL FM JUL 1 3976 CLOUDY (SCALE 8-10) 13
DPTR FM NORMAL -560
[CDD (BASE 65) ]
TOTAL THIS MO. 0
DPTR FM NORMAL 0 [PRESSURE DATA]
TOTAL FM JAN 1 0 HIGHEST SLP 30.67 ON 24
DPTR FM NORMAL 0 LOWEST SLP 29.20 ON 27
[REMARKS]
#FINAL-02-23#