000
CXUS53 KGRR 011010
CF6MKG
PRELIMINARY LOCAL CLIMATOLOGICAL DATA (WS FORM: F-6)
STATION: MUSKEGON
MONTH: JANUARY
YEAR: 2024
LATITUDE: 43 10 N
LONGITUDE: 86 14 W
TEMPERATURE IN F: :PCPN: SNOW: WIND :SUNSHINE: SKY :PK WND
================================================================================
1 2 3 4 5 6A 6B 7 8 9 10 11 12 13 14 15 16 17 18
12Z AVG MX 2MIN
DY MAX MIN AVG DEP HDD CDD WTR SNW DPTH SPD SPD DIR MIN PSBL S-S WX SPD DR
================================================================================
1 35 31 33 5 32 0 T T 0 9.1 16 220 M M 9 23 220
2 39 32 36 8 29 0 0.00 0.0 0 13.4 25 220 M M 10 38 230
3 37 33 35 7 30 0 0.01 T 0 8.4 17 360 M M 10 24 350
4 35 29 32 4 33 0 0.00 0.0 0 6.7 18 340 M M 10 25 350
5 38 34 36 8 29 0 0.00 0.0 0 7.3 16 240 M M 10 22 260
6 35 32 34 6 31 0 0.06 0.6 0 8.7 17 90 M M 10 18 22 100
7 39 33 36 8 29 0 0.04 0.3 1 5.8 15 290 M M 10 1 21 300
8 38 34 36 9 29 0 0.00 0.0 0 8.9 16 90 M M 10 8 23 120
9 36 34 35 8 30 0 0.72 3.6 1 13.1 23 60 M M 10 128 34 70
10 37 34 36 9 29 0 0.11 1.5 4 12.5 25 320 M M 10 189 36 310
11 38 31 35 8 30 0 0.09 0.2 4 6.7 17 200 M M 10 18 23 190
12 36 32 34 7 31 0 0.50 4.5 4 14.1 28 80 M M 10 189 41 100
13 35 24 30 3 35 0 0.18 2.8 10 14.8 28 310 M M 10 1289 45 300
14 24 13 19 -7 46 0 0.15 5.2 13 14.9 26 270 M M 10 129 38 270
15 18 13 16 -10 49 0 0.05 2.4 12 11.5 17 230 M M 10 89 26 230
16 16 11 14 -12 51 0 0.07 2.1 13 14.9 23 230 M M 10 89 34 270
17 22 14 18 -8 47 0 T 0.2 13 15.0 24 240 M M 10 89 35 230
18 24 19 22 -4 43 0 0.02 0.2 13 6.2 15 250 M M 10 8 21 240
19 25 8 17 -9 48 0 T 0.1 11 5.3 13 20 M M 9 18 17 30
20 28 -1 14 -12 51 0 0.06 1.6 11 7.3 20 330 M M 8 189 27 310
21 26 17 22 -4 43 0 0.00 0.0 11 11.5 22 200 M M 8 30 200
22 37 17 27 1 38 0 0.11 0.6 11 14.0 23 200 M M 9 128 34 210
23 37 34 36 10 29 0 0.37 0.3 10 6.3 10 110 M M 10 12468 15 80
24 39 35 37 11 28 0 0.06 0.0 9 4.3 8 80 M M 10 128 11 70
25 39 35 37 11 28 0 0.03 0.0 7 4.9 14 60 M M 10 12 20 50
26 41 36 39 13 26 0 0.49 0.0 5 2.9 13 60 M M 10 12 17 70
27 41 36 39 13 26 0 0.01 0.0 4 3.2 8 40 M M 10 12 12 40
28 41 35 38 12 27 0 0.00 0.0 2 9.0 15 330 M M 10 1 22 20
29 38 35 37 11 28 0 0.00 0.0 1 11.0 23 210 M M 10 18 33 200
30 41 38 40 14 25 0 0.09 0.0 0 6.1 23 200 M M 10 128 31 200
31 42 37 40 14 25 0 0.00 0.0 0 9.7 22 210 M M 10 18 29 210
================================================================================
SM 1057 845 1055 0 3.22 26.2 287.5 M 303
================================================================================
AV 34.1 27.3 9.3 FASTST M M 10 MAX(MPH)
MISC ----> # 28 80 45 300
================================================================================
NOTES:
# LAST OF SEVERAL OCCURRENCES
COLUMN 17 PEAK WIND IN M.P.H.
PRELIMINARY LOCAL CLIMATOLOGICAL DATA (WS FORM: F-6) , PAGE 2
STATION: MUSKEGON
MONTH: JANUARY
YEAR: 2024
LATITUDE: 43 10 N
LONGITUDE: 86 14 W
[TEMPERATURE DATA] [PRECIPITATION DATA] SYMBOLS USED IN COLUMN 16
AVERAGE MONTHLY: 30.7 TOTAL FOR MONTH: 3.22 1 = FOG OR MIST
DPTR FM NORMAL: 4.1 DPTR FM NORMAL: 0.80 2 = FOG REDUCING VISIBILITY
HIGHEST: 42 ON 31 GRTST 24HR 5.92 ON 15-15 TO 1/4 MILE OR LESS
LOWEST: -1 ON 20 3 = THUNDER
SNOW, ICE PELLETS, HAIL 4 = ICE PELLETS
TOTAL MONTH: 26.2 INCHES 5 = HAIL
GRTST 24HR 5.2 ON 14-14 6 = FREEZING RAIN OR DRIZZLE
GRTST DEPTH: 13 ON 18,17 7 = DUSTSTORM OR SANDSTORM:
VSBY 1/2 MILE OR LESS
8 = SMOKE OR HAZE
[NO. OF DAYS WITH] [WEATHER - DAYS WITH] 9 = BLOWING SNOW
X = TORNADO
MAX 32 OR BELOW: 8 0.01 INCH OR MORE: 20
MAX 90 OR ABOVE: 0 0.10 INCH OR MORE: 8
MIN 32 OR BELOW: 16 0.50 INCH OR MORE: 2
MIN 0 OR BELOW: 1 1.00 INCH OR MORE: 0
[HDD (BASE 65) ]
TOTAL THIS MO. 1055 CLEAR (SCALE 0-3) 0
DPTR FM NORMAL -135 PTCLDY (SCALE 4-7) 1
TOTAL FM JUL 1 2894 CLOUDY (SCALE 8-10) 30
DPTR FM NORMAL -595
[CDD (BASE 65) ]
TOTAL THIS MO. 0
DPTR FM NORMAL 0 [PRESSURE DATA]
TOTAL FM JAN 1 0 HIGHEST SLP 30.60 ON 21
DPTR FM NORMAL 0 LOWEST SLP 28.95 ON 9
[REMARKS]
#FINAL-01-24#