000
CDUS43 KGRR 170522
CLIMKG


CLIMATE REPORT
NATIONAL WEATHER SERVICE GRAND RAPIDS, MI
122 AM EDT TUE APR 17 2018


...................................

...THE MUSKEGON MI CLIMATE SUMMARY FOR APRIL 16 2018...

CLIMATE NORMAL PERIOD 1981 TO 2010
CLIMATE RECORD PERIOD 1896 TO 2018


WEATHER ITEM   OBSERVED TIME   RECORD YEAR NORMAL DEPARTURE LAST
                VALUE   (LST)  VALUE       VALUE  FROM      YEAR
                                                  NORMAL
..................................................................
TEMPERATURE (F)
 YESTERDAY
  MAXIMUM         34    704 PM  81    1976  56    -22       67
  MINIMUM         30   1159 PM  20    1907  38     -8       50
  AVERAGE         32                        47    -15       59

PRECIPITATION (IN)
  YESTERDAY        0.05          1.51 1961   0.10  -0.05     0.21
  MONTH TO DATE    2.87                      1.55   1.32     2.13
  SINCE MAR 1      4.17                      3.80   0.37     4.74
  SINCE JAN 1     11.11                      7.66   3.45    10.44

SNOWFALL (IN)
  YESTERDAY        0.7          11.0  1961   0.1    0.6      0.0
  MONTH TO DATE    5.5                       2.0    3.5      0.0
  SINCE MAR 1     11.6                      11.0    0.6      4.5
  SINCE JUL 1    103.3                      93.4    9.9     49.0
  SNOW DEPTH       2

DEGREE DAYS
 HEATING
  YESTERDAY       33                        18     15        6
  MONTH TO DATE  506                       339    167      259
  SINCE MAR 1   1458                      1269    189     1163
  SINCE JUL 1   5975                      6001    -26     5028

 COOLING
  YESTERDAY        0                         0      0        0
  MONTH TO DATE    0                         0      0        0
  SINCE MAR 1      0                         0      0        0
  SINCE JAN 1      0                         0      0        0
..................................................................


WIND (MPH)
  RESULTANT WIND SPEED  10   RESULTANT WIND DIRECTION  NW (300)
  HIGHEST WIND SPEED    23   HIGHEST WIND DIRECTION    NW (310)
  HIGHEST GUST SPEED    33   HIGHEST GUST DIRECTION    NW (320)
  AVERAGE WIND SPEED    11.0


SKY COVER
  AVERAGE SKY COVER 1.0


WEATHER CONDITIONS
 THE FOLLOWING WEATHER WAS RECORDED YESTERDAY.
  LIGHT SNOW
  FOG


RELATIVE HUMIDITY (PERCENT)
 HIGHEST    89          1200 AM
 LOWEST     61           700 PM
 AVERAGE    75

..........................................................


THE MUSKEGON MI CLIMATE NORMALS FOR TODAY
                         NORMAL    RECORD    YEAR
 MAXIMUM TEMPERATURE (F)   57        81      1977
 MINIMUM TEMPERATURE (F)   38        22      1948


SUNRISE AND SUNSET
APRIL 17 2018.........SUNRISE   700 AM EDT   SUNSET   830 PM EDT
APRIL 18 2018.........SUNRISE   658 AM EDT   SUNSET   831 PM EDT


-  INDICATES NEGATIVE NUMBERS.
R  INDICATES RECORD WAS SET OR TIED.
MM INDICATES DATA IS MISSING.
T  INDICATES TRACE AMOUNT.




$$
