000
CDUS43 KGRR 110516
CLIMKG


CLIMATE REPORT
NATIONAL WEATHER SERVICE GRAND RAPIDS, MI
116 AM EDT FRI MAY 11 2018


...................................

...THE MUSKEGON MI CLIMATE SUMMARY FOR MAY 10 2018...

CLIMATE NORMAL PERIOD 1981 TO 2010
CLIMATE RECORD PERIOD 1896 TO 2018


WEATHER ITEM   OBSERVED TIME   RECORD YEAR NORMAL DEPARTURE LAST
                VALUE   (LST)  VALUE       VALUE  FROM      YEAR
                                                  NORMAL
..................................................................
TEMPERATURE (F)
 YESTERDAY
  MAXIMUM         64    306 PM  90    1930  65     -1       69
  MINIMUM         48   1159 PM  22    1947  45      3       45
  AVERAGE         56                        55      1       57

PRECIPITATION (IN)
  YESTERDAY        T             1.50 1905   0.10  -0.10     0.12
  MONTH TO DATE    2.01                      1.02   0.99     0.52
  SINCE MAR 1      6.42                      6.18   0.24     7.80
  SINCE JAN 1     13.36                     10.04   3.32    13.50

SNOWFALL (IN)
  YESTERDAY        0.0           4.0  1902   0.0    0.0      0.0
  MONTH TO DATE    0.0                       0.0    0.0      0.0
  SINCE MAR 1     13.6                      11.3    2.3      4.5
  SINCE JUL 1    105.3                      93.7   11.6     49.0
  SNOW DEPTH       0

DEGREE DAYS
 HEATING
  YESTERDAY        9                        10     -1        8
  MONTH TO DATE   46                       117    -71      168
  SINCE MAR 1   1792                      1603    189     1495
  SINCE JUL 1   6309                      6335    -26     5360

 COOLING
  YESTERDAY        0                         1     -1        0
  MONTH TO DATE    4                         2      2        0
  SINCE MAR 1      4                         6     -2        5
  SINCE JAN 1      4                         6     -2        5
..................................................................


WIND (MPH)
  RESULTANT WIND SPEED   6   RESULTANT WIND DIRECTION   W (290)
  HIGHEST WIND SPEED    18   HIGHEST WIND DIRECTION    NE (30)
  HIGHEST GUST SPEED    23   HIGHEST GUST DIRECTION    NE (50)
  AVERAGE WIND SPEED     8.6


SKY COVER
  AVERAGE SKY COVER 0.8


WEATHER CONDITIONS
 THE FOLLOWING WEATHER WAS RECORDED YESTERDAY.
  LIGHT RAIN
  FOG


RELATIVE HUMIDITY (PERCENT)
 HIGHEST    93           500 AM
 LOWEST     54          1100 PM
 AVERAGE    74

..........................................................


THE MUSKEGON MI CLIMATE NORMALS FOR TODAY
                         NORMAL    RECORD    YEAR
 MAXIMUM TEMPERATURE (F)   65        87      1930
 MINIMUM TEMPERATURE (F)   45        30      1949
                                             1913
                                             1907


SUNRISE AND SUNSET
MAY 11 2018...........SUNRISE   626 AM EDT   SUNSET   858 PM EDT
MAY 12 2018...........SUNRISE   625 AM EDT   SUNSET   859 PM EDT


-  INDICATES NEGATIVE NUMBERS.
R  INDICATES RECORD WAS SET OR TIED.
MM INDICATES DATA IS MISSING.
T  INDICATES TRACE AMOUNT.




$$
