000
CDUS43 KGRR 250522
CLIMKG


CLIMATE REPORT
NATIONAL WEATHER SERVICE GRAND RAPIDS, MI
122 AM EDT WED APR 25 2018


...................................

...THE MUSKEGON MI CLIMATE SUMMARY FOR APRIL 24 2018...

CLIMATE NORMAL PERIOD 1981 TO 2010
CLIMATE RECORD PERIOD 1896 TO 2018


WEATHER ITEM   OBSERVED TIME   RECORD YEAR NORMAL DEPARTURE LAST
                VALUE   (LST)  VALUE       VALUE  FROM      YEAR
                                                  NORMAL
..................................................................
TEMPERATURE (F)
 YESTERDAY
  MAXIMUM         64    210 PM  81    1990  60      4       73
  MINIMUM         47   1128 PM  24    1918  40      7       41
  AVERAGE         56                        50      6       57

PRECIPITATION (IN)
  YESTERDAY        T             1.71 1976   0.09  -0.09     0.00
  MONTH TO DATE    3.11                      2.32   0.79     2.96
  SINCE MAR 1      4.41                      4.57  -0.16     5.57
  SINCE JAN 1     11.35                      8.43   2.92    11.27

SNOWFALL (IN)
  YESTERDAY        0.0           3.5  1980   0.0    0.0      0.0
  MONTH TO DATE    7.5                       2.3    5.2      0.0
  SINCE MAR 1     13.6                      11.3    2.3      4.5
  SINCE JUL 1    105.3                      93.7   11.6     49.0
  SNOW DEPTH       0

DEGREE DAYS
 HEATING
  YESTERDAY        9                        15     -6        8
  MONTH TO DATE  678                       471    207      357
  SINCE MAR 1   1630                      1401    229     1261
  SINCE JUL 1   6147                      6133     14     5126

 COOLING
  YESTERDAY        0                         0      0        0
  MONTH TO DATE    0                         0      0        0
  SINCE MAR 1      0                         0      0        0
  SINCE JAN 1      0                         0      0        0
..................................................................


WIND (MPH)
  RESULTANT WIND SPEED   2   RESULTANT WIND DIRECTION   E (80)
  HIGHEST WIND SPEED    12   HIGHEST WIND DIRECTION     N (350)
  HIGHEST GUST SPEED    14   HIGHEST GUST DIRECTION    NW (320)
  AVERAGE WIND SPEED     5.2


SKY COVER
  AVERAGE SKY COVER 0.8


WEATHER CONDITIONS
 THE FOLLOWING WEATHER WAS RECORDED YESTERDAY.
  LIGHT RAIN
  FOG


RELATIVE HUMIDITY (PERCENT)
 HIGHEST    86          1100 PM
 LOWEST     60           200 PM
 AVERAGE    73

..........................................................


THE MUSKEGON MI CLIMATE NORMALS FOR TODAY
                         NORMAL    RECORD    YEAR
 MAXIMUM TEMPERATURE (F)   60        83      1942
 MINIMUM TEMPERATURE (F)   41        24      1967


SUNRISE AND SUNSET
APRIL 25 2018.........SUNRISE   647 AM EDT   SUNSET   839 PM EDT
APRIL 26 2018.........SUNRISE   646 AM EDT   SUNSET   841 PM EDT


-  INDICATES NEGATIVE NUMBERS.
R  INDICATES RECORD WAS SET OR TIED.
MM INDICATES DATA IS MISSING.
T  INDICATES TRACE AMOUNT.




$$
