000
CDUS43 KGRR 212127
CLIMKG


CLIMATE REPORT
NATIONAL WEATHER SERVICE GRAND RAPIDS, MI
526 PM EDT SAT APR 21 2018


...................................

...THE MUSKEGON MI CLIMATE SUMMARY FOR APRIL 21 2018...
VALID TODAY AS OF 0500 PM LOCAL TIME.

CLIMATE NORMAL PERIOD 1981 TO 2010
CLIMATE RECORD PERIOD 1896 TO 2018


WEATHER ITEM   OBSERVED TIME   RECORD YEAR NORMAL DEPARTURE LAST
                VALUE   (LST)  VALUE       VALUE  FROM      YEAR
                                                  NORMAL
..................................................................
TEMPERATURE (F)
 TODAY
  MAXIMUM         56    223 PM  79    1985  58     -2       53
  MINIMUM         28    517 AM  23    2013  39    -11       41
  AVERAGE         42                        49     -7       47

PRECIPITATION (IN)
  TODAY            0.00          2.12 1967   0.10  -0.10      T
  MONTH TO DATE    3.11                      2.04   1.07     2.96
  SINCE MAR 1      4.41                      4.29   0.12     5.57
  SINCE JAN 1     11.35                      8.15   3.20    11.27

SNOWFALL (IN)
  TODAY            0.0           0.5  1912   0.0    0.0      0.0
  MONTH TO DATE    7.5                       2.2    5.3      0.0
  SINCE MAR 1     13.6                      11.2    2.4      4.5
  SINCE JUL 1    105.3                      93.6   11.7     49.0
  SNOW DEPTH       0

DEGREE DAYS
 HEATING
  TODAY           23                        16      7       18
  MONTH TO DATE  645                       424    221      316
  SINCE MAR 1   1597                      1354    243     1220
  SINCE JUL 1   6114                      6086     28     5085

 COOLING
  TODAY            0                         0      0        0
  MONTH TO DATE    0                         0      0        0
  SINCE MAR 1      0                         0      0        0
  SINCE JAN 1      0                         0      0        0
..................................................................


WIND (MPH)
  RESULTANT WIND SPEED   2   RESULTANT WIND DIRECTION  NW (310)
  HIGHEST WIND SPEED    13   HIGHEST WIND DIRECTION     W (280)
  HIGHEST GUST SPEED    16   HIGHEST GUST DIRECTION     W (270)
  AVERAGE WIND SPEED     2.8


SKY COVER
  AVERAGE SKY COVER 0.7


WEATHER CONDITIONS
 THE FOLLOWING WEATHER WAS RECORDED TODAY.
  NO SIGNIFICANT WEATHER WAS OBSERVED.


RELATIVE HUMIDITY (PERCENT)
 HIGHEST    75           400 AM
 LOWEST     22           400 PM
 AVERAGE    49

..........................................................


THE MUSKEGON MI CLIMATE NORMALS FOR TOMORROW
                         NORMAL    RECORD    YEAR
 MAXIMUM TEMPERATURE (F)   59        84      1985
 MINIMUM TEMPERATURE (F)   40        22      1926


SUNRISE AND SUNSET
APRIL 21 2018.........SUNRISE   653 AM EDT   SUNSET   835 PM EDT
APRIL 22 2018.........SUNRISE   652 AM EDT   SUNSET   836 PM EDT


-  INDICATES NEGATIVE NUMBERS.
R  INDICATES RECORD WAS SET OR TIED.
MM INDICATES DATA IS MISSING.
T  INDICATES TRACE AMOUNT.




$$

63
