000
CDUS43 KGRR 151326
CLIMKG


CLIMATE REPORT
NATIONAL WEATHER SERVICE GRAND RAPIDS, MI
925 AM EDT TUE MAY 15 2018


...................................

...THE MUSKEGON MI CLIMATE SUMMARY FOR MAY 15 2018...
VALID AS OF 0900 AM LOCAL TIME.

CLIMATE NORMAL PERIOD 1981 TO 2010
CLIMATE RECORD PERIOD 1896 TO 2018


WEATHER ITEM   OBSERVED TIME   RECORD YEAR NORMAL DEPARTURE LAST
                VALUE   (LST)  VALUE       VALUE  FROM      YEAR
                                                  NORMAL
..................................................................
TEMPERATURE (F)
 TODAY
  MAXIMUM         63   1232 AM  88    1998  67     -4       79
  MINIMUM         56    412 AM  31    1920  47      9       45
  AVERAGE         60                        57      3       62

PRECIPITATION (IN)
  TODAY            0.01          0.95 1982   0.11  -0.10     0.10
  MONTH TO DATE    3.00                      1.55   1.45     0.62
  SINCE MAR 1      7.41                      6.71   0.70     7.90
  SINCE JAN 1     14.35                     10.57   3.78    13.60

SNOWFALL (IN)
  TODAY            0.0           0.0    MM   0.0    0.0      0.0
  MONTH TO DATE    0.0                       0.0    0.0      0.0
  SINCE MAR 1     13.6                      11.3    2.3      4.5
  SINCE JUL 1    105.3                      93.7   11.6     49.0
  SNOW DEPTH       0

DEGREE DAYS
 HEATING
  TODAY            5                         9     -4        3
  MONTH TO DATE   98                       165    -67      201
  SINCE MAR 1   1844                      1651    193     1528
  SINCE JUL 1   6361                      6383    -22     5393

 COOLING
  TODAY            0                         1     -1        0
  MONTH TO DATE    4                         7     -3        0
  SINCE MAR 1      4                        11     -7        5
  SINCE JAN 1      4                        11     -7        5
..................................................................


WIND (MPH)
  RESULTANT WIND SPEED   3   RESULTANT WIND DIRECTION   N (340)
  HIGHEST WIND SPEED    10   HIGHEST WIND DIRECTION    NW (330)
  HIGHEST GUST SPEED    14   HIGHEST GUST DIRECTION    NW (310)
  AVERAGE WIND SPEED     4.2


SKY COVER
  AVERAGE SKY COVER 0.9


WEATHER CONDITIONS
 THE FOLLOWING WEATHER WAS RECORDED TODAY.
  LIGHT RAIN
  FOG
  FOG W/VISIBILITY <= 1/4 MILE


RELATIVE HUMIDITY (PERCENT)
 HIGHEST    93           200 AM
 LOWEST     84           800 AM
 AVERAGE    89

..........................................................


THE MUSKEGON MI CLIMATE NORMALS FOR TOMORROW
                         NORMAL    RECORD    YEAR
 MAXIMUM TEMPERATURE (F)   67        85      1977
 MINIMUM TEMPERATURE (F)   47        29      1997


SUNRISE AND SUNSET
MAY 15 2018...........SUNRISE   621 AM EDT   SUNSET   902 PM EDT
MAY 16 2018...........SUNRISE   620 AM EDT   SUNSET   903 PM EDT


-  INDICATES NEGATIVE NUMBERS.
R  INDICATES RECORD WAS SET OR TIED.
MM INDICATES DATA IS MISSING.
T  INDICATES TRACE AMOUNT.




$$
