000
CDUS43 KGRR 101325
CLIMKG


CLIMATE REPORT
NATIONAL WEATHER SERVICE GRAND RAPIDS, MI
925 AM EDT TUE APR 10 2018


...................................

...THE MUSKEGON MI CLIMATE SUMMARY FOR APRIL 10 2018...
VALID AS OF 0900 AM LOCAL TIME.

CLIMATE NORMAL PERIOD 1981 TO 2010
CLIMATE RECORD PERIOD 1896 TO 2018


WEATHER ITEM   OBSERVED TIME   RECORD YEAR NORMAL DEPARTURE LAST
                VALUE   (LST)  VALUE       VALUE  FROM      YEAR
                                                  NORMAL
..................................................................
TEMPERATURE (F)
 TODAY
  MAXIMUM         37    759 AM  78    2011  54    -17       69
  MINIMUM         24    214 AM  14    1997  35    -11       45
  AVERAGE         31                        44    -13       57

PRECIPITATION (IN)
  TODAY            0.00          1.01 1947   0.10  -0.10     0.31
  MONTH TO DATE    0.60                      0.95  -0.35     1.81
  SINCE MAR 1      1.90                      3.20  -1.30     4.42
  SINCE JAN 1      8.84                      7.06   1.78    10.12

SNOWFALL (IN)
  TODAY            0.0           1.6  1923   0.2   -0.2      0.0
  MONTH TO DATE    2.8                       1.5    1.3      0.0
  SINCE MAR 1      8.9                      10.5   -1.6      4.5
  SINCE JUL 1    100.6                      92.9    7.7     49.0
  SNOW DEPTH       0

DEGREE DAYS
 HEATING
  TODAY           34                        21     13        8
  MONTH TO DATE  349                       224    125      185
  SINCE MAR 1   1301                      1154    147     1089
  SINCE JUL 1   5818                      5886    -68     4954

 COOLING
  TODAY            0                         0      0        0
  MONTH TO DATE    0                         0      0        0
  SINCE MAR 1      0                         0      0        0
  SINCE JAN 1      0                         0      0        0
..................................................................


WIND (MPH)
  RESULTANT WIND SPEED   4   RESULTANT WIND DIRECTION   W (280)
  HIGHEST WIND SPEED    10   HIGHEST WIND DIRECTION    NW (300)
  HIGHEST GUST SPEED    14   HIGHEST GUST DIRECTION     W (270)
  AVERAGE WIND SPEED     4.0


SKY COVER
  AVERAGE SKY COVER 0.0


WEATHER CONDITIONS
 THE FOLLOWING WEATHER WAS RECORDED TODAY.
  NO SIGNIFICANT WEATHER WAS OBSERVED.


RELATIVE HUMIDITY (PERCENT)
 HIGHEST    81           100 AM
 LOWEST     64           800 AM
 AVERAGE    73

..........................................................


THE MUSKEGON MI CLIMATE NORMALS FOR TOMORROW
                         NORMAL    RECORD    YEAR
 MAXIMUM TEMPERATURE (F)   54        79      1945
 MINIMUM TEMPERATURE (F)   36        12      1973


SUNRISE AND SUNSET
APRIL 10 2018.........SUNRISE   711 AM EDT   SUNSET   822 PM EDT
APRIL 11 2018.........SUNRISE   710 AM EDT   SUNSET   823 PM EDT


-  INDICATES NEGATIVE NUMBERS.
R  INDICATES RECORD WAS SET OR TIED.
MM INDICATES DATA IS MISSING.
T  INDICATES TRACE AMOUNT.




$$
