325
CDUS43 KGRR 122129
CLIMKG


CLIMATE REPORT
NATIONAL WEATHER SERVICE GRAND RAPIDS, MI
529 PM EDT THU APR 12 2018


...................................

...THE MUSKEGON MI CLIMATE SUMMARY FOR APRIL 12 2018...
VALID TODAY AS OF 0500 PM LOCAL TIME.

CLIMATE NORMAL PERIOD 1981 TO 2010
CLIMATE RECORD PERIOD 1896 TO 2018


WEATHER ITEM   OBSERVED TIME   RECORD YEAR NORMAL DEPARTURE LAST
                VALUE   (LST)  VALUE       VALUE  FROM      YEAR
                                                  NORMAL
..................................................................
TEMPERATURE (F)
 TODAY
  MAXIMUM         55   1143 AM  77    1941  55      0       51
  MINIMUM         44    206 AM  19    1975  36      8       42
                                      1923
  AVERAGE         50                        45      5       47

PRECIPITATION (IN)
  TODAY            0.22          1.30 1971   0.10   0.12     0.01
  MONTH TO DATE    0.86                      1.15  -0.29     1.82
  SINCE MAR 1      2.16                      3.40  -1.24     4.43
  SINCE JAN 1      9.10                      7.26   1.84    10.13

SNOWFALL (IN)
  TODAY            0.0           1.7  2007   0.1   -0.1      0.0
  MONTH TO DATE    2.8                       1.7    1.1      0.0
  SINCE MAR 1      8.9                      10.7   -1.8      4.5
  SINCE JUL 1    100.6                      93.1    7.5     49.0
  SNOW DEPTH       0

DEGREE DAYS
 HEATING
  TODAY           15                        20     -5       18
  MONTH TO DATE  385                       264    121      225
  SINCE MAR 1   1337                      1194    143     1129
  SINCE JUL 1   5854                      5926    -72     4994

 COOLING
  TODAY            0                         0      0        0
  MONTH TO DATE    0                         0      0        0
  SINCE MAR 1      0                         0      0        0
  SINCE JAN 1      0                         0      0        0
..................................................................


WIND (MPH)
  RESULTANT WIND SPEED   6   RESULTANT WIND DIRECTION   S (200)
  HIGHEST WIND SPEED    28   HIGHEST WIND DIRECTION     S (200)
  HIGHEST GUST SPEED    36   HIGHEST GUST DIRECTION     S (190)
  AVERAGE WIND SPEED    14.7


SKY COVER
  AVERAGE SKY COVER 0.9


WEATHER CONDITIONS
 THE FOLLOWING WEATHER WAS RECORDED TODAY.
  LIGHT RAIN
  FOG
  HAZE


RELATIVE HUMIDITY (PERCENT)
 HIGHEST    89           200 AM
 LOWEST     55          1100 AM
 AVERAGE    72

..........................................................


THE MUSKEGON MI CLIMATE NORMALS FOR TOMORROW
                         NORMAL    RECORD    YEAR
 MAXIMUM TEMPERATURE (F)   55        74      1968
 MINIMUM TEMPERATURE (F)   37        12      1917


SUNRISE AND SUNSET
APRIL 12 2018.........SUNRISE   708 AM EDT   SUNSET   824 PM EDT
APRIL 13 2018.........SUNRISE   706 AM EDT   SUNSET   825 PM EDT


-  INDICATES NEGATIVE NUMBERS.
R  INDICATES RECORD WAS SET OR TIED.
MM INDICATES DATA IS MISSING.
T  INDICATES TRACE AMOUNT.




$$
