005
CDUS43 KGRR 230522
CLIMKG


CLIMATE REPORT
NATIONAL WEATHER SERVICE GRAND RAPIDS, MI
119 AM EDT WED MAY 23 2018


...................................

...THE MUSKEGON MI CLIMATE SUMMARY FOR MAY 22 2018...

CLIMATE NORMAL PERIOD 1981 TO 2010
CLIMATE RECORD PERIOD 1896 TO 2018


WEATHER ITEM   OBSERVED TIME   RECORD YEAR NORMAL DEPARTURE LAST
                VALUE   (LST)  VALUE       VALUE  FROM      YEAR
                                                  NORMAL
..................................................................
TEMPERATURE (F)
 YESTERDAY
  MAXIMUM         67    107 PM  88    1977  69     -2       66
  MINIMUM         45   1159 PM  34    1979  49     -4       49
                                      1971
  AVERAGE         56                        59     -3       58

PRECIPITATION (IN)
  YESTERDAY        T             4.10 1904   0.11  -0.11      T
  MONTH TO DATE    4.29                      2.32   1.97     1.34
  SINCE MAR 1      8.70                      7.48   1.22     8.62
  SINCE JAN 1     15.64                     11.34   4.30    14.32

SNOWFALL (IN)
  YESTERDAY        0.0           0.0    MM   0.0    0.0      0.0
  MONTH TO DATE    0.0                       0.0    0.0      0.0
  SINCE MAR 1     13.6                      11.3    2.3      4.5
  SINCE JUL 1    105.3                      93.7   11.6     49.0
  SNOW DEPTH       0

DEGREE DAYS
 HEATING
  YESTERDAY        9                         7      2        7
  MONTH TO DATE  133                       222    -89      247
  SINCE MAR 1   1879                      1708    171     1574
  SINCE JUL 1   6396                      6440    -44     5439

 COOLING
  YESTERDAY        0                         1     -1        0
  MONTH TO DATE    6                        14     -8       17
  SINCE MAR 1      6                        18    -12       22
  SINCE JAN 1      6                        18    -12       22
..................................................................


WIND (MPH)
  RESULTANT WIND SPEED   3   RESULTANT WIND DIRECTION  NW (300)
  HIGHEST WIND SPEED    15   HIGHEST WIND DIRECTION     W (290)
  HIGHEST GUST SPEED    18   HIGHEST GUST DIRECTION     W (280)
  AVERAGE WIND SPEED     5.5


SKY COVER
  AVERAGE SKY COVER 0.8


WEATHER CONDITIONS
 THE FOLLOWING WEATHER WAS RECORDED YESTERDAY.
  LIGHT RAIN
  FOG
  FOG W/VISIBILITY <= 1/4 MILE


RELATIVE HUMIDITY (PERCENT)
 HIGHEST    93           200 AM
 LOWEST     67           300 PM
 AVERAGE    80

..........................................................


THE MUSKEGON MI CLIMATE NORMALS FOR TODAY
                         NORMAL    RECORD    YEAR
 MAXIMUM TEMPERATURE (F)   69        87      1972
 MINIMUM TEMPERATURE (F)   49        29      1913


SUNRISE AND SUNSET
MAY 23 2018...........SUNRISE   614 AM EDT   SUNSET   910 PM EDT
MAY 24 2018...........SUNRISE   613 AM EDT   SUNSET   911 PM EDT


-  INDICATES NEGATIVE NUMBERS.
R  INDICATES RECORD WAS SET OR TIED.
MM INDICATES DATA IS MISSING.
T  INDICATES TRACE AMOUNT.




$$
