000
CDUS43 KGRR 100517
CLIMKG


CLIMATE REPORT
NATIONAL WEATHER SERVICE GRAND RAPIDS, MI
117 AM EDT TUE APR 10 2018


...................................

...THE MUSKEGON MI CLIMATE SUMMARY FOR APRIL 9 2018...

CLIMATE NORMAL PERIOD 1981 TO 2010
CLIMATE RECORD PERIOD 1896 TO 2018


WEATHER ITEM   OBSERVED TIME   RECORD YEAR NORMAL DEPARTURE LAST
                VALUE   (LST)  VALUE       VALUE  FROM      YEAR
                                                  NORMAL
..................................................................
TEMPERATURE (F)
 YESTERDAY
  MAXIMUM         41    210 PM  73    2017  53    -12       73
  MINIMUM         27   1155 PM  17    1985  35     -8       57
                                      1972
  AVERAGE         34                        44    -10       65

PRECIPITATION (IN)
  YESTERDAY        0.04          2.24 2015   0.10  -0.06     0.00
  MONTH TO DATE    0.60                      0.85  -0.25     1.50
  SINCE MAR 1      1.90                      3.10  -1.20     4.11
  SINCE JAN 1      8.84                      6.96   1.88     9.81

SNOWFALL (IN)
  YESTERDAY        T             6.5  1973   0.1   -0.1      0.0
  MONTH TO DATE    2.8                       1.3    1.5      0.0
  SINCE MAR 1      8.9                      10.3   -1.4      4.5
  SINCE JUL 1    100.6                      92.7    7.9     49.0
  SNOW DEPTH       T

DEGREE DAYS
 HEATING
  YESTERDAY       31                        21     10        0
  MONTH TO DATE  315                       203    112      177
  SINCE MAR 1   1267                      1133    134     1081
  SINCE JUL 1   5784                      5865    -81     4946

 COOLING
  YESTERDAY        0                         0      0        0
  MONTH TO DATE    0                         0      0        0
  SINCE MAR 1      0                         0      0        0
  SINCE JAN 1      0                         0      0        0
..................................................................


WIND (MPH)
  RESULTANT WIND SPEED   2   RESULTANT WIND DIRECTION  NW (300)
  HIGHEST WIND SPEED    14   HIGHEST WIND DIRECTION     W (280)
  HIGHEST GUST SPEED    17   HIGHEST GUST DIRECTION     W (280)
  AVERAGE WIND SPEED     5.2


SKY COVER
  AVERAGE SKY COVER 0.8


WEATHER CONDITIONS
 THE FOLLOWING WEATHER WAS RECORDED YESTERDAY.
  LIGHT SNOW
  FOG


RELATIVE HUMIDITY (PERCENT)
 HIGHEST    85           800 AM
 LOWEST     52           500 PM
 AVERAGE    69

..........................................................


THE MUSKEGON MI CLIMATE NORMALS FOR TODAY
                         NORMAL    RECORD    YEAR
 MAXIMUM TEMPERATURE (F)   54        78      2011
 MINIMUM TEMPERATURE (F)   35        14      1997


SUNRISE AND SUNSET
APRIL 10 2018.........SUNRISE   711 AM EDT   SUNSET   822 PM EDT
APRIL 11 2018.........SUNRISE   710 AM EDT   SUNSET   823 PM EDT


-  INDICATES NEGATIVE NUMBERS.
R  INDICATES RECORD WAS SET OR TIED.
MM INDICATES DATA IS MISSING.
T  INDICATES TRACE AMOUNT.




$$
