137
CDUS43 KGRR 160524
CLIMKG


CLIMATE REPORT
NATIONAL WEATHER SERVICE GRAND RAPIDS, MI
123 AM EDT MON APR 16 2018


...................................

...THE MUSKEGON MI CLIMATE SUMMARY FOR APRIL 15 2018...

CLIMATE NORMAL PERIOD 1981 TO 2010
CLIMATE RECORD PERIOD 1896 TO 2018


WEATHER ITEM   OBSERVED TIME   RECORD YEAR NORMAL DEPARTURE LAST
                VALUE   (LST)  VALUE       VALUE  FROM      YEAR
                                                  NORMAL
..................................................................
TEMPERATURE (F)
 YESTERDAY
  MAXIMUM         36    613 PM  80    2002  56    -20       76
  MINIMUM         28    648 AM  16    1943  37     -9       53
  AVERAGE         32                        46    -14       65

PRECIPITATION (IN)
  YESTERDAY        1.16          1.48 1991   0.10   1.06     0.06
  MONTH TO DATE    2.82                      1.45   1.37     1.92
  SINCE MAR 1      4.12                      3.70   0.42     4.53
  SINCE JAN 1     11.06                      7.56   3.50    10.23

SNOWFALL (IN)
  YESTERDAY        2.0           3.0  1904   0.1    1.9      0.0
  MONTH TO DATE    4.8                       1.9    2.9      0.0
  SINCE MAR 1     10.9                      10.9    0.0      4.5
  SINCE JUL 1    102.6                      93.3    9.3     49.0
  SNOW DEPTH       1

DEGREE DAYS
 HEATING
  YESTERDAY       33                        19     14        0
  MONTH TO DATE  473                       321    152      253
  SINCE MAR 1   1425                      1251    174     1157
  SINCE JUL 1   5942                      5983    -41     5022

 COOLING
  YESTERDAY        0                         0      0        0
  MONTH TO DATE    0                         0      0        0
  SINCE MAR 1      0                         0      0        0
  SINCE JAN 1      0                         0      0        0
..................................................................


WIND (MPH)
  RESULTANT WIND SPEED  14   RESULTANT WIND DIRECTION   E (70)
  HIGHEST WIND SPEED    33   HIGHEST WIND DIRECTION     E (80)
  HIGHEST GUST SPEED    47   HIGHEST GUST DIRECTION     E (90)
  AVERAGE WIND SPEED    12.3


SKY COVER
  AVERAGE SKY COVER 1.0


WEATHER CONDITIONS
 THE FOLLOWING WEATHER WAS RECORDED YESTERDAY.
  LIGHT RAIN
  FREEZING RAIN
  LT FREEZING RAIN
  SNOW
  LIGHT SNOW
  SLEET
  FOG


RELATIVE HUMIDITY (PERCENT)
 HIGHEST    89           900 PM
 LOWEST     75           300 PM
 AVERAGE    82

..........................................................


THE MUSKEGON MI CLIMATE NORMALS FOR TODAY
                         NORMAL    RECORD    YEAR
 MAXIMUM TEMPERATURE (F)   56        81      1976
 MINIMUM TEMPERATURE (F)   38        20      1907


SUNRISE AND SUNSET
APRIL 16 2018.........SUNRISE   701 AM EDT   SUNSET   829 PM EDT
APRIL 17 2018.........SUNRISE   700 AM EDT   SUNSET   830 PM EDT


-  INDICATES NEGATIVE NUMBERS.
R  INDICATES RECORD WAS SET OR TIED.
MM INDICATES DATA IS MISSING.
T  INDICATES TRACE AMOUNT.




$$
