000
CDUS43 KGRR 112125
CLIMKG


CLIMATE REPORT
NATIONAL WEATHER SERVICE GRAND RAPIDS, MI
525 PM EDT WED APR 11 2018


...................................

...THE MUSKEGON MI CLIMATE SUMMARY FOR APRIL 11 2018...
VALID TODAY AS OF 0500 PM LOCAL TIME.

CLIMATE NORMAL PERIOD 1981 TO 2010
CLIMATE RECORD PERIOD 1896 TO 2018


WEATHER ITEM   OBSERVED TIME   RECORD YEAR NORMAL DEPARTURE LAST
                VALUE   (LST)  VALUE       VALUE  FROM      YEAR
                                                  NORMAL
..................................................................
TEMPERATURE (F)
 TODAY
  MAXIMUM         50    137 PM  79    1945  54     -4       46
  MINIMUM         34    427 AM  12    1973  36     -2       39
  AVERAGE         42                        45     -3       43

PRECIPITATION (IN)
  TODAY            0.03          2.66 2001   0.10  -0.07     0.00
  MONTH TO DATE    0.63                      1.05  -0.42     1.81
  SINCE MAR 1      1.93                      3.30  -1.37     4.42
  SINCE JAN 1      8.87                      7.16   1.71    10.12

SNOWFALL (IN)
  TODAY            T             5.1  2007   0.1   -0.1      0.0
  MONTH TO DATE    2.8                       1.6    1.2      0.0
  SINCE MAR 1      8.9                      10.6   -1.7      4.5
  SINCE JUL 1    100.6                      93.0    7.6     49.0
  SNOW DEPTH       0

DEGREE DAYS
 HEATING
  TODAY           23                        20      3       22
  MONTH TO DATE  370                       244    126      207
  SINCE MAR 1   1322                      1174    148     1111
  SINCE JUL 1   5839                      5906    -67     4976

 COOLING
  TODAY            0                         0      0        0
  MONTH TO DATE    0                         0      0        0
  SINCE MAR 1      0                         0      0        0
  SINCE JAN 1      0                         0      0        0
..................................................................


WIND (MPH)
  RESULTANT WIND SPEED  11   RESULTANT WIND DIRECTION  SW (240)
  HIGHEST WIND SPEED    23   HIGHEST WIND DIRECTION     S (200)
  HIGHEST GUST SPEED    29   HIGHEST GUST DIRECTION    SW (210)
  AVERAGE WIND SPEED    12.8


SKY COVER
  AVERAGE SKY COVER 0.8


WEATHER CONDITIONS
 THE FOLLOWING WEATHER WAS RECORDED TODAY.
  LIGHT RAIN
  LIGHT SNOW
  FOG


RELATIVE HUMIDITY (PERCENT)
 HIGHEST    82           400 AM
 LOWEST     50           400 PM
 AVERAGE    66

..........................................................


THE MUSKEGON MI CLIMATE NORMALS FOR TOMORROW
                         NORMAL    RECORD    YEAR
 MAXIMUM TEMPERATURE (F)   55        77      1941
 MINIMUM TEMPERATURE (F)   36        19      1975
                                             1923


SUNRISE AND SUNSET
APRIL 11 2018.........SUNRISE   710 AM EDT   SUNSET   823 PM EDT
APRIL 12 2018.........SUNRISE   708 AM EDT   SUNSET   824 PM EDT


-  INDICATES NEGATIVE NUMBERS.
R  INDICATES RECORD WAS SET OR TIED.
MM INDICATES DATA IS MISSING.
T  INDICATES TRACE AMOUNT.




$$
