789
CDUS43 KGRR 191333
CLIMKG


CLIMATE REPORT
NATIONAL WEATHER SERVICE GRAND RAPIDS, MI
930 AM EDT SAT MAY 19 2018


...................................

...THE MUSKEGON MI CLIMATE SUMMARY FOR MAY 19 2018...
VALID AS OF 0900 AM LOCAL TIME.

CLIMATE NORMAL PERIOD 1981 TO 2010
CLIMATE RECORD PERIOD 1896 TO 2018


WEATHER ITEM   OBSERVED TIME   RECORD YEAR NORMAL DEPARTURE LAST
                VALUE   (LST)  VALUE       VALUE  FROM      YEAR
                                                  NORMAL
..................................................................
TEMPERATURE (F)
 TODAY
  MAXIMUM         57    759 AM  87    2013  68    -11       56
                                      1911
  MINIMUM         54    256 AM  29    2002  48      6       41
  AVERAGE         56                        58     -2       49

PRECIPITATION (IN)
  TODAY            0.19          1.05 1960   0.11   0.08      T
  MONTH TO DATE    3.26                      1.98   1.28     0.83
  SINCE MAR 1      7.67                      7.14   0.53     8.11
  SINCE JAN 1     14.61                     11.00   3.61    13.81

SNOWFALL (IN)
  TODAY            0.0           0.0    MM   0.0    0.0      0.0
  MONTH TO DATE    0.0                       0.0    0.0      0.0
  SINCE MAR 1     13.6                      11.3    2.3      4.5
  SINCE JUL 1    105.3                      93.7   11.6     49.0
  SNOW DEPTH       0

DEGREE DAYS
 HEATING
  TODAY            9                         8      1       16
  MONTH TO DATE  106                       199    -93      223
  SINCE MAR 1   1852                      1685    167     1550
  SINCE JUL 1   6369                      6417    -48     5415

 COOLING
  TODAY            0                         1     -1        0
  MONTH TO DATE    6                        11     -5       17
  SINCE MAR 1      6                        15     -9       22
  SINCE JAN 1      6                        15     -9       22
..................................................................


WIND (MPH)
  RESULTANT WIND SPEED   7   RESULTANT WIND DIRECTION   E (90)
  HIGHEST WIND SPEED    14   HIGHEST WIND DIRECTION     E (70)
  HIGHEST GUST SPEED    19   HIGHEST GUST DIRECTION     E (70)
  AVERAGE WIND SPEED     6.9


SKY COVER
  AVERAGE SKY COVER 0.9


WEATHER CONDITIONS
 THE FOLLOWING WEATHER WAS RECORDED TODAY.
  RAIN
  LIGHT RAIN
  FOG


RELATIVE HUMIDITY (PERCENT)
 HIGHEST    93           700 AM
 LOWEST     77           100 AM
 AVERAGE    85

..........................................................


THE MUSKEGON MI CLIMATE NORMALS FOR TOMORROW
                         NORMAL    RECORD    YEAR
 MAXIMUM TEMPERATURE (F)   68        90      2012
 MINIMUM TEMPERATURE (F)   48        30      1924
                                             1906


SUNRISE AND SUNSET
MAY 19 2018...........SUNRISE   617 AM EDT   SUNSET   906 PM EDT
MAY 20 2018...........SUNRISE   616 AM EDT   SUNSET   907 PM EDT


-  INDICATES NEGATIVE NUMBERS.
R  INDICATES RECORD WAS SET OR TIED.
MM INDICATES DATA IS MISSING.
T  INDICATES TRACE AMOUNT.




$$

63
