000
CDUS43 KGRR 190536
CLIMKG


CLIMATE REPORT
NATIONAL WEATHER SERVICE GRAND RAPIDS, MI
135 AM EDT THU APR 19 2018


...................................

...THE MUSKEGON MI CLIMATE SUMMARY FOR APRIL 18 2018...

CLIMATE NORMAL PERIOD 1981 TO 2010
CLIMATE RECORD PERIOD 1896 TO 2018


WEATHER ITEM   OBSERVED TIME   RECORD YEAR NORMAL DEPARTURE LAST
                VALUE   (LST)  VALUE       VALUE  FROM      YEAR
                                                  NORMAL
..................................................................
TEMPERATURE (F)
 YESTERDAY
  MAXIMUM         40    412 PM  84    2002  57    -17       73
  MINIMUM         32    625 AM  20    1907  38     -6       43
  AVERAGE         36                        48    -12       58

PRECIPITATION (IN)
  YESTERDAY        0.24          2.02 2013   0.10   0.14     0.01
  MONTH TO DATE    3.11                      1.75   1.36     2.14
  SINCE MAR 1      4.41                      4.00   0.41     4.75
  SINCE JAN 1     11.35                      7.86   3.49    10.45

SNOWFALL (IN)
  YESTERDAY        2.0           3.0  1912   0.0    2.0      0.0
  MONTH TO DATE    7.5                       2.1    5.4      0.0
  SINCE MAR 1     13.6                      11.1    2.5      4.5
  SINCE JUL 1    105.3                      93.5   11.8     49.0
  SNOW DEPTH       3

DEGREE DAYS
 HEATING
  YESTERDAY       29                        17     12        7
  MONTH TO DATE  569                       374    195      281
  SINCE MAR 1   1521                      1304    217     1185
  SINCE JUL 1   6038                      6036      2     5050

 COOLING
  YESTERDAY        0                         0      0        0
  MONTH TO DATE    0                         0      0        0
  SINCE MAR 1      0                         0      0        0
  SINCE JAN 1      0                         0      0        0
..................................................................


WIND (MPH)
  RESULTANT WIND SPEED   6   RESULTANT WIND DIRECTION  NE (30)
  HIGHEST WIND SPEED    22   HIGHEST WIND DIRECTION    NE (50)
  HIGHEST GUST SPEED    26   HIGHEST GUST DIRECTION    NE (50)
  AVERAGE WIND SPEED     6.8


SKY COVER
  AVERAGE SKY COVER 0.9


WEATHER CONDITIONS
 THE FOLLOWING WEATHER WAS RECORDED YESTERDAY.
  LIGHT RAIN
  LIGHT SNOW
  FOG


RELATIVE HUMIDITY (PERCENT)
 HIGHEST    89           800 PM
 LOWEST     54           100 PM
 AVERAGE    72

..........................................................


THE MUSKEGON MI CLIMATE NORMALS FOR TODAY
                         NORMAL    RECORD    YEAR
 MAXIMUM TEMPERATURE (F)   58        79      1957
 MINIMUM TEMPERATURE (F)   39        20      1983


SUNRISE AND SUNSET
APRIL 19 2018.........SUNRISE   656 AM EDT   SUNSET   832 PM EDT
APRIL 20 2018.........SUNRISE   655 AM EDT   SUNSET   834 PM EDT


-  INDICATES NEGATIVE NUMBERS.
R  INDICATES RECORD WAS SET OR TIED.
MM INDICATES DATA IS MISSING.
T  INDICATES TRACE AMOUNT.




$$
