000
CXUS54 KMEG 030659
CLMMKL
CLIMATE REPORT
NATIONAL WEATHER SERVICE MEMPHIS TN
1259 AM CST SUN DEC 03 2023
...................................
...THE JACKSON CLIMATE SUMMARY FOR THE MONTH OF NOVEMBER 2023...
CLIMATE NORMAL PERIOD 1991 TO 2020
CLIMATE RECORD PERIOD 1948 TO 2023
WEATHER OBSERVED NORMAL DEPART LAST YEAR`S
VALUE DATE(S) VALUE FROM VALUE DATE(S)
NORMAL
................................................................
TEMPERATURE (F)
RECORD
HIGH 88 11/01/2016
LOW 1 11/25/1950
HIGHEST 82 11/08 61 21 81 11/08
LOWEST 21 11/28 40 -19 14 11/21
11/29
AVG. MAXIMUM 63.5 60.8 2.7 61.8
AVG. MINIMUM 36.4 37.8 -1.4 36.4
MEAN 49.9 49.3 0.6 49.1
DAYS MAX >= 90 0 0.0 0.0 0
DAYS MAX <= 32 0 0.1 -0.1 0
DAYS MIN <= 32 12 10.7 1.3 12
DAYS MIN <= 0 0 0.0 0.0 0
PRECIPITATION (INCHES)
RECORD
MAXIMUM 11.21 1948
MINIMUM 0.72 1949
TOTALS 1.74 4.33 -2.59 2.81
DAILY AVG. 0.06 0.14 -0.08 0.09
DAYS >= .01 5 9.4 -4.4 10
DAYS >= .10 4 6.3 -2.3 7
DAYS >= .50 1 3.0 -2.0 2
DAYS >= 1.00 1 1.5 -0.5 1
GREATEST
24 HR. TOTAL 1.02 11/20 TO 11/20
SNOWFALL (INCHES)
RECORDS
TOTAL 2.0 2011
TOTALS MM MM MM MM
SINCE 7/1 MM MM MM MM
SNOWDEPTH AVG. MM MM
DAYS >= 1.0 MM MM MM MM
GREATEST
SNOW DEPTH MM MM MM
24 HR TOTAL MM
DEGREE DAYS
HEATING TOTAL 451 476 -25 477
SINCE 7/1 590 685 -95 MM
COOLING TOTAL 7 5 2 9
SINCE 1/1 1705 1715 -10 MM
................................................................
WIND (MPH)
AVERAGE WIND SPEED 5.3
HIGHEST WIND SPEED/DIRECTION 24/200 DATE 11/08
HIGHEST GUST SPEED/DIRECTION 35/190 DATE 11/08
SKY COVER
POSSIBLE SUNSHINE (PERCENT) MM
AVERAGE SKY COVER 0.24
NUMBER OF DAYS FAIR 21
NUMBER OF DAYS PC 4
NUMBER OF DAYS CLOUDY 5
AVERAGE RH (PERCENT) 68
WEATHER CONDITIONS. NUMBER OF DAYS WITH
THUNDERSTORM 0 MIXED PRECIP 0
HEAVY RAIN 1 RAIN 1
LIGHT RAIN 5 FREEZING RAIN 0
LT FREEZING RAIN 0 HAIL 0
HEAVY SNOW 0 SNOW 0
LIGHT SNOW 0 SLEET 0
FOG 7 FOG W/VIS <= 1/4 MILE 0
HAZE 1
- INDICATES NEGATIVE NUMBERS.
R INDICATES RECORD WAS SET OR TIED.
MM INDICATES DATA IS MISSING.
T INDICATES TRACE AMOUNT.
$$