827
CXUS54 KFWD 010141
CF6MKN
PRELIMINARY LOCAL CLIMATOLOGICAL DATA (WS FORM: F-6)
STATION: COMANCHE
MONTH: DECEMBER
YEAR: 2020
LATITUDE: 31 55 N
LONGITUDE: 98 36 W
TEMPERATURE IN F: :PCPN: SNOW: WIND :SUNSHINE: SKY :PK WND
================================================================================
1 2 3 4 5 6A 6B 7 8 9 10 11 12 13 14 15 16 17 18
12Z AVG MX 2MIN
DY MAX MIN AVG DEP HDD CDD WTR SNW DPTH SPD SPD DIR MIN PSBL S-S WX SPD DR
================================================================================
1 63 32 48 M 17 0 0.00 M M 12.8 20 190 M M 0 28 210
2 54 34 44 M 21 0 0.00 M M 10.2 22 330 M M 1 28 330
3 46 33 40 M 25 0 0.00 M M 11.1 17 340 M M 8 25 310
4 58 31 45 M 20 0 0.00 M M 3.7 9 320 M M 0 M M
5 62 33 48 M 17 0 M M M 1.4 6 310 M M 4 M M
6 61 42 52 M 13 0 0.00 M M 8.8 16 350 M M 2 23 340
7 66 33 50 M 15 0 0.00 M M 4.7 10 360 M M 0 M M
8 74 36 55 M 10 0 0.00 M M 4.4 10 330 M M 0 M M
9 78 37 58 M 7 0 0.00 M M 5.7 9 210 M M 0 M M
10 79 43 61 M 4 0 0.00 M M 9.3 18 190 M M 0 22 180
11 72 44 58 M 7 0 0.18 M M 6.3 18 200 M M 5 24 200
12 56 35 46 M 19 0 0.00 M M 5.8 10 10 M M 1 M M
13 44 33 39 M 26 0 0.14 M M 11.3 27 350 M M 9 1 35 350
14 49 26 38 M 27 0 0.00 M M 5.9 9 100 M M 0 M M
15 59 33 46 M 19 0 0.00 M M 9.2 16 330 M M 4 1 24 300
16 51 27 39 M 26 0 0.00 M M 6.8 15 320 M M 0 23 320
17 63 28 46 M 19 0 0.00 M M 4.9 10 170 M M 0 9 150
18 62 38 50 M 15 0 0.00 M M 13.0 25 180 M M 4 30 180
19 60 43 52 M 13 0 0.00 M M 6.8 18 330 M M 3 1 29 300
20 65 32 49 M 16 0 0.00 M M 3.9 9 320 M M 0 M M
21 72 37 55 M 10 0 0.00 M M 4.4 9 200 M M 0 16 260
22 71 40 56 M 9 0 0.00 M M 11.6 22 190 M M 2 33 200
23 70 34 52 M 13 0 0.00 M M 17.6 32 360 M M 1 40 360
24 55 27 41 M 24 0 0.00 M M 10.9 17 280 M M 0 28 310
25 68 32 50 M 15 0 0.00 M M 5.3 12 250 M M 0 M M
26 70 38 54 M 11 0 0.00 M M 11.8 23 210 M M 0 29 220
27 75 49 62 M 3 0 0.00 M M 11.1 21 240 M M 0 33 240
28 59 43 51 M 14 0 0.00 M M 5.1 9 100 M M 6 1 16 110
29 69 54 62 M 3 0 0.05 M M 15.6 24 150 M M 10 1 31 150
30 62 37 50 M 15 0 0.09 M M 13.7 22 340 M M 10 29 140
31 37 32 35 M 30 0 1.58 M M 14.4 21 360 M M 10 77 350
================================================================================
SM 1930 1116 483 0 2.04 M 267.6 M 80
================================================================================
AV 62.3 36.0 8.6 FASTST M M 3 MAX(MPH)
MISC ----> 32 360 77 350
================================================================================
NOTES:
# LAST OF SEVERAL OCCURRENCES
COLUMN 17 PEAK WIND IN M.P.H.
PRELIMINARY LOCAL CLIMATOLOGICAL DATA (WS FORM: F-6) , PAGE 2
STATION: COMANCHE
MONTH: DECEMBER
YEAR: 2020
LATITUDE: 31 55 N
LONGITUDE: 98 36 W
[TEMPERATURE DATA] [PRECIPITATION DATA] SYMBOLS USED IN COLUMN 16
AVERAGE MONTHLY: 49.1 TOTAL FOR MONTH: 2.04 1 = FOG OR MIST
DPTR FM NORMAL: 0.0 DPTR FM NORMAL: 0.52 2 = FOG REDUCING VISIBILITY
HIGHEST: 79 ON 10 GRTST 24HR 1.58 ON 31-31 TO 1/4 MILE OR LESS
LOWEST: 26 ON 14 3 = THUNDER
SNOW, ICE PELLETS, HAIL 4 = ICE PELLETS
TOTAL MONTH: M 5 = HAIL
GRTST 24HR M ON M 6 = FREEZING RAIN OR DRIZZLE
GRTST DEPTH: M ON M 7 = DUSTSTORM OR SANDSTORM:
VSBY 1/2 MILE OR LESS
8 = SMOKE OR HAZE
[NO. OF DAYS WITH] [WEATHER - DAYS WITH] 9 = BLOWING SNOW
X = TORNADO
MAX 32 OR BELOW: 0 0.01 INCH OR MORE: 5
MAX 90 OR ABOVE: 0 0.10 INCH OR MORE: 3
MIN 32 OR BELOW: 9 0.50 INCH OR MORE: 1
MIN 0 OR BELOW: 0 1.00 INCH OR MORE: 1
[HDD (BASE 65) ]
TOTAL THIS MO. 483 CLEAR (SCALE 0-3) 20
DPTR FM NORMAL M PTCLDY (SCALE 4-7) 7
TOTAL FM JUL 1 797 CLOUDY (SCALE 8-10) 4
DPTR FM NORMAL M
[CDD (BASE 65) ]
TOTAL THIS MO. 0
DPTR FM NORMAL M [PRESSURE DATA]
TOTAL FM JAN 1 2598 HIGHEST SLP M ON M
DPTR FM NORMAL M LOWEST SLP M ON M
[REMARKS]
#FINAL-12-20#